{"id":702639,"date":"2025-08-27T15:17:57","date_gmt":"2025-08-27T12:17:57","guid":{"rendered":"https:\/\/roveyayinevi.com.tr\/index.php\/urun\/oy-markus-oy\/"},"modified":"2026-04-16T02:11:48","modified_gmt":"2026-04-15T23:11:48","slug":"oy-markus-oy","status":"publish","type":"product","link":"https:\/\/roveyayinevi.com.tr\/index.php\/urun\/oy-markus-oy\/","title":{"rendered":"Oy, Markus, Oy!"},"content":{"rendered":"<p>\u0130ngiliz hik\u00e2yeleri serisinin son kitab\u0131d\u0131r. \u0130lk kitaplardaki kahramanlar\u0131n yerini torunlar\u0131 al\u0131r. &#8220;Tuhaf bir ki\u015fi Markus. Markus&#8217;u sevenler olur, sevmeyenler olur. Okurun Markus&#8217;un ki\u015fili\u011fini yorumlamas\u0131n\u0131n d\u0131\u015f\u0131nda ve de\u011fi\u015fik bir \u00f6zelli\u011fi var benim i\u00e7in. Hayat\u0131m\u0131n Regina&#8217;y\u0131 kaybettikten sonraki bir y\u0131la yakla\u015f\u0131k en m\u00fc\u015fk\u00fcl zaman\u0131 i\u00e7inde ya\u015fayabilmeme yard\u0131mc\u0131 oldu bana Markus.<\/p>\n","protected":false},"excerpt":{"rendered":"<p>\u0130ngiliz hik\u00e2yeleri serisinin son kitab\u0131d\u0131r. \u0130lk kitaplardaki kahramanlar\u0131n yerini torunlar\u0131 al\u0131r. &#8220;Tuhaf bir ki\u015fi Markus. Markus&#8217;u sevenler olur, sevmeyenler olur. Okurun Markus&#8217;un ki\u015fili\u011fini yorumlamas\u0131n\u0131n d\u0131\u015f\u0131nda ve<span class=\"excerpt-hellip\"> [\u2026]<\/span><\/p>\n","protected":false},"featured_media":0,"template":"","meta":{"_monsterinsights_skip_tracking":false,"_monsterinsights_sitenote_active":false,"_monsterinsights_sitenote_note":"","_monsterinsights_sitenote_category":0},"product_brand":[],"product_cat":[12291,13570],"product_tag":[],"class_list":{"0":"post-702639","1":"product","2":"type-product","3":"status-publish","5":"product_cat-edebiyat","6":"product_cat-rus-edebiyati","7":"pa_cilt-ciltsiz","8":"pa_tur-kitap","9":"pa_yayinevi-otuken-nesriyat","10":"pa_yazar-cengiz-dagci","12":"first","13":"instock","14":"sale","15":"shipping-taxable","16":"purchasable","17":"product-type-simple"},"_links":{"self":[{"href":"https:\/\/roveyayinevi.com.tr\/index.php\/wp-json\/wp\/v2\/product\/702639","targetHints":{"allow":["GET"]}}],"collection":[{"href":"https:\/\/roveyayinevi.com.tr\/index.php\/wp-json\/wp\/v2\/product"}],"about":[{"href":"https:\/\/roveyayinevi.com.tr\/index.php\/wp-json\/wp\/v2\/types\/product"}],"wp:attachment":[{"href":"https:\/\/roveyayinevi.com.tr\/index.php\/wp-json\/wp\/v2\/media?parent=702639"}],"wp:term":[{"taxonomy":"product_brand","embeddable":true,"href":"https:\/\/roveyayinevi.com.tr\/index.php\/wp-json\/wp\/v2\/product_brand?post=702639"},{"taxonomy":"product_cat","embeddable":true,"href":"https:\/\/roveyayinevi.com.tr\/index.php\/wp-json\/wp\/v2\/product_cat?post=702639"},{"taxonomy":"product_tag","embeddable":true,"href":"https:\/\/roveyayinevi.com.tr\/index.php\/wp-json\/wp\/v2\/product_tag?post=702639"}],"curies":[{"name":"wp","href":"https:\/\/api.w.org\/{rel}","templated":true}]}}