{"id":702636,"date":"2025-08-27T15:17:51","date_gmt":"2025-08-27T12:17:51","guid":{"rendered":"https:\/\/roveyayinevi.com.tr\/index.php\/urun\/anadolunun-tarihi-cografyasina-giris-1\/"},"modified":"2026-04-16T02:11:48","modified_gmt":"2026-04-15T23:11:48","slug":"anadolunun-tarihi-cografyasina-giris-1","status":"publish","type":"product","link":"https:\/\/roveyayinevi.com.tr\/index.php\/urun\/anadolunun-tarihi-cografyasina-giris-1\/","title":{"rendered":"Anadolu&#8217;nun Tarihi Co\u011frafyas\u0131na Giri\u015f -1"},"content":{"rendered":"<p>Bu kitab\u0131n m\u00fcellifi, tarih kadar, tarih\u00ee olaylar\u0131n \u00fczerinde cereyan etti\u011fi co\u011frafyay\u0131 da merak etti\u011finden \u00fcniversite tahsili s\u0131ras\u0131nda (1962-1966) Ord. Prof. Besim Darkot (1903-1990)\u2019un 1963-1965 y\u0131llar\u0131nda talebesi olmu\u015f, hatta \u201cK\u00f6kboya\u201d \u00fczerindeki ilk ilm\u00ee makalesi \u0130\u00dc Co\u011frafya Enstit\u00fcs\u00fc Dergisi\u2019nde \u00e7\u0131km\u0131\u015ft\u0131r (1964). Co\u011frafya ve onun tarihle ilgisini o zamandan beri merak etmi\u015f ve ara\u015ft\u0131rm\u0131\u015ft\u0131r. <\/p>\n","protected":false},"excerpt":{"rendered":"<p>Bu kitab\u0131n m\u00fcellifi, tarih kadar, tarih\u00ee olaylar\u0131n \u00fczerinde cereyan etti\u011fi co\u011frafyay\u0131 da merak etti\u011finden \u00fcniversite tahsili s\u0131ras\u0131nda (1962-1966) Ord. Prof. Besim Darkot (1903-1990)\u2019un 1963-1965 y\u0131llar\u0131nda talebesi<span class=\"excerpt-hellip\"> [\u2026]<\/span><\/p>\n","protected":false},"featured_media":0,"template":"","meta":{"_monsterinsights_skip_tracking":false,"_monsterinsights_sitenote_active":false,"_monsterinsights_sitenote_note":"","_monsterinsights_sitenote_category":0},"product_brand":[],"product_cat":[12370,12304],"product_tag":[],"class_list":{"0":"post-702636","1":"product","2":"type-product","3":"status-publish","5":"product_cat-arastirma-inceleme","6":"product_cat-tarih","7":"pa_cilt-ciltsiz","8":"pa_tur-kitap","9":"pa_yayinevi-bilge-kultur-sanat","10":"pa_yazar-tuncer-baykara","12":"first","13":"instock","14":"sale","15":"shipping-taxable","16":"purchasable","17":"product-type-simple"},"_links":{"self":[{"href":"https:\/\/roveyayinevi.com.tr\/index.php\/wp-json\/wp\/v2\/product\/702636","targetHints":{"allow":["GET"]}}],"collection":[{"href":"https:\/\/roveyayinevi.com.tr\/index.php\/wp-json\/wp\/v2\/product"}],"about":[{"href":"https:\/\/roveyayinevi.com.tr\/index.php\/wp-json\/wp\/v2\/types\/product"}],"wp:attachment":[{"href":"https:\/\/roveyayinevi.com.tr\/index.php\/wp-json\/wp\/v2\/media?parent=702636"}],"wp:term":[{"taxonomy":"product_brand","embeddable":true,"href":"https:\/\/roveyayinevi.com.tr\/index.php\/wp-json\/wp\/v2\/product_brand?post=702636"},{"taxonomy":"product_cat","embeddable":true,"href":"https:\/\/roveyayinevi.com.tr\/index.php\/wp-json\/wp\/v2\/product_cat?post=702636"},{"taxonomy":"product_tag","embeddable":true,"href":"https:\/\/roveyayinevi.com.tr\/index.php\/wp-json\/wp\/v2\/product_tag?post=702636"}],"curies":[{"name":"wp","href":"https:\/\/api.w.org\/{rel}","templated":true}]}}

Anadolu&#8217;nun Tarihi Coğrafyasına Giriş -1

<p>Bu kitabın müellifi, tarih kadar, tarihî olayların üzerinde cereyan ettiği coğrafyayı da merak ettiğinden üniversite tahsili sırasında (1962-1966) Ord. Prof. Besim Darkot (1903-1990)’un 1963-1965 yıllarında talebesi olmuş, hatta “Kökboya” üzerindeki ilk ilmî makalesi İÜ Coğrafya Enstitüsü Dergisi’nde çıkmıştır (1964). Coğrafya ve onun tarihle ilgisini o zamandan beri merak etmiş ve araştırmıştır. </p>

<p>Bu kitabın müellifi, tarih kadar, tarihî olayların üzerinde cereyan ettiği coğrafyayı da merak ettiğinden üniversite tahsili sırasında (1962-1966) Ord. Prof. Besim Darkot (1903-1990)’un 1963-1965 yıllarında talebesi<span class="excerpt-hellip"> […]</span></p>
