{"id":702627,"date":"2025-08-27T15:17:47","date_gmt":"2025-08-27T12:17:47","guid":{"rendered":"https:\/\/roveyayinevi.com.tr\/index.php\/urun\/germinal-4\/"},"modified":"2026-04-16T02:11:48","modified_gmt":"2026-04-15T23:11:48","slug":"germinal-4","status":"publish","type":"product","link":"https:\/\/roveyayinevi.com.tr\/index.php\/urun\/germinal-4\/","title":{"rendered":"Germinal"},"content":{"rendered":"<p>Adam bunun bir maden oca\u011f\u0131 oldu\u011funu s\u00f6ylemi\u015fti. Yine de bir eziklik olmu\u015ftu i\u00e7inde Ne i\u015fe yarard\u0131 ki? Burada bir i\u015f bulmayacakt\u0131. sonu\u00e7ta. Binalara do\u011fru gidece\u011fine. Oca\u011f\u0131n yan\u0131ndaki c\u00fcruf y\u0131\u011f\u0131n\u0131na do\u011fru y\u00fcr\u00fcd\u00fc. Burada \u00fc\u00e7 demir potan\u0131n i\u00e7inde \u00e7al\u0131\u015fma sahas\u0131n\u0131 ayd\u0131nlat\u0131p \u0131s\u0131ts\u0131n diye maden k\u00f6m\u00fcr\u00fc yak\u0131lm\u0131\u015ft\u0131. Topra\u011f\u0131 kazan i\u015f\u00e7iler ge\u00e7 vakde kadar \u00e7al\u0131\u015fm\u0131\u015f olmal\u0131yd\u0131lar. hala moloz \u00e7\u0131kar\u0131l\u0131yordu. \u015eimdi, adam ate\u015fin ayd\u0131nl\u0131\u011f\u0131nda, k\u00f6m\u00fcr y\u00fckl\u00fc k\u00fc\u00e7\u00fck vagonlar\u0131 bo\u015faltan i\u015f\u00e7ilerin g\u00f6lgelerini g\u00f6r\u00fcyordu. \u0130\u00e7inde ate\u015f yanan bu kaplardan birine yakla\u015farak:  G\u00fcnayd\u0131n.  dedi. <\/p>\n","protected":false},"excerpt":{"rendered":"<p>Adam bunun bir maden oca\u011f\u0131 oldu\u011funu s\u00f6ylemi\u015fti. Yine de bir eziklik olmu\u015ftu i\u00e7inde Ne i\u015fe yarard\u0131 ki? Burada bir i\u015f bulmayacakt\u0131. sonu\u00e7ta. Binalara do\u011fru gidece\u011fine. Oca\u011f\u0131n<span class=\"excerpt-hellip\"> [\u2026]<\/span><\/p>\n","protected":false},"featured_media":0,"template":"","meta":{"_monsterinsights_skip_tracking":false,"_monsterinsights_sitenote_active":false,"_monsterinsights_sitenote_note":"","_monsterinsights_sitenote_category":0},"product_brand":[],"product_cat":[12291,13376],"product_tag":[],"class_list":{"0":"post-702627","1":"product","2":"type-product","3":"status-publish","5":"product_cat-edebiyat","6":"product_cat-fransiz-edebiyati","7":"pa_tur-kitap","8":"pa_yayinevi-anonim-yayincilik","9":"pa_yazar-emile-zola","11":"first","12":"instock","13":"sale","14":"shipping-taxable","15":"purchasable","16":"product-type-simple"},"_links":{"self":[{"href":"https:\/\/roveyayinevi.com.tr\/index.php\/wp-json\/wp\/v2\/product\/702627","targetHints":{"allow":["GET"]}}],"collection":[{"href":"https:\/\/roveyayinevi.com.tr\/index.php\/wp-json\/wp\/v2\/product"}],"about":[{"href":"https:\/\/roveyayinevi.com.tr\/index.php\/wp-json\/wp\/v2\/types\/product"}],"wp:attachment":[{"href":"https:\/\/roveyayinevi.com.tr\/index.php\/wp-json\/wp\/v2\/media?parent=702627"}],"wp:term":[{"taxonomy":"product_brand","embeddable":true,"href":"https:\/\/roveyayinevi.com.tr\/index.php\/wp-json\/wp\/v2\/product_brand?post=702627"},{"taxonomy":"product_cat","embeddable":true,"href":"https:\/\/roveyayinevi.com.tr\/index.php\/wp-json\/wp\/v2\/product_cat?post=702627"},{"taxonomy":"product_tag","embeddable":true,"href":"https:\/\/roveyayinevi.com.tr\/index.php\/wp-json\/wp\/v2\/product_tag?post=702627"}],"curies":[{"name":"wp","href":"https:\/\/api.w.org\/{rel}","templated":true}]}}