{"id":702625,"date":"2025-08-27T15:17:46","date_gmt":"2025-08-27T12:17:46","guid":{"rendered":"https:\/\/roveyayinevi.com.tr\/index.php\/urun\/beyaz-geceler-5\/"},"modified":"2026-04-16T02:11:48","modified_gmt":"2026-04-15T23:11:48","slug":"beyaz-geceler-5","status":"publish","type":"product","link":"https:\/\/roveyayinevi.com.tr\/index.php\/urun\/beyaz-geceler-5\/","title":{"rendered":"Beyaz Geceler"},"content":{"rendered":"<p>Sadelik kad\u0131nlar\u0131n ho\u015funa gider. Aptla de\u011filse ya da bir \u015feye can\u0131 \u00e7ok s\u0131k\u0131lm\u0131\u015fsa, y\u00fcrek ta\u015f\u0131yan her kad\u0131n sizin b\u00f6yle \u00e7ekinerek iki \u00e7ift s\u00f6z\u00fc esirgemedi sizden&#8230; Yine de siz benim s\u00f6ylediklerime bakmay\u0131n,Kim bilir sizi de deli filanda sanabilirler. Ben demin kendi d\u00fc\u015f\u00fcnd\u00fcklerimi s\u00f6yledim. \u00c7\u00fcnk\u00fc yery\u00fcz\u00fcnde insanlar\u0131n nas\u0131l ya\u015fad\u0131klar\u0131n\u0131 bilirim. \u00e7ok \u015fey g\u00f6rs\u00fcm, ge\u00e7irdim!    Oh \u00e7ok te\u015fekk\u00fcr ederim! Benim i\u00e7in ne b\u00fcy\u00fck bir iyilik yapt\u0131n\u0131z bilemezsiniz. <\/p>\n","protected":false},"excerpt":{"rendered":"<p>Sadelik kad\u0131nlar\u0131n ho\u015funa gider. Aptla de\u011filse ya da bir \u015feye can\u0131 \u00e7ok s\u0131k\u0131lm\u0131\u015fsa, y\u00fcrek ta\u015f\u0131yan her kad\u0131n sizin b\u00f6yle \u00e7ekinerek iki \u00e7ift s\u00f6z\u00fc esirgemedi sizden&#8230; Yine<span class=\"excerpt-hellip\"> [\u2026]<\/span><\/p>\n","protected":false},"featured_media":0,"template":"","meta":{"_monsterinsights_skip_tracking":false,"_monsterinsights_sitenote_active":false,"_monsterinsights_sitenote_note":"","_monsterinsights_sitenote_category":0},"product_brand":[],"product_cat":[12291,13570],"product_tag":[],"class_list":{"0":"post-702625","1":"product","2":"type-product","3":"status-publish","5":"product_cat-edebiyat","6":"product_cat-rus-edebiyati","7":"pa_tur-kitap","8":"pa_yayinevi-anonim-yayincilik","9":"pa_yazar-fyodor-mihaylovic-dostoyevski","11":"first","12":"instock","13":"sale","14":"shipping-taxable","15":"purchasable","16":"product-type-simple"},"_links":{"self":[{"href":"https:\/\/roveyayinevi.com.tr\/index.php\/wp-json\/wp\/v2\/product\/702625","targetHints":{"allow":["GET"]}}],"collection":[{"href":"https:\/\/roveyayinevi.com.tr\/index.php\/wp-json\/wp\/v2\/product"}],"about":[{"href":"https:\/\/roveyayinevi.com.tr\/index.php\/wp-json\/wp\/v2\/types\/product"}],"wp:attachment":[{"href":"https:\/\/roveyayinevi.com.tr\/index.php\/wp-json\/wp\/v2\/media?parent=702625"}],"wp:term":[{"taxonomy":"product_brand","embeddable":true,"href":"https:\/\/roveyayinevi.com.tr\/index.php\/wp-json\/wp\/v2\/product_brand?post=702625"},{"taxonomy":"product_cat","embeddable":true,"href":"https:\/\/roveyayinevi.com.tr\/index.php\/wp-json\/wp\/v2\/product_cat?post=702625"},{"taxonomy":"product_tag","embeddable":true,"href":"https:\/\/roveyayinevi.com.tr\/index.php\/wp-json\/wp\/v2\/product_tag?post=702625"}],"curies":[{"name":"wp","href":"https:\/\/api.w.org\/{rel}","templated":true}]}}