{"id":702623,"date":"2025-08-27T15:17:46","date_gmt":"2025-08-27T12:17:46","guid":{"rendered":"https:\/\/roveyayinevi.com.tr\/index.php\/urun\/herdem-oyku-siir-deneme-antolojisi\/"},"modified":"2026-04-16T02:11:48","modified_gmt":"2026-04-15T23:11:48","slug":"herdem-oyku-siir-deneme-antolojisi","status":"publish","type":"product","link":"https:\/\/roveyayinevi.com.tr\/index.php\/urun\/herdem-oyku-siir-deneme-antolojisi\/","title":{"rendered":"Herdem \u00d6yk\u00fc &#8211; \u015eiir &#8211; Deneme Antolojisi"},"content":{"rendered":"<p>Ali G\u00fcnay, Ali R\u0131za \u00dcmran, Ark\u0131n Geli\u015fin, Asena G\u00fcls\u00fcm G\u00fcne\u015f, Ayd\u0131n Atasoy, Ay\u015feg\u00fcl Kocab\u0131\u00e7ak, Baran A\u015f\u0131khasano\u011flu, Bar\u0131\u015f \u00c7elimli, Bar\u0131\u015f T\u00fcrk, Bilge \u00d6ng\u00f6re, Canan Al, Cansu Koca, Celal Abbas Nas, Do\u011fancan Akdemir, Fahrettin Durdahano\u011flu, Ferda Balkaya \u00c7etin, F\u0131rat K\u0131z\u0131ltu\u011f, Gizem Emul, G\u00fclnihal \u00d6zkan, Hakan \u015eehirli, Hasan Kaya, Hasan Se\u00e7kin, Hasan Sertkaya, Hasan Varol, Havva K\u0131l\u0131\u00e7, Hikmet Erdem, H\u00fcseyin Aslan, H\u00fcseyin Sakarya, H\u00fcseyin Otur, \u0130lhan G\u00f6kalp Durmu\u015f, \u0130smail Cem \u00d6zkan, \u0130smail \u00c7olak, Mahmut Ecer, Maide Bayraktar, Mustafa K\u00fc\u00e7\u00fck\u015fahin, Nimet G\u00fclce Tunaboylu, Nuray \u00dcst\u00fcnda\u011f, Nurten Aras, Osman Akyol, \u00d6. Bilge \u00dcreyen, \u00d6zg\u00fcr Deniz Karakaya, Rahmi Eme\u00e7, R\u00fczgar Azad, Sel\u00e7uk Akb\u0131y\u0131k, Selda Davran, Serdar \u00c7olak, S\u0131ma Sar\u0131, \u015eaban Ba\u011fc\u0131, \u015eenol Al\u00e7\u0131nkaya, T\u00fcrkan Kebeci, U\u011fur M\u0131sta\u00e7o\u011flu, Yunus Karatay, Zeynep \u00dclker S\u00fcl\u00fcn\u2019\u00fcn \u015fiir, \u00f6yk\u00fc ve denemeleriyle Dostluk ve Dayan\u0131\u015fma ilkesine ba\u011fl\u0131 olarak \u00e7\u0131kart\u0131lm\u0131\u015f bir eser\u2026 <\/p>\n","protected":false},"excerpt":{"rendered":"<p>Ali G\u00fcnay, Ali R\u0131za \u00dcmran, Ark\u0131n Geli\u015fin, Asena G\u00fcls\u00fcm G\u00fcne\u015f, Ayd\u0131n Atasoy, Ay\u015feg\u00fcl Kocab\u0131\u00e7ak, Baran A\u015f\u0131khasano\u011flu, Bar\u0131\u015f \u00c7elimli, Bar\u0131\u015f T\u00fcrk, Bilge \u00d6ng\u00f6re, Canan Al, Cansu Koca,<span class=\"excerpt-hellip\"> [\u2026]<\/span><\/p>\n","protected":false},"featured_media":0,"template":"","meta":{"_monsterinsights_skip_tracking":false,"_monsterinsights_sitenote_active":false,"_monsterinsights_sitenote_note":"","_monsterinsights_sitenote_category":0},"product_brand":[],"product_cat":[12291,12292],"product_tag":[],"class_list":{"0":"post-702623","1":"product","2":"type-product","3":"status-publish","5":"product_cat-edebiyat","6":"product_cat-turk-edebiyati","7":"pa_tur-kitap","8":"pa_yayinevi-herdem-kitap","9":"pa_yazar-kolektif","11":"first","12":"instock","13":"sale","14":"shipping-taxable","15":"purchasable","16":"product-type-simple"},"_links":{"self":[{"href":"https:\/\/roveyayinevi.com.tr\/index.php\/wp-json\/wp\/v2\/product\/702623","targetHints":{"allow":["GET"]}}],"collection":[{"href":"https:\/\/roveyayinevi.com.tr\/index.php\/wp-json\/wp\/v2\/product"}],"about":[{"href":"https:\/\/roveyayinevi.com.tr\/index.php\/wp-json\/wp\/v2\/types\/product"}],"wp:attachment":[{"href":"https:\/\/roveyayinevi.com.tr\/index.php\/wp-json\/wp\/v2\/media?parent=702623"}],"wp:term":[{"taxonomy":"product_brand","embeddable":true,"href":"https:\/\/roveyayinevi.com.tr\/index.php\/wp-json\/wp\/v2\/product_brand?post=702623"},{"taxonomy":"product_cat","embeddable":true,"href":"https:\/\/roveyayinevi.com.tr\/index.php\/wp-json\/wp\/v2\/product_cat?post=702623"},{"taxonomy":"product_tag","embeddable":true,"href":"https:\/\/roveyayinevi.com.tr\/index.php\/wp-json\/wp\/v2\/product_tag?post=702623"}],"curies":[{"name":"wp","href":"https:\/\/api.w.org\/{rel}","templated":true}]}}