{"id":702611,"date":"2025-08-27T15:17:41","date_gmt":"2025-08-27T12:17:41","guid":{"rendered":"https:\/\/roveyayinevi.com.tr\/index.php\/urun\/kuranin-elestirisi-3\/"},"modified":"2026-04-16T02:11:47","modified_gmt":"2026-04-15T23:11:47","slug":"kuranin-elestirisi-3","status":"publish","type":"product","link":"https:\/\/roveyayinevi.com.tr\/index.php\/urun\/kuranin-elestirisi-3\/","title":{"rendered":"Kur\u2019an\u2019\u0131n Ele\u015ftirisi 3"},"content":{"rendered":"<p>Prof. Dr. \u0130lhan Arsel bu kitab\u0131nda bilimsellik a\u00e7\u0131s\u0131ndan Kur\u2019an\u2019\u0131 ele almaktad\u0131r.  Semavi Dinlerin \u2018Kutsal\u2019 Bilinen Kitaplar\u0131  altba\u015fl\u0131\u011f\u0131yla yay\u0131mlanan dizinin bu d\u00f6rd\u00fcnc\u00fc kitab\u0131nda ele al\u0131nan baz\u0131 konu ba\u015fl\u0131klar\u0131 \u015funlard\u0131r:  Muhammed\u2019in G\u00fcnl\u00fck Siyaset ve Ya\u015fam Gereksinimlerinin Kitab\u0131 Olarak Kur\u2019an ,  El\u00e7i\u2019lik \u0130\u015finin Muhummad\u2019e kazand\u0131rd\u0131klar\u0131: \u2018\u0130slam\u0131 Korku Salan, Zorlayan ve Cezaland\u0131ran Bir G\u00fc\u00e7 Olarak Uygulama Siyaseti! ,  Kur\u2019an\u2019da, \u2018\u015eu\u2019ayb Peygamber\u2019le ilgili Yanl\u0131\u015flar ,  Kur\u2019an\u2019da, G\u00f6\u011f\u00fcn ve Yerin Yarat\u0131l\u0131\u015f\u0131yla \u0130lgili Ayetlerdeki Uyumsuzluklar,  K\u0131blenin Kud\u00fcs\u2019e ya da Ka\u2019be\u2019ye Y\u00f6nelik Olmas\u0131yla \u0130lgili Ayetler\u2019 ,  Ay\u2019\u0131n \u2018M\u00fcnir\u2019 (Nurland\u0131ran) ve G\u00fcne\u015f\u2019e \u00dcst\u00fcn Oldu\u011funa \u0130nanm\u0131\u015fl\u0131k Konusundaki Yanl\u0131\u015flar! ,  D\u00fcnya Nimetlerini Bazen \u2018K\u00f6t\u00fc\u2019, Bazen de \u2018Cazip \u015eeylermi\u015f Gibi G\u00f6sterme Siyasetinin Kur\u2019an\u2019daki Temeli!  Yazar,  kutsal  bilinen kitaplarda anlat\u0131lagelen ak\u0131l ve bilim d\u0131\u015f\u0131 olgular\u0131 inceleyip tart\u0131\u015fmakta ve ele\u015ftirilerini bu kaynaklara dayand\u0131rmaktad\u0131r. <\/p>\n","protected":false},"excerpt":{"rendered":"<p>Prof. Dr. \u0130lhan Arsel bu kitab\u0131nda bilimsellik a\u00e7\u0131s\u0131ndan Kur\u2019an\u2019\u0131 ele almaktad\u0131r. Semavi Dinlerin \u2018Kutsal\u2019 Bilinen Kitaplar\u0131 altba\u015fl\u0131\u011f\u0131yla yay\u0131mlanan dizinin bu d\u00f6rd\u00fcnc\u00fc kitab\u0131nda ele al\u0131nan baz\u0131 konu<span class=\"excerpt-hellip\"> [\u2026]<\/span><\/p>\n","protected":false},"featured_media":0,"template":"","meta":{"_monsterinsights_skip_tracking":false,"_monsterinsights_sitenote_active":false,"_monsterinsights_sitenote_note":"","_monsterinsights_sitenote_category":0},"product_brand":[],"product_cat":[16789,12718,12719],"product_tag":[],"class_list":{"0":"post-702611","1":"product","2":"type-product","3":"status-publish","5":"product_cat-diger-islam","6":"product_cat-din","7":"product_cat-islam","8":"pa_tur-kitap","9":"pa_yayinevi-kaynak-yayinlari","10":"pa_yazar-ilhan-arsel","12":"first","13":"instock","14":"sale","15":"shipping-taxable","16":"purchasable","17":"product-type-simple"},"_links":{"self":[{"href":"https:\/\/roveyayinevi.com.tr\/index.php\/wp-json\/wp\/v2\/product\/702611","targetHints":{"allow":["GET"]}}],"collection":[{"href":"https:\/\/roveyayinevi.com.tr\/index.php\/wp-json\/wp\/v2\/product"}],"about":[{"href":"https:\/\/roveyayinevi.com.tr\/index.php\/wp-json\/wp\/v2\/types\/product"}],"wp:attachment":[{"href":"https:\/\/roveyayinevi.com.tr\/index.php\/wp-json\/wp\/v2\/media?parent=702611"}],"wp:term":[{"taxonomy":"product_brand","embeddable":true,"href":"https:\/\/roveyayinevi.com.tr\/index.php\/wp-json\/wp\/v2\/product_brand?post=702611"},{"taxonomy":"product_cat","embeddable":true,"href":"https:\/\/roveyayinevi.com.tr\/index.php\/wp-json\/wp\/v2\/product_cat?post=702611"},{"taxonomy":"product_tag","embeddable":true,"href":"https:\/\/roveyayinevi.com.tr\/index.php\/wp-json\/wp\/v2\/product_tag?post=702611"}],"curies":[{"name":"wp","href":"https:\/\/api.w.org\/{rel}","templated":true}]}}