{"id":702604,"date":"2025-08-27T15:17:39","date_gmt":"2025-08-27T12:17:39","guid":{"rendered":"https:\/\/roveyayinevi.com.tr\/index.php\/urun\/halikarnas-balikcisi\/"},"modified":"2026-04-16T02:11:47","modified_gmt":"2026-04-15T23:11:47","slug":"halikarnas-balikcisi","status":"publish","type":"product","link":"https:\/\/roveyayinevi.com.tr\/index.php\/urun\/halikarnas-balikcisi\/","title":{"rendered":"Halikarnas Bal\u0131k\u00e7\u0131s\u0131"},"content":{"rendered":"<p>Arda&#8217;n\u0131n ailesi bu yaz da tatil i\u00e7in Bodrum&#8217;a gitmeye karar verdiler ve bu y\u0131l ilk defa Mavi Yolculu\u011fa \u00e7\u0131kacaklard\u0131. Arda, annesine sordu: &#8220;Mavi Yolculuk nedir?&#8221; &#8220;Mavi Yolculuk di\u011fer tatil se\u00e7eneklerinden farkl\u0131d\u0131r Arda&#8217;c\u0131\u011f\u0131m.&#8221; diyerek a\u00e7\u0131klamaya ba\u015flad\u0131 annesi. &#8220;\u00d6nce kocaman bir u\u00e7akla bulutlar\u0131n aras\u0131ndan Bodrum&#8217;a u\u00e7aca\u011f\u0131z. Sonra Bodrum&#8217;da bizi bekleyen tekneye binece\u011fiz. Teknenin kaptan\u0131 bizi daha \u00f6nce g\u00f6rmedi\u011fimiz adalara, koylara ve arkeolojik kal\u0131nt\u0131lar\u0131n bulundu\u011fu yerlere g\u00f6t\u00fcrecek. Tur rehberimiz de bize gitti\u011fimiz yerler ile ilgili bilgi verecek.&#8221; Acaba Arda bu tatilde kiminle tan\u0131\u015facak ve nas\u0131l s\u00fcrprizlerle kar\u015f\u0131la\u015facak? <\/p>\n","protected":false},"excerpt":{"rendered":"<p>Arda&#8217;n\u0131n ailesi bu yaz da tatil i\u00e7in Bodrum&#8217;a gitmeye karar verdiler ve bu y\u0131l ilk defa Mavi Yolculu\u011fa \u00e7\u0131kacaklard\u0131. Arda, annesine sordu: &#8220;Mavi Yolculuk nedir?&#8221; &#8220;Mavi<span class=\"excerpt-hellip\"> [\u2026]<\/span><\/p>\n","protected":false},"featured_media":0,"template":"","meta":{"_monsterinsights_skip_tracking":false,"_monsterinsights_sitenote_active":false,"_monsterinsights_sitenote_note":"","_monsterinsights_sitenote_category":0},"product_brand":[],"product_cat":[12913,12274],"product_tag":[],"class_list":{"0":"post-702604","1":"product","2":"type-product","3":"status-publish","5":"product_cat-3-6-yas-kitaplari","6":"product_cat-cocuk-ve-genclik-kitaplari","7":"pa_cilt-ciltsiz","8":"pa_tur-kitap","9":"pa_yayinevi-potikare-yayincilik","10":"pa_yazar-meltem-ulu","12":"first","13":"instock","14":"sale","15":"shipping-taxable","16":"purchasable","17":"product-type-simple"},"_links":{"self":[{"href":"https:\/\/roveyayinevi.com.tr\/index.php\/wp-json\/wp\/v2\/product\/702604","targetHints":{"allow":["GET"]}}],"collection":[{"href":"https:\/\/roveyayinevi.com.tr\/index.php\/wp-json\/wp\/v2\/product"}],"about":[{"href":"https:\/\/roveyayinevi.com.tr\/index.php\/wp-json\/wp\/v2\/types\/product"}],"wp:attachment":[{"href":"https:\/\/roveyayinevi.com.tr\/index.php\/wp-json\/wp\/v2\/media?parent=702604"}],"wp:term":[{"taxonomy":"product_brand","embeddable":true,"href":"https:\/\/roveyayinevi.com.tr\/index.php\/wp-json\/wp\/v2\/product_brand?post=702604"},{"taxonomy":"product_cat","embeddable":true,"href":"https:\/\/roveyayinevi.com.tr\/index.php\/wp-json\/wp\/v2\/product_cat?post=702604"},{"taxonomy":"product_tag","embeddable":true,"href":"https:\/\/roveyayinevi.com.tr\/index.php\/wp-json\/wp\/v2\/product_tag?post=702604"}],"curies":[{"name":"wp","href":"https:\/\/api.w.org\/{rel}","templated":true}]}}

Halikarnas Balıkçısı

<p>Arda&#8217;nın ailesi bu yaz da tatil için Bodrum&#8217;a gitmeye karar verdiler ve bu yıl ilk defa Mavi Yolculuğa çıkacaklardı. Arda, annesine sordu: &#8220;Mavi Yolculuk nedir?&#8221; &#8220;Mavi Yolculuk diğer tatil seçeneklerinden farklıdır Arda&#8217;cığım.&#8221; diyerek açıklamaya başladı annesi. &#8220;Önce kocaman bir uçakla bulutların arasından Bodrum&#8217;a uçacağız. Sonra Bodrum&#8217;da bizi bekleyen tekneye bineceğiz. Teknenin kaptanı bizi daha önce görmediğimiz adalara, koylara ve arkeolojik kalıntıların bulunduğu yerlere götürecek. Tur rehberimiz de bize gittiğimiz yerler ile ilgili bilgi verecek.&#8221; Acaba Arda bu tatilde kiminle tanışacak ve nasıl sürprizlerle karşılaşacak? </p>

<p>Arda&#8217;nın ailesi bu yaz da tatil için Bodrum&#8217;a gitmeye karar verdiler ve bu yıl ilk defa Mavi Yolculuğa çıkacaklardı. Arda, annesine sordu: &#8220;Mavi Yolculuk nedir?&#8221; &#8220;Mavi<span class="excerpt-hellip"> […]</span></p>
