{"id":702603,"date":"2025-08-27T15:17:39","date_gmt":"2025-08-27T12:17:39","guid":{"rendered":"https:\/\/roveyayinevi.com.tr\/index.php\/urun\/dunya-medyasinda-canakkale-savaslari\/"},"modified":"2026-04-16T02:11:47","modified_gmt":"2026-04-15T23:11:47","slug":"dunya-medyasinda-canakkale-savaslari","status":"publish","type":"product","link":"https:\/\/roveyayinevi.com.tr\/index.php\/urun\/dunya-medyasinda-canakkale-savaslari\/","title":{"rendered":"D\u00fcnya Medyas\u0131nda \u00c7anakkale Sava\u015flar\u0131"},"content":{"rendered":"<p>T\u00fcrk tarihinin en \u00f6nemli cephelerinden biri olan \u00c7anakkale Cephesi\u2019ndeki sava\u015f hen\u00fcz televizyon, radyo ve internetin olmad\u0131\u011f\u0131 bir d\u00fcnyada nas\u0131l yank\u0131 bulmu\u015ftu dersiniz? Elbette sadece karada, havada ve denizde olmakla kalmam\u0131\u015f, yaz\u0131l\u0131 bas\u0131n\u0131n sat\u0131rlar\u0131nda ve g\u00f6rsel bas\u0131n\u0131n \u00e7izgilerinde de derin \u00e7at\u0131\u015fmalar ya\u015fanm\u0131\u015ft\u0131.  \u0130\u015fte \u00c7anakkale Sava\u015flar\u0131 ile ilgili d\u00fcnya bas\u0131n\u0131nda yay\u0131nlanm\u0131\u015f s\u00f6z konusu binlerce karikat\u00fcr, propaganda afi\u015fi, ill\u00fcstrasyon ve kartpostal t\u00fcr\u00fc betimlemenin T\u00fcrkiye\u2019yi ilgilendiren sekiz y\u00fczden fazlas\u0131 10 y\u0131ll\u0131k bir \u00e7al\u0131\u015fman\u0131n neticesinde bir araya getiriliyor!  D\u00f6nemin g\u00f6zde medya unsuru gazetelerde yay\u0131nlanan bu g\u00f6rsel zenginlik \u00fczerinden \u0130ttifak ve \u0130tilaf devletlerinin medya cephesindeki sava\u015f\u0131n\u0131 incelemeye ne dersiniz? Bu sava\u015fta silah; k\u0131l\u0131\u00e7tan keskin kalem ve yerinde kullan\u0131ld\u0131\u011f\u0131nda mermiden daha etkili olan foto\u011fraf, karikat\u00fcr, ill\u00fcstrasyon, propaganda afi\u015fi ve kartpostallar olacak! Halil Ersin Avc\u0131\u2019n\u0131n uzun y\u0131llar\u0131n\u0131 verdi\u011fi bu de\u011ferli \u00e7al\u0131\u015fma; kronolojik s\u0131rayla ve T\u00fcrk\u00e7e-\u0130ngilizce a\u00e7\u0131klamalar\u0131yla \u00c7anakkale Sava\u015f\u0131\u2019n\u0131n bamba\u015fka bir y\u00f6n\u00fcn\u00fc evinize ta\u015f\u0131yacak; 100 Y\u0131l \u00d6nce D\u00fcnya Medyas\u0131nda \u00c7anakkale Sava\u015flar\u0131. <\/p>\n","protected":false},"excerpt":{"rendered":"<p>T\u00fcrk tarihinin en \u00f6nemli cephelerinden biri olan \u00c7anakkale Cephesi\u2019ndeki sava\u015f hen\u00fcz televizyon, radyo ve internetin olmad\u0131\u011f\u0131 bir d\u00fcnyada nas\u0131l yank\u0131 bulmu\u015ftu dersiniz? Elbette sadece karada, havada<span class=\"excerpt-hellip\"> [\u2026]<\/span><\/p>\n","protected":false},"featured_media":0,"template":"","meta":{"_monsterinsights_skip_tracking":false,"_monsterinsights_sitenote_active":false,"_monsterinsights_sitenote_note":"","_monsterinsights_sitenote_category":0},"product_brand":[],"product_cat":[12370,12304],"product_tag":[],"class_list":{"0":"post-702603","1":"product","2":"type-product","3":"status-publish","5":"product_cat-arastirma-inceleme","6":"product_cat-tarih","7":"pa_tur-kitap","8":"pa_yayinevi-timas-yayinlari","9":"pa_yazar-halil-ersin-avci","11":"first","12":"instock","13":"sale","14":"shipping-taxable","15":"purchasable","16":"product-type-simple"},"_links":{"self":[{"href":"https:\/\/roveyayinevi.com.tr\/index.php\/wp-json\/wp\/v2\/product\/702603","targetHints":{"allow":["GET"]}}],"collection":[{"href":"https:\/\/roveyayinevi.com.tr\/index.php\/wp-json\/wp\/v2\/product"}],"about":[{"href":"https:\/\/roveyayinevi.com.tr\/index.php\/wp-json\/wp\/v2\/types\/product"}],"wp:attachment":[{"href":"https:\/\/roveyayinevi.com.tr\/index.php\/wp-json\/wp\/v2\/media?parent=702603"}],"wp:term":[{"taxonomy":"product_brand","embeddable":true,"href":"https:\/\/roveyayinevi.com.tr\/index.php\/wp-json\/wp\/v2\/product_brand?post=702603"},{"taxonomy":"product_cat","embeddable":true,"href":"https:\/\/roveyayinevi.com.tr\/index.php\/wp-json\/wp\/v2\/product_cat?post=702603"},{"taxonomy":"product_tag","embeddable":true,"href":"https:\/\/roveyayinevi.com.tr\/index.php\/wp-json\/wp\/v2\/product_tag?post=702603"}],"curies":[{"name":"wp","href":"https:\/\/api.w.org\/{rel}","templated":true}]}}

Dünya Medyasında Çanakkale Savaşları

<p>Türk tarihinin en önemli cephelerinden biri olan Çanakkale Cephesi’ndeki savaş henüz televizyon, radyo ve internetin olmadığı bir dünyada nasıl yankı bulmuştu dersiniz? Elbette sadece karada, havada ve denizde olmakla kalmamış, yazılı basının satırlarında ve görsel basının çizgilerinde de derin çatışmalar yaşanmıştı.  İşte Çanakkale Savaşları ile ilgili dünya basınında yayınlanmış söz konusu binlerce karikatür, propaganda afişi, illüstrasyon ve kartpostal türü betimlemenin Türkiye’yi ilgilendiren sekiz yüzden fazlası 10 yıllık bir çalışmanın neticesinde bir araya getiriliyor!  Dönemin gözde medya unsuru gazetelerde yayınlanan bu görsel zenginlik üzerinden İttifak ve İtilaf devletlerinin medya cephesindeki savaşını incelemeye ne dersiniz? Bu savaşta silah; kılıçtan keskin kalem ve yerinde kullanıldığında mermiden daha etkili olan fotoğraf, karikatür, illüstrasyon, propaganda afişi ve kartpostallar olacak! Halil Ersin Avcı’nın uzun yıllarını verdiği bu değerli çalışma; kronolojik sırayla ve Türkçe-İngilizce açıklamalarıyla Çanakkale Savaşı’nın bambaşka bir yönünü evinize taşıyacak; 100 Yıl Önce Dünya Medyasında Çanakkale Savaşları. </p>

<p>Türk tarihinin en önemli cephelerinden biri olan Çanakkale Cephesi’ndeki savaş henüz televizyon, radyo ve internetin olmadığı bir dünyada nasıl yankı bulmuştu dersiniz? Elbette sadece karada, havada<span class="excerpt-hellip"> […]</span></p>
