{"id":702569,"date":"2025-08-27T15:17:26","date_gmt":"2025-08-27T12:17:26","guid":{"rendered":"https:\/\/roveyayinevi.com.tr\/index.php\/urun\/kucuklerin-buyuk-sorulari-seti-5-kitap-takim\/"},"modified":"2026-04-16T02:11:47","modified_gmt":"2026-04-15T23:11:47","slug":"kucuklerin-buyuk-sorulari-seti-5-kitap-takim","status":"publish","type":"product","link":"https:\/\/roveyayinevi.com.tr\/index.php\/urun\/kucuklerin-buyuk-sorulari-seti-5-kitap-takim\/","title":{"rendered":"K\u00fc\u00e7\u00fcklerin B\u00fcy\u00fck Sorular\u0131 Seti (5 Kitap Tak\u0131m)"},"content":{"rendered":"<p>Miniklerin a\u011fz\u0131ndan b\u00fcy\u00fck sorular ! Her biri 48 sayfadan olu\u015fan 5 kitapl\u0131k harika bir set ! <\/p>\n","protected":false},"excerpt":{"rendered":"<p>Miniklerin a\u011fz\u0131ndan b\u00fcy\u00fck sorular ! Her biri 48 sayfadan olu\u015fan 5 kitapl\u0131k harika bir set !<\/p>\n","protected":false},"featured_media":0,"template":"","meta":{"_monsterinsights_skip_tracking":false,"_monsterinsights_sitenote_active":false,"_monsterinsights_sitenote_note":"","_monsterinsights_sitenote_category":0},"product_brand":[],"product_cat":[12274,18802],"product_tag":[],"class_list":{"0":"post-702569","1":"product","2":"type-product","3":"status-publish","5":"product_cat-cocuk-ve-genclik-kitaplari","6":"product_cat-din-egitimi","7":"pa_tur-kitap","8":"pa_yayinevi-ugurbocegi-yayinlari","9":"pa_yazar-ozkan-oze","11":"first","12":"instock","13":"sale","14":"shipping-taxable","15":"purchasable","16":"product-type-simple"},"_links":{"self":[{"href":"https:\/\/roveyayinevi.com.tr\/index.php\/wp-json\/wp\/v2\/product\/702569","targetHints":{"allow":["GET"]}}],"collection":[{"href":"https:\/\/roveyayinevi.com.tr\/index.php\/wp-json\/wp\/v2\/product"}],"about":[{"href":"https:\/\/roveyayinevi.com.tr\/index.php\/wp-json\/wp\/v2\/types\/product"}],"wp:attachment":[{"href":"https:\/\/roveyayinevi.com.tr\/index.php\/wp-json\/wp\/v2\/media?parent=702569"}],"wp:term":[{"taxonomy":"product_brand","embeddable":true,"href":"https:\/\/roveyayinevi.com.tr\/index.php\/wp-json\/wp\/v2\/product_brand?post=702569"},{"taxonomy":"product_cat","embeddable":true,"href":"https:\/\/roveyayinevi.com.tr\/index.php\/wp-json\/wp\/v2\/product_cat?post=702569"},{"taxonomy":"product_tag","embeddable":true,"href":"https:\/\/roveyayinevi.com.tr\/index.php\/wp-json\/wp\/v2\/product_tag?post=702569"}],"curies":[{"name":"wp","href":"https:\/\/api.w.org\/{rel}","templated":true}]}}