{"id":702545,"date":"2025-08-27T15:17:17","date_gmt":"2025-08-27T12:17:17","guid":{"rendered":"https:\/\/roveyayinevi.com.tr\/index.php\/urun\/pan-islamcinin-macera-kilavuzu-davutoglu-ne-diyor-bir-sey-diyor-mu\/"},"modified":"2026-04-16T02:11:46","modified_gmt":"2026-04-15T23:11:46","slug":"pan-islamcinin-macera-kilavuzu-davutoglu-ne-diyor-bir-sey-diyor-mu","status":"publish","type":"product","link":"https:\/\/roveyayinevi.com.tr\/index.php\/urun\/pan-islamcinin-macera-kilavuzu-davutoglu-ne-diyor-bir-sey-diyor-mu\/","title":{"rendered":"Pan-\u0130slamc\u0131n\u0131n Macera K\u0131lavuzu: Davuto\u011flu Ne Diyor. Bir \u015eey Diyor mu?"},"content":{"rendered":"<p>Ahmet Davuto\u011flu, \u0130slami-muhafazakar muhitin y\u0131ld\u0131z akademisyeni olarak bilindi uzun y\u0131llar. Sonra \u201cbilge\u201d bir D\u0131\u015fi\u015fleri dan\u0131\u015fman\u0131 olarak sahne arkas\u0131na geldi, ard\u0131ndan bizzat D\u0131\u015fi\u015fleri Bakan\u0131 olarak mikrofon \u00f6n\u00fcne \u00e7\u0131kt\u0131 \u2013 derken, Ba\u015fbakan oldu. \u015eimdi, T\u00fcrkiye\u2019ye bir ufuk g\u00f6steriyor, \u201c&#8230;sefere \u00e7\u0131kacak ordulara okunacakm\u0131\u015f gibi hamasetle, kar\u015f\u0131s\u0131na al\u0131p konu\u015fabilse ikna edemeyece\u011fi kimse olamazm\u0131\u015f gibi abart\u0131l\u0131 bir \u00f6zg\u00fcvenle, itiraz edene k\u0131r\u0131laca\u011f\u0131, k\u00fcsece\u011fi, \u00e7ok k\u0131zaca\u011f\u0131 izlenimi uyand\u0131ran bir tutkuyla, 100-200 y\u0131l \u00f6ncesine do\u011fru son s\u00fcrat yol alan bir kervan\u0131n en \u00f6n\u00fcnde, g\u00f6\u011fs\u00fcn\u00fc r\u00fczgara a\u00e7m\u0131\u015f gibi co\u015fkuyla&#8230;\u201d &#8211; \u00dcmit K\u0131van\u00e7\u2019\u0131n tasvir etti\u011fi gibi. <\/p>\n","protected":false},"excerpt":{"rendered":"<p>Ahmet Davuto\u011flu, \u0130slami-muhafazakar muhitin y\u0131ld\u0131z akademisyeni olarak bilindi uzun y\u0131llar. Sonra \u201cbilge\u201d bir D\u0131\u015fi\u015fleri dan\u0131\u015fman\u0131 olarak sahne arkas\u0131na geldi, ard\u0131ndan bizzat D\u0131\u015fi\u015fleri Bakan\u0131 olarak mikrofon \u00f6n\u00fcne<span class=\"excerpt-hellip\"> [\u2026]<\/span><\/p>\n","protected":false},"featured_media":0,"template":"","meta":{"_monsterinsights_skip_tracking":false,"_monsterinsights_sitenote_active":false,"_monsterinsights_sitenote_note":"","_monsterinsights_sitenote_category":0},"product_brand":[],"product_cat":[12304,13493],"product_tag":[],"class_list":{"0":"post-702545","1":"product","2":"type-product","3":"status-publish","5":"product_cat-tarih","6":"product_cat-turkiye-ve-cumhuriyet-tarihi","7":"pa_cilt-ciltsiz","8":"pa_tur-kitap","9":"pa_yayinevi-iletisim-yayinlari","10":"pa_yazar-umit-kivanc","12":"first","13":"instock","14":"sale","15":"shipping-taxable","16":"purchasable","17":"product-type-simple"},"_links":{"self":[{"href":"https:\/\/roveyayinevi.com.tr\/index.php\/wp-json\/wp\/v2\/product\/702545","targetHints":{"allow":["GET"]}}],"collection":[{"href":"https:\/\/roveyayinevi.com.tr\/index.php\/wp-json\/wp\/v2\/product"}],"about":[{"href":"https:\/\/roveyayinevi.com.tr\/index.php\/wp-json\/wp\/v2\/types\/product"}],"wp:attachment":[{"href":"https:\/\/roveyayinevi.com.tr\/index.php\/wp-json\/wp\/v2\/media?parent=702545"}],"wp:term":[{"taxonomy":"product_brand","embeddable":true,"href":"https:\/\/roveyayinevi.com.tr\/index.php\/wp-json\/wp\/v2\/product_brand?post=702545"},{"taxonomy":"product_cat","embeddable":true,"href":"https:\/\/roveyayinevi.com.tr\/index.php\/wp-json\/wp\/v2\/product_cat?post=702545"},{"taxonomy":"product_tag","embeddable":true,"href":"https:\/\/roveyayinevi.com.tr\/index.php\/wp-json\/wp\/v2\/product_tag?post=702545"}],"curies":[{"name":"wp","href":"https:\/\/api.w.org\/{rel}","templated":true}]}}