{"id":702535,"date":"2025-08-27T15:17:13","date_gmt":"2025-08-27T12:17:13","guid":{"rendered":"https:\/\/roveyayinevi.com.tr\/index.php\/urun\/delikli-kitaplar-serisi-yesil-tirtil\/"},"modified":"2026-04-16T02:11:46","modified_gmt":"2026-04-15T23:11:46","slug":"delikli-kitaplar-serisi-yesil-tirtil","status":"publish","type":"product","link":"https:\/\/roveyayinevi.com.tr\/index.php\/urun\/delikli-kitaplar-serisi-yesil-tirtil\/","title":{"rendered":"Delikli Kitaplar Serisi &#8211; Ye\u015fil T\u0131rt\u0131l"},"content":{"rendered":"<p>Ye\u015fil a\u00e7 t\u0131rt\u0131l\u0131n karn\u0131n\u0131 doyurmak i\u00e7in hangi meyve ve sebzeleri denedi\u011fini ve her seferinde hangi hayvan taraf\u0131ndan uyar\u0131ld\u0131\u011f\u0131n\u0131 bu renkli kitapta ke\u015ffedin! Delikli kitaplar, parlak renkli resimleri ile \u00e7ocuklar\u0131 e\u011flendirecek hik\u00e2yeler anlat\u0131rken merakl\u0131 parmaklar ve g\u00f6zler i\u00e7in hik\u00e2ye keyfine \u00fc\u00e7\u00fcnc\u00fc bir boyut ekliyor. <\/p>\n","protected":false},"excerpt":{"rendered":"<p>Ye\u015fil a\u00e7 t\u0131rt\u0131l\u0131n karn\u0131n\u0131 doyurmak i\u00e7in hangi meyve ve sebzeleri denedi\u011fini ve her seferinde hangi hayvan taraf\u0131ndan uyar\u0131ld\u0131\u011f\u0131n\u0131 bu renkli kitapta ke\u015ffedin! Delikli kitaplar, parlak renkli<span class=\"excerpt-hellip\"> [\u2026]<\/span><\/p>\n","protected":false},"featured_media":0,"template":"","meta":{"_monsterinsights_skip_tracking":false,"_monsterinsights_sitenote_active":false,"_monsterinsights_sitenote_note":"","_monsterinsights_sitenote_category":0},"product_brand":[],"product_cat":[12913,12274],"product_tag":[],"class_list":{"0":"post-702535","1":"product","2":"type-product","3":"status-publish","5":"product_cat-3-6-yas-kitaplari","6":"product_cat-cocuk-ve-genclik-kitaplari","7":"pa_cilt-ciltsiz","8":"pa_tur-kitap","9":"pa_yayinevi-potikare-yayincilik","10":"pa_yazar-kolektif","12":"first","13":"instock","14":"sale","15":"shipping-taxable","16":"purchasable","17":"product-type-simple"},"_links":{"self":[{"href":"https:\/\/roveyayinevi.com.tr\/index.php\/wp-json\/wp\/v2\/product\/702535","targetHints":{"allow":["GET"]}}],"collection":[{"href":"https:\/\/roveyayinevi.com.tr\/index.php\/wp-json\/wp\/v2\/product"}],"about":[{"href":"https:\/\/roveyayinevi.com.tr\/index.php\/wp-json\/wp\/v2\/types\/product"}],"wp:attachment":[{"href":"https:\/\/roveyayinevi.com.tr\/index.php\/wp-json\/wp\/v2\/media?parent=702535"}],"wp:term":[{"taxonomy":"product_brand","embeddable":true,"href":"https:\/\/roveyayinevi.com.tr\/index.php\/wp-json\/wp\/v2\/product_brand?post=702535"},{"taxonomy":"product_cat","embeddable":true,"href":"https:\/\/roveyayinevi.com.tr\/index.php\/wp-json\/wp\/v2\/product_cat?post=702535"},{"taxonomy":"product_tag","embeddable":true,"href":"https:\/\/roveyayinevi.com.tr\/index.php\/wp-json\/wp\/v2\/product_tag?post=702535"}],"curies":[{"name":"wp","href":"https:\/\/api.w.org\/{rel}","templated":true}]}}