{"id":702492,"date":"2025-08-27T15:16:58","date_gmt":"2025-08-27T12:16:58","guid":{"rendered":"https:\/\/roveyayinevi.com.tr\/index.php\/urun\/cozum\/"},"modified":"2026-04-16T02:11:45","modified_gmt":"2026-04-15T23:11:45","slug":"cozum","status":"publish","type":"product","link":"https:\/\/roveyayinevi.com.tr\/index.php\/urun\/cozum\/","title":{"rendered":"\u00c7\u00f6z\u00fcm"},"content":{"rendered":"<p>\u00c7\u00f6z\u00fcm s\u00fcreci demek art\u0131k daha fazla gen\u00e7lerimizin \u00f6lmemesi, k\u00f6ylerde, \u015fehirlerde analar\u0131m\u0131z\u0131n a\u011flamamas\u0131, ter\u00f6rle m\u00fccadeleye giden 350 milyar dolar\u0131n milletimize hizmet olarak gitmesi ve sanayile\u015fmek demektir. <\/p>\n","protected":false},"excerpt":{"rendered":"<p>\u00c7\u00f6z\u00fcm s\u00fcreci demek art\u0131k daha fazla gen\u00e7lerimizin \u00f6lmemesi, k\u00f6ylerde, \u015fehirlerde analar\u0131m\u0131z\u0131n a\u011flamamas\u0131, ter\u00f6rle m\u00fccadeleye giden 350 milyar dolar\u0131n milletimize hizmet olarak gitmesi ve sanayile\u015fmek demektir.<\/p>\n","protected":false},"featured_media":0,"template":"","meta":{"_monsterinsights_skip_tracking":false,"_monsterinsights_sitenote_active":false,"_monsterinsights_sitenote_note":"","_monsterinsights_sitenote_category":0},"product_brand":[],"product_cat":[12337,14543],"product_tag":[],"class_list":{"0":"post-702492","1":"product","2":"type-product","3":"status-publish","5":"product_cat-politika-siyaset","6":"product_cat-turkiye-siyaseti-ve-politikasi","7":"pa_cilt-ciltsiz","8":"pa_tur-kitap","9":"pa_yayinevi-astana-yayinlari","10":"pa_yazar-ercan-baysal","12":"first","13":"instock","14":"sale","15":"shipping-taxable","16":"purchasable","17":"product-type-simple"},"_links":{"self":[{"href":"https:\/\/roveyayinevi.com.tr\/index.php\/wp-json\/wp\/v2\/product\/702492","targetHints":{"allow":["GET"]}}],"collection":[{"href":"https:\/\/roveyayinevi.com.tr\/index.php\/wp-json\/wp\/v2\/product"}],"about":[{"href":"https:\/\/roveyayinevi.com.tr\/index.php\/wp-json\/wp\/v2\/types\/product"}],"wp:attachment":[{"href":"https:\/\/roveyayinevi.com.tr\/index.php\/wp-json\/wp\/v2\/media?parent=702492"}],"wp:term":[{"taxonomy":"product_brand","embeddable":true,"href":"https:\/\/roveyayinevi.com.tr\/index.php\/wp-json\/wp\/v2\/product_brand?post=702492"},{"taxonomy":"product_cat","embeddable":true,"href":"https:\/\/roveyayinevi.com.tr\/index.php\/wp-json\/wp\/v2\/product_cat?post=702492"},{"taxonomy":"product_tag","embeddable":true,"href":"https:\/\/roveyayinevi.com.tr\/index.php\/wp-json\/wp\/v2\/product_tag?post=702492"}],"curies":[{"name":"wp","href":"https:\/\/api.w.org\/{rel}","templated":true}]}}