{"id":702489,"date":"2025-08-27T15:16:56","date_gmt":"2025-08-27T12:16:56","guid":{"rendered":"https:\/\/roveyayinevi.com.tr\/index.php\/urun\/dagin-ayla-bulustugu-yer\/"},"modified":"2026-04-03T02:16:22","modified_gmt":"2026-04-02T23:16:22","slug":"dagin-ayla-bulustugu-yer","status":"publish","type":"product","link":"https:\/\/roveyayinevi.com.tr\/index.php\/urun\/dagin-ayla-bulustugu-yer\/","title":{"rendered":"Da\u011f\u0131n Ay\u2019la Bulu\u015ftu\u011fu Yer"},"content":{"rendered":"<p>Verimsiz Da\u011f\u2019\u0131n eteklerinde bir k\u00f6yde ya\u015famakta olan Minli, g\u00fcnlerini tarlada \u00e7al\u0131\u015farak, gecelerini de babas\u0131n\u0131n Ye\u015fim Ejderha ve Ay\u2019\u0131n Ya\u015fl\u0131 Adam\u0131\u2019yla ilgili anlatt\u0131\u011f\u0131 masallar\u0131 dinleyerek ge\u00e7irmektedir. Ya\u015fad\u0131klar\u0131 yoksulluktan b\u0131km\u0131\u015f olan Minli\u2019nin annesi, kocas\u0131na k\u0131z\u0131n\u0131n kafas\u0131n\u0131 bu sa\u00e7mal\u0131klarla doldurdu\u011fu i\u00e7in k\u0131zar. Ama Minli bu b\u00fcy\u00fcleyici masallara inanmaktad\u0131r. Ve b\u00f6ylece Minli, Ay\u2019\u0131n Ya\u015fl\u0131 Adam\u0131\u2019n\u0131 bulup ona kaderlerini nas\u0131l de\u011fi\u015ftirebileceklerini sormak i\u00e7in ola\u011fan\u00fcst\u00fc bir yolculu\u011fa \u00e7\u0131kar.<\/p>\n","protected":false},"excerpt":{"rendered":"<p>Verimsiz Da\u011f\u2019\u0131n eteklerinde bir k\u00f6yde ya\u015famakta olan Minli, g\u00fcnlerini tarlada \u00e7al\u0131\u015farak, gecelerini de babas\u0131n\u0131n Ye\u015fim Ejderha ve Ay\u2019\u0131n Ya\u015fl\u0131 Adam\u0131\u2019yla ilgili anlatt\u0131\u011f\u0131 masallar\u0131 dinleyerek ge\u00e7irmektedir. Ya\u015fad\u0131klar\u0131<span class=\"excerpt-hellip\"> [\u2026]<\/span><\/p>\n","protected":false},"featured_media":0,"template":"","meta":{"_monsterinsights_skip_tracking":false,"_monsterinsights_sitenote_active":false,"_monsterinsights_sitenote_note":"","_monsterinsights_sitenote_category":0},"product_brand":[],"product_cat":[12291,12711],"product_tag":[],"class_list":{"0":"post-702489","1":"product","2":"type-product","3":"status-publish","5":"product_cat-edebiyat","6":"product_cat-roman-oyku","7":"pa_cilt-ciltsiz","8":"pa_tur-kitap","9":"pa_yayinevi-altin-kitaplar-ozel-urun","10":"pa_yazar-grace-lin","12":"first","13":"instock","14":"sale","15":"shipping-taxable","16":"purchasable","17":"product-type-simple"},"_links":{"self":[{"href":"https:\/\/roveyayinevi.com.tr\/index.php\/wp-json\/wp\/v2\/product\/702489","targetHints":{"allow":["GET"]}}],"collection":[{"href":"https:\/\/roveyayinevi.com.tr\/index.php\/wp-json\/wp\/v2\/product"}],"about":[{"href":"https:\/\/roveyayinevi.com.tr\/index.php\/wp-json\/wp\/v2\/types\/product"}],"wp:attachment":[{"href":"https:\/\/roveyayinevi.com.tr\/index.php\/wp-json\/wp\/v2\/media?parent=702489"}],"wp:term":[{"taxonomy":"product_brand","embeddable":true,"href":"https:\/\/roveyayinevi.com.tr\/index.php\/wp-json\/wp\/v2\/product_brand?post=702489"},{"taxonomy":"product_cat","embeddable":true,"href":"https:\/\/roveyayinevi.com.tr\/index.php\/wp-json\/wp\/v2\/product_cat?post=702489"},{"taxonomy":"product_tag","embeddable":true,"href":"https:\/\/roveyayinevi.com.tr\/index.php\/wp-json\/wp\/v2\/product_tag?post=702489"}],"curies":[{"name":"wp","href":"https:\/\/api.w.org\/{rel}","templated":true}]}}