{"id":702474,"date":"2025-08-27T15:16:51","date_gmt":"2025-08-27T12:16:51","guid":{"rendered":"https:\/\/roveyayinevi.com.tr\/index.php\/urun\/muzik-bilimine-doktriner-yaklasimlar\/"},"modified":"2026-04-16T02:11:44","modified_gmt":"2026-04-15T23:11:44","slug":"muzik-bilimine-doktriner-yaklasimlar","status":"publish","type":"product","link":"https:\/\/roveyayinevi.com.tr\/index.php\/urun\/muzik-bilimine-doktriner-yaklasimlar\/","title":{"rendered":"M\u00fczik Bilimine Doktriner Yakla\u015f\u0131mlar"},"content":{"rendered":"<p>M\u00fczik Bilimine Doktriner Yakla\u015f\u0131mlar isimli bu kitap \u00f6z\u00fc itibariyle alan\u0131nda az say\u0131daki eserlerden biridir. Burada \u201cSanat, sanat i\u00e7in yap\u0131l\u0131r ve estetik kayg\u0131lar ta\u015f\u0131mak zorundad\u0131r\u201d temel konusuna vurgu yap\u0131lm\u0131\u015ft\u0131r.Kitapta sanat\u0131n estetik ve uyum i\u00e7inde, metala\u015fmadan sunulmas\u0131 ve bu noktada akademisyenlerin, m\u00fczik bilimcilerin ve sanat\u00e7\u0131lar\u0131n sorumlulu\u011funa dikkat \u00e7ekilmi\u015ftir. Don Ki\u015fot benzetmesiyle, bug\u00fcn\u00fcn m\u00fczikbilimcilerinin sergilemesi gereken tav\u0131r net bir bi\u00e7imde \u00e7izilmi\u015ftir.T\u00fcm bu doktriner yakla\u015f\u0131mlar ancak m\u00fczik bilimcilerin kendilerini \u00f6zg\u00fcr hissetmeleriyle m\u00fcmk\u00fcn olabilir. Don Ki\u015fot olanaks\u0131za sald\u0131racak kadar cesurdur. K\u00fcreselle\u015fme s\u00fcrecinde m\u00fczikte \u00f6zg\u00fcrle\u015fmek ise \u00e7a\u011f\u0131m\u0131z\u0131n Don Ki\u015fot\u2019lar\u0131n\u0131n ortaya \u00e7\u0131kmas\u0131yla ancak m\u00fcmk\u00fcnd\u00fcr ve sanat bu sayede hak etti\u011fi de\u011feri bulabilir. Bu kavramsal \u00e7er\u00e7evede i\u00e7inde kitapta a\u015fa\u011f\u0131daki konu ba\u015fl\u0131klar\u0131 ele al\u0131nm\u0131\u015ft\u0131r:M\u00fczi\u011fin Metala\u015fmas\u0131 ve M\u00fczik End\u00fcstrisiPostmodern Pop\u00fcler M\u00fczik Kar\u015f\u0131s\u0131nda \u201cDon Ki\u015fot\u201d Olabilmek\u015e\u00e2ir ve Besteci Aras\u0131ndaki \u00c2henkSahne EstetizmiPop\u00fcler K\u00fclt\u00fcr ve T\u00fcrk\u00fclerimiz<\/p>\n","protected":false},"excerpt":{"rendered":"<p>M\u00fczik Bilimine Doktriner Yakla\u015f\u0131mlar isimli bu kitap \u00f6z\u00fc itibariyle alan\u0131nda az say\u0131daki eserlerden biridir. Burada \u201cSanat, sanat i\u00e7in yap\u0131l\u0131r ve estetik kayg\u0131lar ta\u015f\u0131mak zorundad\u0131r\u201d temel konusuna<span class=\"excerpt-hellip\"> [\u2026]<\/span><\/p>\n","protected":false},"featured_media":0,"template":"","meta":{"_monsterinsights_skip_tracking":false,"_monsterinsights_sitenote_active":false,"_monsterinsights_sitenote_note":"","_monsterinsights_sitenote_category":0},"product_brand":[],"product_cat":[14591,14556],"product_tag":[],"class_list":{"0":"post-702474","1":"product","2":"type-product","3":"status-publish","5":"product_cat-genel-kavramlar-kuram-ve-tarihce","6":"product_cat-muzik","7":"pa_cilt-ciltsiz","8":"pa_tur-kitap","9":"pa_yayinevi-muzik-egitimi-yayinlari","10":"pa_yazar-hatice-selen-tekin","12":"first","13":"instock","14":"sale","15":"shipping-taxable","16":"purchasable","17":"product-type-simple"},"_links":{"self":[{"href":"https:\/\/roveyayinevi.com.tr\/index.php\/wp-json\/wp\/v2\/product\/702474","targetHints":{"allow":["GET"]}}],"collection":[{"href":"https:\/\/roveyayinevi.com.tr\/index.php\/wp-json\/wp\/v2\/product"}],"about":[{"href":"https:\/\/roveyayinevi.com.tr\/index.php\/wp-json\/wp\/v2\/types\/product"}],"wp:attachment":[{"href":"https:\/\/roveyayinevi.com.tr\/index.php\/wp-json\/wp\/v2\/media?parent=702474"}],"wp:term":[{"taxonomy":"product_brand","embeddable":true,"href":"https:\/\/roveyayinevi.com.tr\/index.php\/wp-json\/wp\/v2\/product_brand?post=702474"},{"taxonomy":"product_cat","embeddable":true,"href":"https:\/\/roveyayinevi.com.tr\/index.php\/wp-json\/wp\/v2\/product_cat?post=702474"},{"taxonomy":"product_tag","embeddable":true,"href":"https:\/\/roveyayinevi.com.tr\/index.php\/wp-json\/wp\/v2\/product_tag?post=702474"}],"curies":[{"name":"wp","href":"https:\/\/api.w.org\/{rel}","templated":true}]}}