{"id":702456,"date":"2025-08-27T15:16:44","date_gmt":"2025-08-27T12:16:44","guid":{"rendered":"https:\/\/roveyayinevi.com.tr\/index.php\/urun\/havariler-1972-1983\/"},"modified":"2026-04-16T02:11:44","modified_gmt":"2026-04-15T23:11:44","slug":"havariler-1972-1983","status":"publish","type":"product","link":"https:\/\/roveyayinevi.com.tr\/index.php\/urun\/havariler-1972-1983\/","title":{"rendered":"Havariler (1972-1983)"},"content":{"rendered":"<p>G\u00fcn Zileli, \u2018herhangi bir \u201868\u2019li de\u011fil. Ayd\u0131nl\u0131k hareketinin kurucu kadrosunda yer alan, 1970\u2019ler boyunca bu hareketin \u00f6nderlerinden olan, 1980\u2019lerin ard\u0131ndan anar\u015fizme y\u00f6nelen bir fig\u00fcr. Bunca \u2018kariyerin\u2019 ve badirenin ard\u0131ndan, hat\u0131rat\u0131ndaki sak\u0131nmas\u0131z ama d\u00fcr\u00fcstl\u00fc\u011f\u00fc g\u00f6zeten tutum bilhassa de\u011fer kazan\u0131yor. \u0130htilafl\u0131 oldu\u011fu ya da sonradan ihtilafa d\u00fc\u015fece\u011fi ki\u015filerle ilgili bahislerde so\u011fukkanl\u0131l\u0131k g\u00f6steriyor Zileli. Karalay\u0131c\u0131, \u2018if\u015fa edici\u2019 bir \u00fcsluba asla iltifat etmiyor&#8230; Ki\u015fisel ve politik \u00f6zele\u015ftirellik bak\u0131m\u0131ndan geni\u015f g\u00f6r\u00fc\u015fl\u00fc; kendisine ve ge\u00e7mi\u015fine mesafeli bakmaya \u00e7al\u0131\u015fan samimi bir muhasebeyle kar\u015f\u0131 kar\u015f\u0131yay\u0131z. Manip\u00fclatif, indirgeyici, ya\u015fananlar\u0131 ereksel bir \u00e7izgisellik i\u00e7inde \u2018anlaml\u0131\u2019 k\u0131lmaya \u00e7al\u0131\u015fan bir metin de\u011fil bu kitap. \u2018\u0130yi\u2019 bir hat\u0131rattan beklenece\u011fi gibi, kendisi ve hayat\u0131 \u00fcst\u00fcne ger\u00e7ekten d\u00fc\u015f\u00fcnen bir yazar\u0131n elinden \u00e7\u0131kma&#8230;  -Tan\u0131l Bora- <\/p>\n","protected":false},"excerpt":{"rendered":"<p>G\u00fcn Zileli, \u2018herhangi bir \u201868\u2019li de\u011fil. Ayd\u0131nl\u0131k hareketinin kurucu kadrosunda yer alan, 1970\u2019ler boyunca bu hareketin \u00f6nderlerinden olan, 1980\u2019lerin ard\u0131ndan anar\u015fizme y\u00f6nelen bir fig\u00fcr. Bunca \u2018kariyerin\u2019<span class=\"excerpt-hellip\"> [\u2026]<\/span><\/p>\n","protected":false},"featured_media":0,"template":"","meta":{"_monsterinsights_skip_tracking":false,"_monsterinsights_sitenote_active":false,"_monsterinsights_sitenote_note":"","_monsterinsights_sitenote_category":0},"product_brand":[],"product_cat":[16098,12337],"product_tag":[],"class_list":{"0":"post-702456","1":"product","2":"type-product","3":"status-publish","5":"product_cat-politik-akimlar-hareketler","6":"product_cat-politika-siyaset","7":"pa_cilt-ciltsiz","8":"pa_tur-kitap","9":"pa_yayinevi-iletisim-yayinlari","10":"pa_yazar-gun-zileli","12":"first","13":"instock","14":"sale","15":"shipping-taxable","16":"purchasable","17":"product-type-simple"},"_links":{"self":[{"href":"https:\/\/roveyayinevi.com.tr\/index.php\/wp-json\/wp\/v2\/product\/702456","targetHints":{"allow":["GET"]}}],"collection":[{"href":"https:\/\/roveyayinevi.com.tr\/index.php\/wp-json\/wp\/v2\/product"}],"about":[{"href":"https:\/\/roveyayinevi.com.tr\/index.php\/wp-json\/wp\/v2\/types\/product"}],"wp:attachment":[{"href":"https:\/\/roveyayinevi.com.tr\/index.php\/wp-json\/wp\/v2\/media?parent=702456"}],"wp:term":[{"taxonomy":"product_brand","embeddable":true,"href":"https:\/\/roveyayinevi.com.tr\/index.php\/wp-json\/wp\/v2\/product_brand?post=702456"},{"taxonomy":"product_cat","embeddable":true,"href":"https:\/\/roveyayinevi.com.tr\/index.php\/wp-json\/wp\/v2\/product_cat?post=702456"},{"taxonomy":"product_tag","embeddable":true,"href":"https:\/\/roveyayinevi.com.tr\/index.php\/wp-json\/wp\/v2\/product_tag?post=702456"}],"curies":[{"name":"wp","href":"https:\/\/api.w.org\/{rel}","templated":true}]}}