{"id":702450,"date":"2025-08-27T15:16:41","date_gmt":"2025-08-27T12:16:41","guid":{"rendered":"https:\/\/roveyayinevi.com.tr\/index.php\/urun\/cahiliyye\/"},"modified":"2026-04-16T02:11:44","modified_gmt":"2026-04-15T23:11:44","slug":"cahiliyye","status":"publish","type":"product","link":"https:\/\/roveyayinevi.com.tr\/index.php\/urun\/cahiliyye\/","title":{"rendered":"Cahiliyye"},"content":{"rendered":"<p>\u0130lhan Arsel, bu kitab\u0131nda, Muhammedi\u2019in Cahiliyye diye nitelendirdi\u011fi \u0130slam \u00f6ncesi d\u00f6nemi, Kur\u2019an\u2019dan ald\u0131\u011f\u0131 ayetler \u0131\u015f\u0131\u011f\u0131nda tart\u0131\u015fmaktad\u0131r. \u2018\u2018Muhabbed, cahil Araplar\u0131,kabile toplumu olmaktan \u00e7\u0131kar\u0131p \u2018feodal\u2019 bir toplum haline getrmi\u015f,d\u00fcnya devleti d\u00fczeyine y\u00fckseltmi\u015f ya da ilkel ya\u015famlardan ve bat\u0131l inan\u00e7lardan kurtar\u0131p uygarl\u0131k anlay\u0131\u015f\u0131na y\u00f6neltmi\u015ftir\u2019\u2019 tezine kar\u015f\u0131l\u0131k Arsel ,\u2019\u2019Muhammed, Araplar\u0131 d\u00fcnya devleti d\u00fczeyne y\u00fckseltmek \u015f\u00f6yle dursun,do\u011fru d\u00fcr\u00fcst bir devlet anlay\u0131\u015f\u0131na bile s\u00fcr\u00fckleyememi\u015ftir. Onun d\u00f6neminde \u2018devlet\u2019 diye bir kurulu\u015f dahi olu\u015fmam\u0131\u015ft\u0131r.\u00d6te yandan Muhammed,ne kendi toplumunu ve ne de islama soktu\u011fu toplumlar\u0131 bat\u0131l inan\u00e7lardan kurtarm\u0131\u015f de\u011fildir, \u00e7\u00fcnki bizzat kendisi bat\u0131la inanm\u0131\u015flardand\u0131r.\u2019\u2019 tezini \u00f6ne s\u00fcrmektedir. <\/p>\n","protected":false},"excerpt":{"rendered":"<p>\u0130lhan Arsel, bu kitab\u0131nda, Muhammedi\u2019in Cahiliyye diye nitelendirdi\u011fi \u0130slam \u00f6ncesi d\u00f6nemi, Kur\u2019an\u2019dan ald\u0131\u011f\u0131 ayetler \u0131\u015f\u0131\u011f\u0131nda tart\u0131\u015fmaktad\u0131r. \u2018\u2018Muhabbed, cahil Araplar\u0131,kabile toplumu olmaktan \u00e7\u0131kar\u0131p \u2018feodal\u2019 bir toplum haline<span class=\"excerpt-hellip\"> [\u2026]<\/span><\/p>\n","protected":false},"featured_media":0,"template":"","meta":{"_monsterinsights_skip_tracking":false,"_monsterinsights_sitenote_active":false,"_monsterinsights_sitenote_note":"","_monsterinsights_sitenote_category":0},"product_brand":[],"product_cat":[16789,12718,12719],"product_tag":[],"class_list":{"0":"post-702450","1":"product","2":"type-product","3":"status-publish","5":"product_cat-diger-islam","6":"product_cat-din","7":"product_cat-islam","8":"pa_tur-kitap","9":"pa_yayinevi-kaynak-yayinlari","10":"pa_yazar-ilhan-arsel","12":"first","13":"instock","14":"sale","15":"shipping-taxable","16":"purchasable","17":"product-type-simple"},"_links":{"self":[{"href":"https:\/\/roveyayinevi.com.tr\/index.php\/wp-json\/wp\/v2\/product\/702450","targetHints":{"allow":["GET"]}}],"collection":[{"href":"https:\/\/roveyayinevi.com.tr\/index.php\/wp-json\/wp\/v2\/product"}],"about":[{"href":"https:\/\/roveyayinevi.com.tr\/index.php\/wp-json\/wp\/v2\/types\/product"}],"wp:attachment":[{"href":"https:\/\/roveyayinevi.com.tr\/index.php\/wp-json\/wp\/v2\/media?parent=702450"}],"wp:term":[{"taxonomy":"product_brand","embeddable":true,"href":"https:\/\/roveyayinevi.com.tr\/index.php\/wp-json\/wp\/v2\/product_brand?post=702450"},{"taxonomy":"product_cat","embeddable":true,"href":"https:\/\/roveyayinevi.com.tr\/index.php\/wp-json\/wp\/v2\/product_cat?post=702450"},{"taxonomy":"product_tag","embeddable":true,"href":"https:\/\/roveyayinevi.com.tr\/index.php\/wp-json\/wp\/v2\/product_tag?post=702450"}],"curies":[{"name":"wp","href":"https:\/\/api.w.org\/{rel}","templated":true}]}}