{"id":702447,"date":"2025-08-27T15:16:40","date_gmt":"2025-08-27T12:16:40","guid":{"rendered":"https:\/\/roveyayinevi.com.tr\/index.php\/urun\/iki-deniz-arasi-siyah-topraklar\/"},"modified":"2026-04-16T02:11:44","modified_gmt":"2026-04-15T23:11:44","slug":"iki-deniz-arasi-siyah-topraklar","status":"publish","type":"product","link":"https:\/\/roveyayinevi.com.tr\/index.php\/urun\/iki-deniz-arasi-siyah-topraklar\/","title":{"rendered":"\u0130ki Deniz Aras\u0131 Siyah Topraklar"},"content":{"rendered":"<p>Enis Batur Seyahatnamesi\u2019nin yeni bir e\u015fi\u011fini sunuyoruz. Bu kitab\u0131n merkezinde Bordeaux yer al\u0131yor: Montaigne&#8217;in kulesinden, \u015farap ba\u011flar\u0131ndan ba\u015flayan, ama kuzeyde Loti&#8217;nin evine, g\u00fcneyde Benjamin&#8217;in mezar\u0131na, Lascaux ma\u011faras\u0131na ve Gaudi&#8217;ye kadar geni\u015fleyen bir g\u00fczergah\u2026 <\/p>\n","protected":false},"excerpt":{"rendered":"<p>Enis Batur Seyahatnamesi\u2019nin yeni bir e\u015fi\u011fini sunuyoruz. Bu kitab\u0131n merkezinde Bordeaux yer al\u0131yor: Montaigne&#8217;in kulesinden, \u015farap ba\u011flar\u0131ndan ba\u015flayan, ama kuzeyde Loti&#8217;nin evine, g\u00fcneyde Benjamin&#8217;in mezar\u0131na, Lascaux<span class=\"excerpt-hellip\"> [\u2026]<\/span><\/p>\n","protected":false},"featured_media":0,"template":"","meta":{"_monsterinsights_skip_tracking":false,"_monsterinsights_sitenote_active":false,"_monsterinsights_sitenote_note":"","_monsterinsights_sitenote_category":0},"product_brand":[],"product_cat":[13528,13527],"product_tag":[],"class_list":{"0":"post-702447","1":"product","2":"type-product","3":"status-publish","5":"product_cat-gezi","6":"product_cat-sureli-yayinlar","7":"pa_cilt-ciltsiz","8":"pa_tur-kitap","9":"pa_yayinevi-remzi-kitabevi","10":"pa_yazar-enis-batur","12":"first","13":"instock","14":"sale","15":"shipping-taxable","16":"purchasable","17":"product-type-simple"},"_links":{"self":[{"href":"https:\/\/roveyayinevi.com.tr\/index.php\/wp-json\/wp\/v2\/product\/702447","targetHints":{"allow":["GET"]}}],"collection":[{"href":"https:\/\/roveyayinevi.com.tr\/index.php\/wp-json\/wp\/v2\/product"}],"about":[{"href":"https:\/\/roveyayinevi.com.tr\/index.php\/wp-json\/wp\/v2\/types\/product"}],"wp:attachment":[{"href":"https:\/\/roveyayinevi.com.tr\/index.php\/wp-json\/wp\/v2\/media?parent=702447"}],"wp:term":[{"taxonomy":"product_brand","embeddable":true,"href":"https:\/\/roveyayinevi.com.tr\/index.php\/wp-json\/wp\/v2\/product_brand?post=702447"},{"taxonomy":"product_cat","embeddable":true,"href":"https:\/\/roveyayinevi.com.tr\/index.php\/wp-json\/wp\/v2\/product_cat?post=702447"},{"taxonomy":"product_tag","embeddable":true,"href":"https:\/\/roveyayinevi.com.tr\/index.php\/wp-json\/wp\/v2\/product_tag?post=702447"}],"curies":[{"name":"wp","href":"https:\/\/api.w.org\/{rel}","templated":true}]}}