{"id":702429,"date":"2025-08-27T15:16:23","date_gmt":"2025-08-27T12:16:23","guid":{"rendered":"https:\/\/roveyayinevi.com.tr\/index.php\/urun\/pedagojik-formasyon-icin-ogrenme-psikolojisi\/"},"modified":"2026-04-16T02:11:43","modified_gmt":"2026-04-15T23:11:43","slug":"pedagojik-formasyon-icin-ogrenme-psikolojisi","status":"publish","type":"product","link":"https:\/\/roveyayinevi.com.tr\/index.php\/urun\/pedagojik-formasyon-icin-ogrenme-psikolojisi\/","title":{"rendered":"Pedagojik Formasyon \u0130\u00e7in \u00d6\u011frenme Psikolojisi"},"content":{"rendered":"<p>Elinizdeki bu eser, \u00d6\u011fretmen adaylar\u0131n\u0131n Pedagojik Formasyon derslerinde kullan\u0131lmak \u00fczere haz\u0131rlanm\u0131\u015ft\u0131r. Kitaplar bir seri \u015feklindedir. Seride, \u00d6\u011fretim \u0130lke ve Y\u00f6ntemleri, E\u011fitimde Program Geli\u015ftirme, \u00d6\u011frenme Psikolojisi, Geli\u015fim Psikolojisi ve haz\u0131rl\u0131\u011f\u0131 s\u00fcrmekte olan yeni kitaplar ile toplam sekiz kitap bulunacakt\u0131r. Kitaplarda, Pedagojik Formasyon derslerinin temel i\u00e7erikleri ve s\u00fcrenin k\u0131s\u0131tl\u0131 olmas\u0131 dikkate al\u0131nm\u0131\u015f, \u00fcniteler k\u0131sa ve \u00f6z bi\u00e7imde sunulmu\u015ftur. Serinin tamam\u0131, formasyon derslerinin program\u0131na g\u00f6re d\u00fczenlenmi\u015ftir. Her kitap, alan uzmanlar\u0131nca haz\u0131rlanarak, bilimsel ve pedagojik ilkeler temel al\u0131nm\u0131\u015ft\u0131r. \ufffcTan\u0131t\u0131m Metni<\/p>\n","protected":false},"excerpt":{"rendered":"<p>Elinizdeki bu eser, \u00d6\u011fretmen adaylar\u0131n\u0131n Pedagojik Formasyon derslerinde kullan\u0131lmak \u00fczere haz\u0131rlanm\u0131\u015ft\u0131r. Kitaplar bir seri \u015feklindedir. Seride, \u00d6\u011fretim \u0130lke ve Y\u00f6ntemleri, E\u011fitimde Program Geli\u015ftirme, \u00d6\u011frenme Psikolojisi, Geli\u015fim<span class=\"excerpt-hellip\"> [\u2026]<\/span><\/p>\n","protected":false},"featured_media":0,"template":"","meta":{"_monsterinsights_skip_tracking":false,"_monsterinsights_sitenote_active":false,"_monsterinsights_sitenote_note":"","_monsterinsights_sitenote_category":0},"product_brand":[],"product_cat":[15351,15350],"product_tag":[],"class_list":{"0":"post-702429","1":"product","2":"type-product","3":"status-publish","5":"product_cat-ders-kitaplari","6":"product_cat-hukuk","7":"pa_cilt-ciltsiz","8":"pa_tur-kitap","9":"pa_yayinevi-ani-yayincilik","10":"pa_yazar-kolektif","12":"first","13":"instock","14":"sale","15":"shipping-taxable","16":"purchasable","17":"product-type-simple"},"_links":{"self":[{"href":"https:\/\/roveyayinevi.com.tr\/index.php\/wp-json\/wp\/v2\/product\/702429","targetHints":{"allow":["GET"]}}],"collection":[{"href":"https:\/\/roveyayinevi.com.tr\/index.php\/wp-json\/wp\/v2\/product"}],"about":[{"href":"https:\/\/roveyayinevi.com.tr\/index.php\/wp-json\/wp\/v2\/types\/product"}],"wp:attachment":[{"href":"https:\/\/roveyayinevi.com.tr\/index.php\/wp-json\/wp\/v2\/media?parent=702429"}],"wp:term":[{"taxonomy":"product_brand","embeddable":true,"href":"https:\/\/roveyayinevi.com.tr\/index.php\/wp-json\/wp\/v2\/product_brand?post=702429"},{"taxonomy":"product_cat","embeddable":true,"href":"https:\/\/roveyayinevi.com.tr\/index.php\/wp-json\/wp\/v2\/product_cat?post=702429"},{"taxonomy":"product_tag","embeddable":true,"href":"https:\/\/roveyayinevi.com.tr\/index.php\/wp-json\/wp\/v2\/product_tag?post=702429"}],"curies":[{"name":"wp","href":"https:\/\/api.w.org\/{rel}","templated":true}]}}