{"id":702424,"date":"2025-08-27T15:16:20","date_gmt":"2025-08-27T12:16:20","guid":{"rendered":"https:\/\/roveyayinevi.com.tr\/index.php\/urun\/moby-dick-4\/"},"modified":"2026-04-16T02:11:43","modified_gmt":"2026-04-15T23:11:43","slug":"moby-dick-4","status":"publish","type":"product","link":"https:\/\/roveyayinevi.com.tr\/index.php\/urun\/moby-dick-4\/","title":{"rendered":"Moby Dick"},"content":{"rendered":"<p>Ad\u0131m \u0130smail. Maceraya susam\u0131\u015fl\u0131\u011f\u0131md\u0131r bu balina av\u0131 gemisine kat\u0131lmam\u0131n sebebi. Asl\u0131na bakarsan\u0131z bu yolculu\u011fa ba\u015flarken ben de bilmiyordum, beklenmedik bir \u015fekilde Queequeg ad\u0131ndaki bir z\u0131pk\u0131nc\u0131yla arkada\u015f olup Ahab denen ve intikam h\u0131rs\u0131yla yan\u0131p tutu\u015fan b\u00f6yle bir kaptanla kar\u015f\u0131la\u015faca\u011f\u0131m\u0131.Engin okyanuslarda, h\u0131r\u00e7\u0131n denizlerde yelken a\u00e7\u0131yoruz her g\u00fcn. Hedefimizde bir beyaz balina var. S\u0131radan bir balina de\u011fil bu; ad\u0131 Moby Dick ve Kaptan Ahab\u2019\u0131n bir baca\u011f\u0131n\u0131 kaybetmesine neden olmu\u015f uzun zaman \u00f6nce. Tek amac\u0131m\u0131z var, o da Moby Dick\u2019i bulup, Kaptan Ahab\u2019\u0131n intikam\u0131n\u0131 almas\u0131n\u0131 sa\u011flamak.Umar\u0131m Kaptan Ahab\u2019\u0131n bir t\u00fcr tak\u0131nt\u0131 h\u00e2line getirdi\u011fi bu intikam arzusunun bedelini hep birlikte \u00f6demek zorunda kalmay\u0131z\u2026Amerikal\u0131 yazar Herman Melville\u2019in (1819-1891) ba\u015fyap\u0131t\u0131 Moby Dick, d\u00fcnya edebiyat\u0131n\u0131n en \u00f6nemli eserlerinden biri olarak kabul edilir. Pek \u00e7ok kereler beyaz perdeye de uyarlanan roman, t\u00fcm d\u00fcnyada pop\u00fclerli\u011fini koruyan klasiklerden biri olmaya devam etmektedir.<\/p>\n","protected":false},"excerpt":{"rendered":"<p>Ad\u0131m \u0130smail. Maceraya susam\u0131\u015fl\u0131\u011f\u0131md\u0131r bu balina av\u0131 gemisine kat\u0131lmam\u0131n sebebi. Asl\u0131na bakarsan\u0131z bu yolculu\u011fa ba\u015flarken ben de bilmiyordum, beklenmedik bir \u015fekilde Queequeg ad\u0131ndaki bir z\u0131pk\u0131nc\u0131yla arkada\u015f<span class=\"excerpt-hellip\"> [\u2026]<\/span><\/p>\n","protected":false},"featured_media":0,"template":"","meta":{"_monsterinsights_skip_tracking":false,"_monsterinsights_sitenote_active":false,"_monsterinsights_sitenote_note":"","_monsterinsights_sitenote_category":0},"product_brand":[],"product_cat":[12274,12467],"product_tag":[],"class_list":{"0":"post-702424","1":"product","2":"type-product","3":"status-publish","5":"product_cat-cocuk-ve-genclik-kitaplari","6":"product_cat-dunya-klasikleri","7":"pa_cilt-ciltsiz","8":"pa_tur-kitap","9":"pa_yayinevi-arkadas-yayinlari","10":"pa_yazar-herman-melville","12":"first","13":"instock","14":"sale","15":"shipping-taxable","16":"purchasable","17":"product-type-simple"},"_links":{"self":[{"href":"https:\/\/roveyayinevi.com.tr\/index.php\/wp-json\/wp\/v2\/product\/702424","targetHints":{"allow":["GET"]}}],"collection":[{"href":"https:\/\/roveyayinevi.com.tr\/index.php\/wp-json\/wp\/v2\/product"}],"about":[{"href":"https:\/\/roveyayinevi.com.tr\/index.php\/wp-json\/wp\/v2\/types\/product"}],"wp:attachment":[{"href":"https:\/\/roveyayinevi.com.tr\/index.php\/wp-json\/wp\/v2\/media?parent=702424"}],"wp:term":[{"taxonomy":"product_brand","embeddable":true,"href":"https:\/\/roveyayinevi.com.tr\/index.php\/wp-json\/wp\/v2\/product_brand?post=702424"},{"taxonomy":"product_cat","embeddable":true,"href":"https:\/\/roveyayinevi.com.tr\/index.php\/wp-json\/wp\/v2\/product_cat?post=702424"},{"taxonomy":"product_tag","embeddable":true,"href":"https:\/\/roveyayinevi.com.tr\/index.php\/wp-json\/wp\/v2\/product_tag?post=702424"}],"curies":[{"name":"wp","href":"https:\/\/api.w.org\/{rel}","templated":true}]}}