{"id":702421,"date":"2025-08-27T15:16:19","date_gmt":"2025-08-27T12:16:19","guid":{"rendered":"https:\/\/roveyayinevi.com.tr\/index.php\/urun\/tanri-yoktur-allahtan-baska\/"},"modified":"2026-04-16T02:11:43","modified_gmt":"2026-04-15T23:11:43","slug":"tanri-yoktur-allahtan-baska","status":"publish","type":"product","link":"https:\/\/roveyayinevi.com.tr\/index.php\/urun\/tanri-yoktur-allahtan-baska\/","title":{"rendered":"Tanr\u0131 Yoktur Allah&#8217;tan Ba\u015fka"},"content":{"rendered":"<p>\u00c7\u0131kt\u0131\u011f\u0131 andan itibaren t\u00fcm d\u00fcnyada sansasyon yaratan, tutucu H\u0131ristiyan medyas\u0131n\u0131n a\u011f\u0131r tepkilerine neden olan \u201cZelot\u201dun yazar\u0131 Reza Aslan\u2019dan ba\u015fka bir uluslararas\u0131 bestseller\u2026 <\/p>\n","protected":false},"excerpt":{"rendered":"<p>\u00c7\u0131kt\u0131\u011f\u0131 andan itibaren t\u00fcm d\u00fcnyada sansasyon yaratan, tutucu H\u0131ristiyan medyas\u0131n\u0131n a\u011f\u0131r tepkilerine neden olan \u201cZelot\u201dun yazar\u0131 Reza Aslan\u2019dan ba\u015fka bir uluslararas\u0131 bestseller\u2026<\/p>\n","protected":false},"featured_media":0,"template":"","meta":{"_monsterinsights_skip_tracking":false,"_monsterinsights_sitenote_active":false,"_monsterinsights_sitenote_note":"","_monsterinsights_sitenote_category":0},"product_brand":[],"product_cat":[13036,12718,12719],"product_tag":[],"class_list":{"0":"post-702421","1":"product","2":"type-product","3":"status-publish","5":"product_cat-arastirma-inceleme-islam","6":"product_cat-din","7":"product_cat-islam","8":"pa_tur-kitap","9":"pa_yayinevi-okuyan-us-yayin","10":"pa_yazar-reza-aslan","12":"first","13":"instock","14":"sale","15":"shipping-taxable","16":"purchasable","17":"product-type-simple"},"_links":{"self":[{"href":"https:\/\/roveyayinevi.com.tr\/index.php\/wp-json\/wp\/v2\/product\/702421","targetHints":{"allow":["GET"]}}],"collection":[{"href":"https:\/\/roveyayinevi.com.tr\/index.php\/wp-json\/wp\/v2\/product"}],"about":[{"href":"https:\/\/roveyayinevi.com.tr\/index.php\/wp-json\/wp\/v2\/types\/product"}],"wp:attachment":[{"href":"https:\/\/roveyayinevi.com.tr\/index.php\/wp-json\/wp\/v2\/media?parent=702421"}],"wp:term":[{"taxonomy":"product_brand","embeddable":true,"href":"https:\/\/roveyayinevi.com.tr\/index.php\/wp-json\/wp\/v2\/product_brand?post=702421"},{"taxonomy":"product_cat","embeddable":true,"href":"https:\/\/roveyayinevi.com.tr\/index.php\/wp-json\/wp\/v2\/product_cat?post=702421"},{"taxonomy":"product_tag","embeddable":true,"href":"https:\/\/roveyayinevi.com.tr\/index.php\/wp-json\/wp\/v2\/product_tag?post=702421"}],"curies":[{"name":"wp","href":"https:\/\/api.w.org\/{rel}","templated":true}]}}