{"id":702407,"date":"2025-08-27T15:16:13","date_gmt":"2025-08-27T12:16:13","guid":{"rendered":"https:\/\/roveyayinevi.com.tr\/index.php\/urun\/gecmisten-gelen-konuklar\/"},"modified":"2026-04-16T02:11:43","modified_gmt":"2026-04-15T23:11:43","slug":"gecmisten-gelen-konuklar","status":"publish","type":"product","link":"https:\/\/roveyayinevi.com.tr\/index.php\/urun\/gecmisten-gelen-konuklar\/","title":{"rendered":"Ge\u00e7mi\u015ften Gelen Konuklar"},"content":{"rendered":"<p>Bu dizinin ilk kitab\u0131 olan Zaman Bisikleti&#8217;inde, Ya\u011fmur ile Damla, babalar\u0131yla birlikte g\u00fcn\u00fcm\u00fczden tam y\u00fcz bin y\u0131l \u00f6ncesine gidiyorlar, Karain Ma\u011faras\u0131&#8217;ndaki bir kabilenin ya\u015fad\u0131klar\u0131na, \u00c7uka ile Anin&#8217;in ilgin\u00e7 bulu\u015flar yapmalar\u0131na tan\u0131k oluyorlard\u0131. Ge\u00e7mi\u015ften Gelen Konuklar&#8217;da iki karde\u015fle babalar\u0131n\u0131n bu heyecan verici yolculuklar\u0131 s\u00fcr\u00fcyor. \ufffcTan\u0131t\u0131m Metni<\/p>\n","protected":false},"excerpt":{"rendered":"<p>Bu dizinin ilk kitab\u0131 olan Zaman Bisikleti&#8217;inde, Ya\u011fmur ile Damla, babalar\u0131yla birlikte g\u00fcn\u00fcm\u00fczden tam y\u00fcz bin y\u0131l \u00f6ncesine gidiyorlar, Karain Ma\u011faras\u0131&#8217;ndaki bir kabilenin ya\u015fad\u0131klar\u0131na, \u00c7uka ile<span class=\"excerpt-hellip\"> [\u2026]<\/span><\/p>\n","protected":false},"featured_media":0,"template":"","meta":{"_monsterinsights_skip_tracking":false,"_monsterinsights_sitenote_active":false,"_monsterinsights_sitenote_note":"","_monsterinsights_sitenote_category":0},"product_brand":[],"product_cat":[12274,12284],"product_tag":[],"class_list":{"0":"post-702407","1":"product","2":"type-product","3":"status-publish","5":"product_cat-cocuk-ve-genclik-kitaplari","6":"product_cat-hikayeler","7":"pa_cilt-ciltsiz","8":"pa_tur-kitap","9":"pa_yayinevi-can-cocuk-yayinlari","10":"pa_yazar-bilgin-adali","12":"first","13":"instock","14":"sale","15":"shipping-taxable","16":"purchasable","17":"product-type-simple"},"_links":{"self":[{"href":"https:\/\/roveyayinevi.com.tr\/index.php\/wp-json\/wp\/v2\/product\/702407","targetHints":{"allow":["GET"]}}],"collection":[{"href":"https:\/\/roveyayinevi.com.tr\/index.php\/wp-json\/wp\/v2\/product"}],"about":[{"href":"https:\/\/roveyayinevi.com.tr\/index.php\/wp-json\/wp\/v2\/types\/product"}],"wp:attachment":[{"href":"https:\/\/roveyayinevi.com.tr\/index.php\/wp-json\/wp\/v2\/media?parent=702407"}],"wp:term":[{"taxonomy":"product_brand","embeddable":true,"href":"https:\/\/roveyayinevi.com.tr\/index.php\/wp-json\/wp\/v2\/product_brand?post=702407"},{"taxonomy":"product_cat","embeddable":true,"href":"https:\/\/roveyayinevi.com.tr\/index.php\/wp-json\/wp\/v2\/product_cat?post=702407"},{"taxonomy":"product_tag","embeddable":true,"href":"https:\/\/roveyayinevi.com.tr\/index.php\/wp-json\/wp\/v2\/product_tag?post=702407"}],"curies":[{"name":"wp","href":"https:\/\/api.w.org\/{rel}","templated":true}]}}