{"id":702392,"date":"2025-08-27T15:16:07","date_gmt":"2025-08-27T12:16:07","guid":{"rendered":"https:\/\/roveyayinevi.com.tr\/index.php\/urun\/yabanci-2\/"},"modified":"2026-04-16T02:11:43","modified_gmt":"2026-04-15T23:11:43","slug":"yabanci-2","status":"publish","type":"product","link":"https:\/\/roveyayinevi.com.tr\/index.php\/urun\/yabanci-2\/","title":{"rendered":"Yabanc\u0131"},"content":{"rendered":"<p>1942&#8217;de yay\u0131mlanan Yabanc\u0131, romanca, tiyatro yazar\u0131 ve d\u00fc\u015f\u00fcn\u00fcr olarak \u0130kinci D\u00fcnya Sava\u015f\u0131&#8217;ndan sonra yaln\u0131z Fransa&#8217;da de\u011fil t\u00fcm d\u00fcnyada ku\u015fa\u011f\u0131n\u0131n s\u00f6zc\u00fcs\u00fc ve yol g\u00f6stericisi olarak kabul edilen Albert Camus&#8217;n\u00fcn, ilk ve en \u00e7ok ses getiren yap\u0131t\u0131d\u0131r. Romanda, bir Arap&#8217;\u0131 \u00f6ld\u00fcren ama bu su\u00e7tan \u00e7ok, ger\u00e7ek duygular\u0131n\u0131 dile getirdi\u011fi ve toplumun istedi\u011fi kal\u0131ba girmeyi reddetti\u011fi i\u00e7in d\u0131\u015flanan bir yabanc\u0131 arac\u0131l\u0131\u011f\u0131yla, 20. y\u00fczy\u0131l insan\u0131n\u0131n i\u00e7ine d\u00fc\u015ft\u00fc\u011f\u00fc yabanc\u0131la\u015fma anlat\u0131l\u0131r. Bir t\u00fcrl\u00fc ele ge\u00e7irilemeyen anlam \u0131n s\u00fcrekli aran\u0131\u015f\u0131n\u0131, bilincin toplumdan ve d\u0131\u015f d\u00fcnyadan kopu\u015funu, topluma yabanc\u0131 duran kahraman\u0131n \u00e7evresiyle ve toplumla aras\u0131ndaki \u00e7at\u0131\u015fmay\u0131 anlatan roman, b\u00fcy\u00fcleyici g\u00fcc\u00fcn\u00fc arka plandaki derin ve suskun ac\u0131dan al\u0131r. Camus, gen\u00e7 kahraman\u0131 Meursault&#8217;nun d\u0131\u015f d\u00fcnya ile aras\u0131na koydu\u011fu mesafeyi, kendine ve topluma yabanc\u0131l\u0131\u015fmas\u0131n\u0131, annesinin \u00f6l\u00fcm\u00fc dahil her \u015feye nesnel bir bi\u00e7imde yakla\u015fmas\u0131n\u0131 b\u00fcy\u00fck bir ustal\u0131kla dile getiriyor. <\/p>\n","protected":false},"excerpt":{"rendered":"<p>1942&#8217;de yay\u0131mlanan Yabanc\u0131, romanca, tiyatro yazar\u0131 ve d\u00fc\u015f\u00fcn\u00fcr olarak \u0130kinci D\u00fcnya Sava\u015f\u0131&#8217;ndan sonra yaln\u0131z Fransa&#8217;da de\u011fil t\u00fcm d\u00fcnyada ku\u015fa\u011f\u0131n\u0131n s\u00f6zc\u00fcs\u00fc ve yol g\u00f6stericisi olarak kabul edilen<span class=\"excerpt-hellip\"> [\u2026]<\/span><\/p>\n","protected":false},"featured_media":0,"template":"","meta":{"_monsterinsights_skip_tracking":false,"_monsterinsights_sitenote_active":false,"_monsterinsights_sitenote_note":"","_monsterinsights_sitenote_category":0},"product_brand":[],"product_cat":[12291,13376],"product_tag":[],"class_list":{"0":"post-702392","1":"product","2":"type-product","3":"status-publish","5":"product_cat-edebiyat","6":"product_cat-fransiz-edebiyati","7":"pa_cilt-ciltsiz","8":"pa_tur-kitap","9":"pa_yayinevi-can-yayinlari","10":"pa_yazar-albert-camus","12":"first","13":"instock","14":"sale","15":"shipping-taxable","16":"purchasable","17":"product-type-simple"},"_links":{"self":[{"href":"https:\/\/roveyayinevi.com.tr\/index.php\/wp-json\/wp\/v2\/product\/702392","targetHints":{"allow":["GET"]}}],"collection":[{"href":"https:\/\/roveyayinevi.com.tr\/index.php\/wp-json\/wp\/v2\/product"}],"about":[{"href":"https:\/\/roveyayinevi.com.tr\/index.php\/wp-json\/wp\/v2\/types\/product"}],"wp:attachment":[{"href":"https:\/\/roveyayinevi.com.tr\/index.php\/wp-json\/wp\/v2\/media?parent=702392"}],"wp:term":[{"taxonomy":"product_brand","embeddable":true,"href":"https:\/\/roveyayinevi.com.tr\/index.php\/wp-json\/wp\/v2\/product_brand?post=702392"},{"taxonomy":"product_cat","embeddable":true,"href":"https:\/\/roveyayinevi.com.tr\/index.php\/wp-json\/wp\/v2\/product_cat?post=702392"},{"taxonomy":"product_tag","embeddable":true,"href":"https:\/\/roveyayinevi.com.tr\/index.php\/wp-json\/wp\/v2\/product_tag?post=702392"}],"curies":[{"name":"wp","href":"https:\/\/api.w.org\/{rel}","templated":true}]}}