{"id":702390,"date":"2025-08-27T15:16:07","date_gmt":"2025-08-27T12:16:07","guid":{"rendered":"https:\/\/roveyayinevi.com.tr\/index.php\/urun\/asmalimescit-74-bohem-hayati\/"},"modified":"2026-04-16T02:11:43","modified_gmt":"2026-04-15T23:11:43","slug":"asmalimescit-74-bohem-hayati","status":"publish","type":"product","link":"https:\/\/roveyayinevi.com.tr\/index.php\/urun\/asmalimescit-74-bohem-hayati\/","title":{"rendered":"Asmal\u0131mescit 74 (Bohem Hayat\u0131)"},"content":{"rendered":"<p>Ge\u00e7en y\u00fczy\u0131l\u0131n ba\u015f\u0131nda \u0130stanbul&#8217;da do\u011fup b\u00fcy\u00fcyen Fikret Adil, &#8220;bohem&#8221; kavram\u0131n\u0131n i\u00e7ini ger\u00e7ek anlamda dolduran bir ya\u015fam s\u00fcrm\u00fc\u015ft\u00fcr. \u00dcstelik bunlar\u0131 yaz\u0131ya d\u00f6kmesiyle yaln\u0131zca bir &#8220;Fikret Adil Kitapl\u0131\u011f\u0131&#8221; olu\u015fturmakla kalmaz gayriresmi bir \u0130stanbul tarihini de kay\u0131t alt\u0131na al\u0131r. Bir\u00e7ok sanat\u00e7\u0131, edebiyat\u00e7\u0131, ressam, akt\u00f6r, gazetecinin yak\u0131n dostu; yeti\u015ftirili\u015fi ve al\u0131\u015fkanl\u0131klar\u0131yla se\u00e7kin bir \u0130stanbullu olmas\u0131na ra\u011fmen d\u00f6nemin normlar\u0131n\u0131n d\u0131\u015f\u0131na \u00e7\u0131k\u0131p kural tan\u0131mazl\u0131\u011f\u0131yla \u00f6nc\u00fc bir &#8220;sanat\u00e7\u0131 portresi&#8221; olu\u015fturan Adil&#8217;in Asmal\u0131mescit 74&#8217;\u00fc, \u0130stanbul&#8217;un k\u00fclt\u00fcr-sanat ve e\u011flence ge\u00e7mi\u015finin bir d\u00f6k\u00fcm\u00fc&#8230;&#8221;Macera pe\u015finde vatan\u0131n\u0131 b\u0131rakan, hudut d\u0131\u015f\u0131na at\u0131lan, yayan devri \u00e2leme \u00e7\u0131kan ecnebiler ve barlarda \u00e7al\u0131\u015fan b\u00fct\u00fcn artistler Asmal\u0131mes\u00e7it&#8217;te otururlar. D\u00fcnyan\u0131n her k\u00f6\u015fesinden gelmi\u015f, ekserisinin milliyetleri ancak pasaportlar\u0131nda -e\u011fer varsa- yaz\u0131l\u0131 bu insanlar\u0131n etraf\u0131nda, gene ecnebi, fakat en a\u015fa\u011f\u0131 yirmi y\u0131ld\u0131r Asmal\u0131mescit&#8217;te yerle\u015fmi\u015f bir grup daha vard\u0131r. Bunlar artist acentecili\u011fi, tefecilik, pansiyonculuk ve tell\u00e2ll\u0131kla ge\u00e7inirler, her lisan\u0131 konu\u015furlar, hi\u00e7birisini okuyup yazamazlar, T\u00fcrk\u00e7e imzalar\u0131n\u0131 atmay\u0131 bilirler ve zab\u0131tadan tan\u0131d\u0131klar\u0131 \u00e7oktur.&#8221;<\/p>\n","protected":false},"excerpt":{"rendered":"<p>Ge\u00e7en y\u00fczy\u0131l\u0131n ba\u015f\u0131nda \u0130stanbul&#8217;da do\u011fup b\u00fcy\u00fcyen Fikret Adil, &#8220;bohem&#8221; kavram\u0131n\u0131n i\u00e7ini ger\u00e7ek anlamda dolduran bir ya\u015fam s\u00fcrm\u00fc\u015ft\u00fcr. \u00dcstelik bunlar\u0131 yaz\u0131ya d\u00f6kmesiyle yaln\u0131zca bir &#8220;Fikret Adil Kitapl\u0131\u011f\u0131&#8221;<span class=\"excerpt-hellip\"> [\u2026]<\/span><\/p>\n","protected":false},"featured_media":0,"template":"","meta":{"_monsterinsights_skip_tracking":false,"_monsterinsights_sitenote_active":false,"_monsterinsights_sitenote_note":"","_monsterinsights_sitenote_category":0},"product_brand":[],"product_cat":[12291,12292],"product_tag":[],"class_list":{"0":"post-702390","1":"product","2":"type-product","3":"status-publish","5":"product_cat-edebiyat","6":"product_cat-turk-edebiyati","7":"pa_cilt-ciltsiz","8":"pa_tur-kitap","9":"pa_yayinevi-sel-yayincilik","10":"pa_yazar-fikret-adil","12":"first","13":"instock","14":"sale","15":"shipping-taxable","16":"purchasable","17":"product-type-simple"},"_links":{"self":[{"href":"https:\/\/roveyayinevi.com.tr\/index.php\/wp-json\/wp\/v2\/product\/702390","targetHints":{"allow":["GET"]}}],"collection":[{"href":"https:\/\/roveyayinevi.com.tr\/index.php\/wp-json\/wp\/v2\/product"}],"about":[{"href":"https:\/\/roveyayinevi.com.tr\/index.php\/wp-json\/wp\/v2\/types\/product"}],"wp:attachment":[{"href":"https:\/\/roveyayinevi.com.tr\/index.php\/wp-json\/wp\/v2\/media?parent=702390"}],"wp:term":[{"taxonomy":"product_brand","embeddable":true,"href":"https:\/\/roveyayinevi.com.tr\/index.php\/wp-json\/wp\/v2\/product_brand?post=702390"},{"taxonomy":"product_cat","embeddable":true,"href":"https:\/\/roveyayinevi.com.tr\/index.php\/wp-json\/wp\/v2\/product_cat?post=702390"},{"taxonomy":"product_tag","embeddable":true,"href":"https:\/\/roveyayinevi.com.tr\/index.php\/wp-json\/wp\/v2\/product_tag?post=702390"}],"curies":[{"name":"wp","href":"https:\/\/api.w.org\/{rel}","templated":true}]}}