{"id":702371,"date":"2025-08-27T15:16:00","date_gmt":"2025-08-27T12:16:00","guid":{"rendered":"https:\/\/roveyayinevi.com.tr\/index.php\/urun\/amberin-zaman-kapsulu\/"},"modified":"2026-04-16T02:11:42","modified_gmt":"2026-04-15T23:11:42","slug":"amberin-zaman-kapsulu","status":"publish","type":"product","link":"https:\/\/roveyayinevi.com.tr\/index.php\/urun\/amberin-zaman-kapsulu\/","title":{"rendered":"Amber&#8217;in Zaman Kaps\u00fcl\u00fc"},"content":{"rendered":"<p>\u00c7ocuk Kitaplar\u0131 \/ Roman-\u00d6yk\u00fc\u00dcr\u00fcn Tan\u0131t\u0131m\u0131Ya\u015fl\u0131 a\u011fac\u0131n g\u00f6vdesinden akan re\u00e7ine, a\u011fac\u0131n \u00fczerindeki t\u0131rt\u0131l ile daha \u00f6nce hi\u00e7 g\u00f6rmedi\u011fim ye\u015fil kanatl\u0131, \u00e7irkin b\u00f6ce\u011fin \u00fczerine ak\u0131yordu\u2026 Amber yakla\u015f\u0131k iki ayd\u0131r ayn\u0131 r\u00fcyay\u0131 g\u00f6r\u00fcyordu. De\u011ferli bir ta\u015f\u0131n olu\u015fumuna tekab\u00fcl eden bu r\u00fcya ba\u015flarda onu tedirgin etse de, g\u00f6rd\u00fcklerinin hayat\u0131nda yeni bir d\u00f6neme i\u015faret edece\u011fine kesin g\u00f6z\u00fcyle bak\u0131yordu&#8230;Babas\u0131n\u0131n belirledi\u011fi s\u0131n\u0131rlarda basit bir ya\u015fam s\u00fcren 13 ya\u015f\u0131ndaki Amber&#8217;in hayat\u0131, yan\u0131t\u0131n\u0131 hi\u00e7bir zaman \u00f6\u011frenemedi\u011fi sorularla doluydu. Evlerindeki girilmesi yasak oda ve bu odada yer alan gizemli sand\u0131k, k\u00fc\u00e7\u00fck ya\u015flarda annesini kaybeden Amber&#8217;in ge\u00e7mi\u015fe duydu\u011fu merak\u0131 her ge\u00e7en g\u00fcn daha da artt\u0131r\u0131yordu. S\u0131k s\u0131k odas\u0131na kapan\u0131p d\u00fc\u015f\u00fcncelere dalan babas\u0131n\u0131n kendisinden bir \u015feyler saklad\u0131\u011f\u0131n\u0131 d\u00fc\u015f\u00fcnen Amber, ge\u00e7mi\u015fine ait s\u0131rlar\u0131 ayd\u0131nlatmaya kararl\u0131yd\u0131. \u00dcstelik bu yolda yaln\u0131z da de\u011fildi: &#8220;Kordelya&#8221; isimli, kimli\u011fi belirsiz biri, \u00e7e\u015fitli ipu\u00e7lar\u0131 sunup Amber&#8217;e yol g\u00f6stererek onu ge\u00e7mi\u015fi ke\u015ffetmeye \u00e7a\u011f\u0131r\u0131yordu&#8230;Zaman-ge\u00e7mi\u015f-an\u0131lar aras\u0131nda ilgin\u00e7 ba\u011flant\u0131lar kurarak ge\u00e7mi\u015fe tak\u0131l\u0131p kalmadan daima gelece\u011fe bakmam\u0131z gerekti\u011fini an\u0131msatan Amber&#8217;in Zaman Kaps\u00fcl\u00fc, merak uyand\u0131ran konusu, hayat\u0131n i\u00e7inden renkli karakterleri ve metaforik d\u00fc\u015f\u00fcnmeye dayal\u0131 s\u00fcre\u00e7 odakl\u0131 kurgusuyla dikkat \u00e7eken ustaca yaz\u0131lm\u0131\u015f bir ilk roman.2013 Tudem Edebiyat Birincilik \u00d6d\u00fcl\u00fc&#8217;ne de\u011fer g\u00f6r\u00fclen Amber&#8217;in Zaman Kaps\u00fcl\u00fc, ge\u00e7mi\u015fini arayan veya ge\u00e7mi\u015fini gelece\u011fe ta\u015f\u0131yan herkesin \u00f6yk\u00fcs\u00fc&#8230;<\/p>\n","protected":false},"excerpt":{"rendered":"<p>\u00c7ocuk Kitaplar\u0131 \/ Roman-\u00d6yk\u00fc\u00dcr\u00fcn Tan\u0131t\u0131m\u0131Ya\u015fl\u0131 a\u011fac\u0131n g\u00f6vdesinden akan re\u00e7ine, a\u011fac\u0131n \u00fczerindeki t\u0131rt\u0131l ile daha \u00f6nce hi\u00e7 g\u00f6rmedi\u011fim ye\u015fil kanatl\u0131, \u00e7irkin b\u00f6ce\u011fin \u00fczerine ak\u0131yordu\u2026 Amber yakla\u015f\u0131k iki<span class=\"excerpt-hellip\"> [\u2026]<\/span><\/p>\n","protected":false},"featured_media":0,"template":"","meta":{"_monsterinsights_skip_tracking":false,"_monsterinsights_sitenote_active":false,"_monsterinsights_sitenote_note":"","_monsterinsights_sitenote_category":0},"product_brand":[],"product_cat":[12274,12284],"product_tag":[],"class_list":{"0":"post-702371","1":"product","2":"type-product","3":"status-publish","5":"product_cat-cocuk-ve-genclik-kitaplari","6":"product_cat-hikayeler","7":"pa_cilt-ciltsiz","8":"pa_tur-kitap","9":"pa_yayinevi-tudem-yayinlari","10":"pa_yazar-figen-gulu","12":"first","13":"instock","14":"sale","15":"shipping-taxable","16":"purchasable","17":"product-type-simple"},"_links":{"self":[{"href":"https:\/\/roveyayinevi.com.tr\/index.php\/wp-json\/wp\/v2\/product\/702371","targetHints":{"allow":["GET"]}}],"collection":[{"href":"https:\/\/roveyayinevi.com.tr\/index.php\/wp-json\/wp\/v2\/product"}],"about":[{"href":"https:\/\/roveyayinevi.com.tr\/index.php\/wp-json\/wp\/v2\/types\/product"}],"wp:attachment":[{"href":"https:\/\/roveyayinevi.com.tr\/index.php\/wp-json\/wp\/v2\/media?parent=702371"}],"wp:term":[{"taxonomy":"product_brand","embeddable":true,"href":"https:\/\/roveyayinevi.com.tr\/index.php\/wp-json\/wp\/v2\/product_brand?post=702371"},{"taxonomy":"product_cat","embeddable":true,"href":"https:\/\/roveyayinevi.com.tr\/index.php\/wp-json\/wp\/v2\/product_cat?post=702371"},{"taxonomy":"product_tag","embeddable":true,"href":"https:\/\/roveyayinevi.com.tr\/index.php\/wp-json\/wp\/v2\/product_tag?post=702371"}],"curies":[{"name":"wp","href":"https:\/\/api.w.org\/{rel}","templated":true}]}}