{"id":702369,"date":"2025-08-27T15:15:59","date_gmt":"2025-08-27T12:15:59","guid":{"rendered":"https:\/\/roveyayinevi.com.tr\/index.php\/urun\/peygamberimizin-ozellikleri-ve-guzellikleri-2-guzel-ahlak\/"},"modified":"2026-04-16T02:11:42","modified_gmt":"2026-04-15T23:11:42","slug":"peygamberimizin-ozellikleri-ve-guzellikleri-2-guzel-ahlak","status":"publish","type":"product","link":"https:\/\/roveyayinevi.com.tr\/index.php\/urun\/peygamberimizin-ozellikleri-ve-guzellikleri-2-guzel-ahlak\/","title":{"rendered":"Peygamberimizin \u00d6zellikleri ve G\u00fczellikleri 2 : G\u00fczel Ahlak"},"content":{"rendered":"<p>Ger\u00e7ek fazilet odur ki, d\u00fc\u015fmanlar bile onu kabul etsin!   derler. Bizim Sevgili Peygamberimizin (asm) g\u00fczel ahl\u00e2k\u0131, sadece onu sevenler ve ona a\u015fk ile ba\u011fl\u0131 olanlarca de\u011fil, onu \u00f6ld\u00fcrmek i\u00e7in defalarca k\u0131l\u0131c\u0131n\u0131 k\u0131n\u0131ndan s\u0131y\u0131ran en ba\u015f d\u00fc\u015fmanlar\u0131 taraf\u0131ndan bile ink\u00e2r edil(e)meyen bir ger\u00e7ekti. <\/p>\n","protected":false},"excerpt":{"rendered":"<p>Ger\u00e7ek fazilet odur ki, d\u00fc\u015fmanlar bile onu kabul etsin! derler. Bizim Sevgili Peygamberimizin (asm) g\u00fczel ahl\u00e2k\u0131, sadece onu sevenler ve ona a\u015fk ile ba\u011fl\u0131 olanlarca de\u011fil,<span class=\"excerpt-hellip\"> [\u2026]<\/span><\/p>\n","protected":false},"featured_media":0,"template":"","meta":{"_monsterinsights_skip_tracking":false,"_monsterinsights_sitenote_active":false,"_monsterinsights_sitenote_note":"","_monsterinsights_sitenote_category":0},"product_brand":[],"product_cat":[12274,18802],"product_tag":[],"class_list":{"0":"post-702369","1":"product","2":"type-product","3":"status-publish","5":"product_cat-cocuk-ve-genclik-kitaplari","6":"product_cat-din-egitimi","7":"pa_tur-kitap","8":"pa_yayinevi-ugurbocegi-yayinlari","9":"pa_yazar-ozkan-oze","11":"first","12":"instock","13":"sale","14":"shipping-taxable","15":"purchasable","16":"product-type-simple"},"_links":{"self":[{"href":"https:\/\/roveyayinevi.com.tr\/index.php\/wp-json\/wp\/v2\/product\/702369","targetHints":{"allow":["GET"]}}],"collection":[{"href":"https:\/\/roveyayinevi.com.tr\/index.php\/wp-json\/wp\/v2\/product"}],"about":[{"href":"https:\/\/roveyayinevi.com.tr\/index.php\/wp-json\/wp\/v2\/types\/product"}],"wp:attachment":[{"href":"https:\/\/roveyayinevi.com.tr\/index.php\/wp-json\/wp\/v2\/media?parent=702369"}],"wp:term":[{"taxonomy":"product_brand","embeddable":true,"href":"https:\/\/roveyayinevi.com.tr\/index.php\/wp-json\/wp\/v2\/product_brand?post=702369"},{"taxonomy":"product_cat","embeddable":true,"href":"https:\/\/roveyayinevi.com.tr\/index.php\/wp-json\/wp\/v2\/product_cat?post=702369"},{"taxonomy":"product_tag","embeddable":true,"href":"https:\/\/roveyayinevi.com.tr\/index.php\/wp-json\/wp\/v2\/product_tag?post=702369"}],"curies":[{"name":"wp","href":"https:\/\/api.w.org\/{rel}","templated":true}]}}