{"id":702359,"date":"2025-08-27T15:15:55","date_gmt":"2025-08-27T12:15:55","guid":{"rendered":"https:\/\/roveyayinevi.com.tr\/index.php\/urun\/hangi-sia\/"},"modified":"2025-10-02T03:19:25","modified_gmt":"2025-10-02T00:19:25","slug":"hangi-sia","status":"publish","type":"product","link":"https:\/\/roveyayinevi.com.tr\/index.php\/urun\/hangi-sia\/","title":{"rendered":"Hangi \u015eia?"},"content":{"rendered":"<p>Ali&#8217;nin \u015eiili\u011fine ula\u015fmaya \u00e7abalarsak, ayn\u0131 zamanda itikadi karde\u015fli\u011fi, saflar\u0131n birli\u011fini ve Ehlis\u00fcnnet karde\u015flerle anla\u015fmay\u0131 da sa\u011flayaca\u011f\u0131m\u0131za inan\u0131yorum ben. \u00c7\u00fcnk\u00fc Ali&#8217;nin \u015eiili\u011fi, Muhammed&#8217;in \u0130slam\u0131&#8217;n\u0131n ayn\u0131s\u0131d\u0131r. Ali ise, \u0130slam toplumunda birlik temelini atan kimsedir; hayat\u0131n\u0131n yirmi be\u015f y\u0131l\u0131n\u0131 bu birli\u011fi korumak i\u00e7in kurban etmi\u015ftir. Dolay\u0131s\u0131yla \u015eia, \u015eiili\u011fin k\u0131y\u0131s\u0131nda de\u011fil, tersine \u015eiili\u011fin i\u00e7inde y\u00fcr\u00fcrse hi\u00e7 ku\u015fkusuz karde\u015flerine ula\u015facakt\u0131r. Ayn\u0131 bi\u00e7imde karde\u015fler de Muhammedi S\u00fcnnilik i\u00e7erisinde yola d\u00fc\u015ferlerse \u015eia&#8217;ya ula\u015facaklard\u0131r. Bu iki d\u00fc\u015fman olmu\u015f karde\u015f in karde\u015f olmu\u015f d\u00fc\u015fman a kar\u015f\u0131 bilimsel ve k\u00f6kl\u00fc birli\u011finin sa\u011flanmas\u0131n\u0131n yolu budur. \ufffcTan\u0131t\u0131m Metni<\/p>\n","protected":false},"excerpt":{"rendered":"<p>Ali&#8217;nin \u015eiili\u011fine ula\u015fmaya \u00e7abalarsak, ayn\u0131 zamanda itikadi karde\u015fli\u011fi, saflar\u0131n birli\u011fini ve Ehlis\u00fcnnet karde\u015flerle anla\u015fmay\u0131 da sa\u011flayaca\u011f\u0131m\u0131za inan\u0131yorum ben. \u00c7\u00fcnk\u00fc Ali&#8217;nin \u015eiili\u011fi, Muhammed&#8217;in \u0130slam\u0131&#8217;n\u0131n ayn\u0131s\u0131d\u0131r. Ali ise,<span class=\"excerpt-hellip\"> [\u2026]<\/span><\/p>\n","protected":false},"featured_media":0,"template":"","meta":{"_monsterinsights_skip_tracking":false,"_monsterinsights_sitenote_active":false,"_monsterinsights_sitenote_note":"","_monsterinsights_sitenote_category":0},"product_brand":[],"product_cat":[13575,12718,12719],"product_tag":[],"class_list":{"0":"post-702359","1":"product","2":"type-product","3":"status-publish","5":"product_cat-alevilik-bektasilik","6":"product_cat-din","7":"product_cat-islam","8":"pa_tur-kitap","9":"pa_yayinevi-fecr-yayinlari","10":"pa_yazar-ali-seriati","12":"first","13":"instock","14":"sale","15":"shipping-taxable","16":"purchasable","17":"product-type-simple"},"_links":{"self":[{"href":"https:\/\/roveyayinevi.com.tr\/index.php\/wp-json\/wp\/v2\/product\/702359","targetHints":{"allow":["GET"]}}],"collection":[{"href":"https:\/\/roveyayinevi.com.tr\/index.php\/wp-json\/wp\/v2\/product"}],"about":[{"href":"https:\/\/roveyayinevi.com.tr\/index.php\/wp-json\/wp\/v2\/types\/product"}],"wp:attachment":[{"href":"https:\/\/roveyayinevi.com.tr\/index.php\/wp-json\/wp\/v2\/media?parent=702359"}],"wp:term":[{"taxonomy":"product_brand","embeddable":true,"href":"https:\/\/roveyayinevi.com.tr\/index.php\/wp-json\/wp\/v2\/product_brand?post=702359"},{"taxonomy":"product_cat","embeddable":true,"href":"https:\/\/roveyayinevi.com.tr\/index.php\/wp-json\/wp\/v2\/product_cat?post=702359"},{"taxonomy":"product_tag","embeddable":true,"href":"https:\/\/roveyayinevi.com.tr\/index.php\/wp-json\/wp\/v2\/product_tag?post=702359"}],"curies":[{"name":"wp","href":"https:\/\/api.w.org\/{rel}","templated":true}]}}