{"id":702347,"date":"2025-08-27T15:15:51","date_gmt":"2025-08-27T12:15:51","guid":{"rendered":"https:\/\/roveyayinevi.com.tr\/index.php\/urun\/kanserle-yasiyorum\/"},"modified":"2026-04-16T02:11:27","modified_gmt":"2026-04-15T23:11:27","slug":"kanserle-yasiyorum","status":"publish","type":"product","link":"https:\/\/roveyayinevi.com.tr\/index.php\/urun\/kanserle-yasiyorum\/","title":{"rendered":"Kanserle Ya\u015f\u0131yorum"},"content":{"rendered":"<p>Kansere yakalanmas\u0131n\u0131 ve sonras\u0131nda ya\u015fad\u0131klar\u0131n\u0131 a\u00e7\u0131k y\u00fcreklilikle kaleme alan Nevval Sevindi, T\u00fcrkiye\u2019de kanser hastalar\u0131n\u0131n kar\u015f\u0131la\u015ft\u0131\u011f\u0131 s\u00fcre\u00e7leri anlat\u0131rken, bu hastal\u0131\u011fa yakalananlara yol g\u00f6sterip, bu alandaki \u00e7al\u0131\u015fmalar\u0131n\u0131 aktar\u0131yor. Kitap, te\u015fhisten ameliyata, doktor-hasta, hasta yak\u0131n\u0131 ili\u015fkilerinden, radyoterapiden kemoterapiye, T\u00fcrkiye\u2019de kanser k\u00fclt\u00fcr\u00fcnden yemek al\u0131\u015fkanl\u0131klar\u0131na kadar bir dizi konuyu ele al\u0131rken di\u011fer yandan da Nevval Sevindi\u2019nin kanser hastas\u0131 bir gazeteci olarak yapt\u0131\u011f\u0131 \u00e7al\u0131\u015fmalarla, di\u011fer hastalara umut olabilmek ad\u0131na kurdu\u011fu dernek ve olu\u015fumlar\u0131 anlat\u0131yor. <\/p>\n","protected":false},"excerpt":{"rendered":"<p>Kansere yakalanmas\u0131n\u0131 ve sonras\u0131nda ya\u015fad\u0131klar\u0131n\u0131 a\u00e7\u0131k y\u00fcreklilikle kaleme alan Nevval Sevindi, T\u00fcrkiye\u2019de kanser hastalar\u0131n\u0131n kar\u015f\u0131la\u015ft\u0131\u011f\u0131 s\u00fcre\u00e7leri anlat\u0131rken, bu hastal\u0131\u011fa yakalananlara yol g\u00f6sterip, bu alandaki \u00e7al\u0131\u015fmalar\u0131n\u0131 aktar\u0131yor.<span class=\"excerpt-hellip\"> [\u2026]<\/span><\/p>\n","protected":false},"featured_media":0,"template":"","meta":{"_monsterinsights_skip_tracking":false,"_monsterinsights_sitenote_active":false,"_monsterinsights_sitenote_note":"","_monsterinsights_sitenote_category":0},"product_brand":[],"product_cat":[18545,12291],"product_tag":[],"class_list":{"0":"post-702347","1":"product","2":"type-product","3":"status-publish","5":"product_cat-anlati","6":"product_cat-edebiyat","7":"pa_tur-kitap","8":"pa_yayinevi-boyut-yayin-grubu","9":"pa_yazar-nevval-sevindi","11":"first","12":"instock","13":"sale","14":"shipping-taxable","15":"purchasable","16":"product-type-simple"},"_links":{"self":[{"href":"https:\/\/roveyayinevi.com.tr\/index.php\/wp-json\/wp\/v2\/product\/702347","targetHints":{"allow":["GET"]}}],"collection":[{"href":"https:\/\/roveyayinevi.com.tr\/index.php\/wp-json\/wp\/v2\/product"}],"about":[{"href":"https:\/\/roveyayinevi.com.tr\/index.php\/wp-json\/wp\/v2\/types\/product"}],"wp:attachment":[{"href":"https:\/\/roveyayinevi.com.tr\/index.php\/wp-json\/wp\/v2\/media?parent=702347"}],"wp:term":[{"taxonomy":"product_brand","embeddable":true,"href":"https:\/\/roveyayinevi.com.tr\/index.php\/wp-json\/wp\/v2\/product_brand?post=702347"},{"taxonomy":"product_cat","embeddable":true,"href":"https:\/\/roveyayinevi.com.tr\/index.php\/wp-json\/wp\/v2\/product_cat?post=702347"},{"taxonomy":"product_tag","embeddable":true,"href":"https:\/\/roveyayinevi.com.tr\/index.php\/wp-json\/wp\/v2\/product_tag?post=702347"}],"curies":[{"name":"wp","href":"https:\/\/api.w.org\/{rel}","templated":true}]}}