{"id":702346,"date":"2025-08-27T15:15:50","date_gmt":"2025-08-27T12:15:50","guid":{"rendered":"https:\/\/roveyayinevi.com.tr\/index.php\/urun\/bilim-insanlari-hakkinda-100-gercek\/"},"modified":"2026-04-16T02:11:27","modified_gmt":"2026-04-15T23:11:27","slug":"bilim-insanlari-hakkinda-100-gercek","status":"publish","type":"product","link":"https:\/\/roveyayinevi.com.tr\/index.php\/urun\/bilim-insanlari-hakkinda-100-gercek\/","title":{"rendered":"Bilim \u0130nsanlar\u0131 Hakk\u0131nda 100 Ger\u00e7ek"},"content":{"rendered":"<p>Bilimin en b\u00fcy\u00fck zihinlerini yak\u0131ndan tan\u0131y\u0131n ve d\u00fcnyan\u0131n \u015fekillenmesinde oynad\u0131klar\u0131 rol\u00fc \u00f6\u011frenin. <\/p>\n","protected":false},"excerpt":{"rendered":"<p>Bilimin en b\u00fcy\u00fck zihinlerini yak\u0131ndan tan\u0131y\u0131n ve d\u00fcnyan\u0131n \u015fekillenmesinde oynad\u0131klar\u0131 rol\u00fc \u00f6\u011frenin.<\/p>\n","protected":false},"featured_media":0,"template":"","meta":{"_monsterinsights_skip_tracking":false,"_monsterinsights_sitenote_active":false,"_monsterinsights_sitenote_note":"","_monsterinsights_sitenote_category":0},"product_brand":[],"product_cat":[13829,12274],"product_tag":[],"class_list":{"0":"post-702346","1":"product","2":"type-product","3":"status-publish","5":"product_cat-bilimsel-kitaplar","6":"product_cat-cocuk-ve-genclik-kitaplari","7":"pa_tur-kitap","8":"pa_yayinevi-almidilli","9":"pa_yazar-john-farndorn","11":"first","12":"instock","13":"sale","14":"shipping-taxable","15":"purchasable","16":"product-type-simple"},"_links":{"self":[{"href":"https:\/\/roveyayinevi.com.tr\/index.php\/wp-json\/wp\/v2\/product\/702346","targetHints":{"allow":["GET"]}}],"collection":[{"href":"https:\/\/roveyayinevi.com.tr\/index.php\/wp-json\/wp\/v2\/product"}],"about":[{"href":"https:\/\/roveyayinevi.com.tr\/index.php\/wp-json\/wp\/v2\/types\/product"}],"wp:attachment":[{"href":"https:\/\/roveyayinevi.com.tr\/index.php\/wp-json\/wp\/v2\/media?parent=702346"}],"wp:term":[{"taxonomy":"product_brand","embeddable":true,"href":"https:\/\/roveyayinevi.com.tr\/index.php\/wp-json\/wp\/v2\/product_brand?post=702346"},{"taxonomy":"product_cat","embeddable":true,"href":"https:\/\/roveyayinevi.com.tr\/index.php\/wp-json\/wp\/v2\/product_cat?post=702346"},{"taxonomy":"product_tag","embeddable":true,"href":"https:\/\/roveyayinevi.com.tr\/index.php\/wp-json\/wp\/v2\/product_tag?post=702346"}],"curies":[{"name":"wp","href":"https:\/\/api.w.org\/{rel}","templated":true}]}}