{"id":702340,"date":"2025-08-27T15:15:48","date_gmt":"2025-08-27T12:15:48","guid":{"rendered":"https:\/\/roveyayinevi.com.tr\/index.php\/urun\/arturonun-adasi\/"},"modified":"2026-04-16T02:11:27","modified_gmt":"2026-04-15T23:11:27","slug":"arturonun-adasi","status":"publish","type":"product","link":"https:\/\/roveyayinevi.com.tr\/index.php\/urun\/arturonun-adasi\/","title":{"rendered":"Arturo\u2019nun Adas\u0131"},"content":{"rendered":"<p>\u201cBunca zaman uzaktan bak\u0131nca o g\u00fcnlerde tuhaf bir bi\u00e7imde y\u00fcre\u011fime oturmaya ba\u015flayan duygular\u0131 anlamaya \u00e7al\u0131\u015f\u0131yorum \u015fimdi; i\u00e7imde d\u00fczensizce birbirine kar\u0131\u015fan duygular\u0131n, hi\u00e7bir d\u00fc\u015f\u00fcncenin ayd\u0131nlatmad\u0131\u011f\u0131 bi\u00e7imlerini ay\u0131rt edemiyorum h\u00e2l\u00e2.\u201d   Arturo, eve pek az u\u011frayan babas\u0131, k\u00f6pe\u011fi ve k\u00fc\u00e7\u00fck kay\u0131\u011f\u0131yla birlikte Procida Adas\u0131\u2019nda, vakti zaman\u0131nda g\u00f6rkemli olan k\u00f6hne bir evde izole bir ya\u015fam s\u00fcren bir gen\u00e7tir. G\u00fcnd\u00fczleri adan\u0131n  yemye\u015fil do\u011fas\u0131nda gezinerek, ak\u015famlar\u0131 b\u00fcy\u00fck ke\u015fif yolculuklar\u0131 ve gizemli Do\u011fu hakk\u0131nda kitaplar okuyarak vakit ge\u00e7irmekten ho\u015flan\u0131r. Ancak babas\u0131 g\u00fcn\u00fcn birinde, Napoli\u2019nin kenar mahallesinden gen\u00e7 bir kad\u0131nla d\u00f6n\u00fcp onunla evlenir ve evin dinamikleri de\u011fi\u015fir. Arturo \u00e7ok ge\u00e7meden d\u00fcnyan\u0131n hayal etti\u011fi cennet gibi olmad\u0131\u011f\u0131n\u0131 ke\u015ffeder.   1957\u2019de Strega \u00d6d\u00fcl\u00fc\u2019ne lay\u0131k g\u00f6r\u00fclen Arturo\u2019nun Adas\u0131, \u0130talya\u2019daki fa\u015fist rejimin siyasetten k\u00fclt\u00fcre, sanattan mimariye, e\u011fitimden m\u00fczi\u011fe, edebiyattan dile ya\u015fam\u0131n her alan\u0131nda kendini hissettirdi\u011fi bir d\u00f6nemde ya\u015fam\u0131\u015f Elsa Morante\u2019nin i\u00e7 d\u00fcnyas\u0131n\u0131, s\u0131k\u0131nt\u0131lar\u0131n\u0131, kayg\u0131lar\u0131n\u0131 ve korkular\u0131n\u0131 i\u00e7tenlikle yans\u0131tt\u0131\u011f\u0131 en \u00f6nemli yap\u0131t\u0131d\u0131r.   \u201cMorante destans\u0131 duygular ya\u015fat\u0131yor.\u201d The New York Times     #\u00e7ocukluk #gen\u00e7lik #olgunluk #a\u015fk #baba #aile  <\/p>\n","protected":false},"excerpt":{"rendered":"<p>\u201cBunca zaman uzaktan bak\u0131nca o g\u00fcnlerde tuhaf bir bi\u00e7imde y\u00fcre\u011fime oturmaya ba\u015flayan duygular\u0131 anlamaya \u00e7al\u0131\u015f\u0131yorum \u015fimdi; i\u00e7imde d\u00fczensizce birbirine kar\u0131\u015fan duygular\u0131n, hi\u00e7bir d\u00fc\u015f\u00fcncenin ayd\u0131nlatmad\u0131\u011f\u0131 bi\u00e7imlerini ay\u0131rt<span class=\"excerpt-hellip\"> [\u2026]<\/span><\/p>\n","protected":false},"featured_media":0,"template":"","meta":{"_monsterinsights_skip_tracking":false,"_monsterinsights_sitenote_active":false,"_monsterinsights_sitenote_note":"","_monsterinsights_sitenote_category":0},"product_brand":[],"product_cat":[12291,14218],"product_tag":[],"class_list":{"0":"post-702340","1":"product","2":"type-product","3":"status-publish","5":"product_cat-edebiyat","6":"product_cat-italyan-edebiyati","7":"pa_cilt-ciltsiz","8":"pa_tur-kitap","9":"pa_yayinevi-can-yayinlari","10":"pa_yazar-elsa-morante","12":"first","13":"instock","14":"sale","15":"shipping-taxable","16":"purchasable","17":"product-type-simple"},"_links":{"self":[{"href":"https:\/\/roveyayinevi.com.tr\/index.php\/wp-json\/wp\/v2\/product\/702340","targetHints":{"allow":["GET"]}}],"collection":[{"href":"https:\/\/roveyayinevi.com.tr\/index.php\/wp-json\/wp\/v2\/product"}],"about":[{"href":"https:\/\/roveyayinevi.com.tr\/index.php\/wp-json\/wp\/v2\/types\/product"}],"wp:attachment":[{"href":"https:\/\/roveyayinevi.com.tr\/index.php\/wp-json\/wp\/v2\/media?parent=702340"}],"wp:term":[{"taxonomy":"product_brand","embeddable":true,"href":"https:\/\/roveyayinevi.com.tr\/index.php\/wp-json\/wp\/v2\/product_brand?post=702340"},{"taxonomy":"product_cat","embeddable":true,"href":"https:\/\/roveyayinevi.com.tr\/index.php\/wp-json\/wp\/v2\/product_cat?post=702340"},{"taxonomy":"product_tag","embeddable":true,"href":"https:\/\/roveyayinevi.com.tr\/index.php\/wp-json\/wp\/v2\/product_tag?post=702340"}],"curies":[{"name":"wp","href":"https:\/\/api.w.org\/{rel}","templated":true}]}}