{"id":702327,"date":"2025-08-27T15:15:43","date_gmt":"2025-08-27T12:15:43","guid":{"rendered":"https:\/\/roveyayinevi.com.tr\/index.php\/urun\/dalgalarin-sesi\/"},"modified":"2026-04-07T02:17:41","modified_gmt":"2026-04-06T23:17:41","slug":"dalgalarin-sesi","status":"publish","type":"product","link":"https:\/\/roveyayinevi.com.tr\/index.php\/urun\/dalgalarin-sesi\/","title":{"rendered":"Dalgalar\u0131n Sesi"},"content":{"rendered":"<p>Bereket Denizi d\u00f6rtlemesi, Bir Maskenin \u0130tiraflar\u0131, Yaz Ortas\u0131nda \u00d6l\u00fcm, Denizi Yitiren Denizci gibi eserlerinden tan\u0131d\u0131\u011f\u0131m\u0131z Yukio Mi\u015fima, Dalgalar\u0131n Sesi\u2019nde farkl\u0131 bir y\u00f6n\u00fcyle \u00e7\u0131k\u0131yor okurun kar\u015f\u0131s\u0131na. Romanlar\u0131nda insan do\u011fas\u0131n\u0131n karanl\u0131k y\u00f6nlerini de\u015fen, onlarla cesurca hesapla\u015fan Mi\u015fima, bu kez kalemini \u0131\u015f\u0131\u011fa \u00e7evirerek sevginin farkl\u0131 ve\u00e7heleri etraf\u0131nda kuruyor \u00f6yk\u00fcs\u00fcn\u00fc. \ufffcTan\u0131t\u0131m Metni<\/p>\n","protected":false},"excerpt":{"rendered":"<p>Bereket Denizi d\u00f6rtlemesi, Bir Maskenin \u0130tiraflar\u0131, Yaz Ortas\u0131nda \u00d6l\u00fcm, Denizi Yitiren Denizci gibi eserlerinden tan\u0131d\u0131\u011f\u0131m\u0131z Yukio Mi\u015fima, Dalgalar\u0131n Sesi\u2019nde farkl\u0131 bir y\u00f6n\u00fcyle \u00e7\u0131k\u0131yor okurun kar\u015f\u0131s\u0131na. Romanlar\u0131nda<span class=\"excerpt-hellip\"> [\u2026]<\/span><\/p>\n","protected":false},"featured_media":0,"template":"","meta":{"_monsterinsights_skip_tracking":false,"_monsterinsights_sitenote_active":false,"_monsterinsights_sitenote_note":"","_monsterinsights_sitenote_category":0},"product_brand":[],"product_cat":[12291,12711],"product_tag":[],"class_list":{"0":"post-702327","1":"product","2":"type-product","3":"status-publish","5":"product_cat-edebiyat","6":"product_cat-roman-oyku","7":"pa_cilt-ciltsiz","8":"pa_tur-kitap","9":"pa_yayinevi-can-yayinlari","10":"pa_yazar-yukio-misima","12":"first","13":"instock","14":"sale","15":"shipping-taxable","16":"purchasable","17":"product-type-simple"},"_links":{"self":[{"href":"https:\/\/roveyayinevi.com.tr\/index.php\/wp-json\/wp\/v2\/product\/702327","targetHints":{"allow":["GET"]}}],"collection":[{"href":"https:\/\/roveyayinevi.com.tr\/index.php\/wp-json\/wp\/v2\/product"}],"about":[{"href":"https:\/\/roveyayinevi.com.tr\/index.php\/wp-json\/wp\/v2\/types\/product"}],"wp:attachment":[{"href":"https:\/\/roveyayinevi.com.tr\/index.php\/wp-json\/wp\/v2\/media?parent=702327"}],"wp:term":[{"taxonomy":"product_brand","embeddable":true,"href":"https:\/\/roveyayinevi.com.tr\/index.php\/wp-json\/wp\/v2\/product_brand?post=702327"},{"taxonomy":"product_cat","embeddable":true,"href":"https:\/\/roveyayinevi.com.tr\/index.php\/wp-json\/wp\/v2\/product_cat?post=702327"},{"taxonomy":"product_tag","embeddable":true,"href":"https:\/\/roveyayinevi.com.tr\/index.php\/wp-json\/wp\/v2\/product_tag?post=702327"}],"curies":[{"name":"wp","href":"https:\/\/api.w.org\/{rel}","templated":true}]}}