{"id":702306,"date":"2025-08-27T15:15:37","date_gmt":"2025-08-27T12:15:37","guid":{"rendered":"https:\/\/roveyayinevi.com.tr\/index.php\/urun\/mustafa-kemalin-muhafizi-topal-osman\/"},"modified":"2026-04-16T02:11:26","modified_gmt":"2026-04-15T23:11:26","slug":"mustafa-kemalin-muhafizi-topal-osman","status":"publish","type":"product","link":"https:\/\/roveyayinevi.com.tr\/index.php\/urun\/mustafa-kemalin-muhafizi-topal-osman\/","title":{"rendered":"Mustafa Kemal&#8217;in Muhaf\u0131z\u0131 Topal Osman"},"content":{"rendered":"<p>Y\u0131llard\u0131r Cumhuriyet tarihi ve Atat\u00fcrk konusundaki yalanlara, yanl\u0131\u015flara, yutturmacalara, \u00e7arp\u0131tmalara yan\u0131t vermeye \u00e7al\u0131\u015fan bir tarih\u00e7i olarak \u015funu s\u00f6yleyebilirim ki, gen\u00e7 ara\u015ft\u0131rmac\u0131 \u00dcmit Do\u011fan, elinizdeki kitab\u0131nda Cumhuriyet tarihinin istismara en a\u00e7\u0131k, birbirine ba\u011fl\u0131 iki olay\u0131n\u0131, (Ali \u015e\u00fckr\u00fc Bey cinayeti ve Topal Osman\u2019\u0131n \u00f6ld\u00fcr\u00fclmesi) adeta bir \u201ctarih dedektifi\u201d gibi delillerle, belgelerle, bilgilerle, ba\u015far\u0131l\u0131 analizlerle ayd\u0131nlatm\u0131\u015ft\u0131r. B\u00f6ylece Atat\u00fcrk ve Cumhuriyet d\u00fc\u015fmanlar\u0131n\u0131n en b\u00fcy\u00fck kozlar\u0131ndan birini ellerinden alm\u0131\u015ft\u0131r. Tebrik eder, ba\u015far\u0131lar\u0131n\u0131n devam\u0131n\u0131 dilerim.Sinan MEYDAN\u00dcmit Do\u011fan&#8217;\u0131n bu kitab\u0131 \u0130stiklal Harbi d\u00f6nemine ve Cumhuriyetimizin kurulu\u015f a\u015famas\u0131na kar\u015f\u0131 en haks\u0131z ve insafs\u0131z sald\u0131r\u0131lar\u0131n yap\u0131ld\u0131\u011f\u0131 bir d\u00f6nemde gen\u00e7 bir bilim adam\u0131n\u0131n tarihimizin bu d\u00f6nemi ile ilgili \u00e7ok \u00f6nemli bir \u015fahsiyeti olaylar\u0131n \u00f6rg\u00fcs\u00fc i\u00e7inde nas\u0131l anlatabilece\u011fini g\u00f6steriyor. \u00dcmit Do\u011fan&#8217;\u0131n b\u00fct\u00fcn gen\u00e7 ara\u015ft\u0131rmac\u0131lara \u00f6rnek olabilecek bir \u00e7al\u0131\u015fma disiplinin \u00fcr\u00fcn\u00fc olan bu \u00e7al\u0131\u015fmas\u0131n\u0131 okuyucuya takdim etmekten gurur duyuyorum.Prof. Dr. \u00dcmit \u00d6ZDA\u011e <\/p>\n","protected":false},"excerpt":{"rendered":"<p>Y\u0131llard\u0131r Cumhuriyet tarihi ve Atat\u00fcrk konusundaki yalanlara, yanl\u0131\u015flara, yutturmacalara, \u00e7arp\u0131tmalara yan\u0131t vermeye \u00e7al\u0131\u015fan bir tarih\u00e7i olarak \u015funu s\u00f6yleyebilirim ki, gen\u00e7 ara\u015ft\u0131rmac\u0131 \u00dcmit Do\u011fan, elinizdeki kitab\u0131nda Cumhuriyet<span class=\"excerpt-hellip\"> [\u2026]<\/span><\/p>\n","protected":false},"featured_media":0,"template":"","meta":{"_monsterinsights_skip_tracking":false,"_monsterinsights_sitenote_active":false,"_monsterinsights_sitenote_note":"","_monsterinsights_sitenote_category":0},"product_brand":[],"product_cat":[12370,12304],"product_tag":[],"class_list":{"0":"post-702306","1":"product","2":"type-product","3":"status-publish","5":"product_cat-arastirma-inceleme","6":"product_cat-tarih","7":"pa_cilt-ciltsiz","8":"pa_tur-kitap","9":"pa_yayinevi-kripto-basim-yayin","10":"pa_yazar-umit-dogan","12":"first","13":"instock","14":"sale","15":"shipping-taxable","16":"purchasable","17":"product-type-simple"},"_links":{"self":[{"href":"https:\/\/roveyayinevi.com.tr\/index.php\/wp-json\/wp\/v2\/product\/702306","targetHints":{"allow":["GET"]}}],"collection":[{"href":"https:\/\/roveyayinevi.com.tr\/index.php\/wp-json\/wp\/v2\/product"}],"about":[{"href":"https:\/\/roveyayinevi.com.tr\/index.php\/wp-json\/wp\/v2\/types\/product"}],"wp:attachment":[{"href":"https:\/\/roveyayinevi.com.tr\/index.php\/wp-json\/wp\/v2\/media?parent=702306"}],"wp:term":[{"taxonomy":"product_brand","embeddable":true,"href":"https:\/\/roveyayinevi.com.tr\/index.php\/wp-json\/wp\/v2\/product_brand?post=702306"},{"taxonomy":"product_cat","embeddable":true,"href":"https:\/\/roveyayinevi.com.tr\/index.php\/wp-json\/wp\/v2\/product_cat?post=702306"},{"taxonomy":"product_tag","embeddable":true,"href":"https:\/\/roveyayinevi.com.tr\/index.php\/wp-json\/wp\/v2\/product_tag?post=702306"}],"curies":[{"name":"wp","href":"https:\/\/api.w.org\/{rel}","templated":true}]}}