{"id":702305,"date":"2025-08-27T15:15:36","date_gmt":"2025-08-27T12:15:36","guid":{"rendered":"https:\/\/roveyayinevi.com.tr\/index.php\/urun\/kontrol-kalemi\/"},"modified":"2026-04-16T02:11:26","modified_gmt":"2026-04-15T23:11:26","slug":"kontrol-kalemi","status":"publish","type":"product","link":"https:\/\/roveyayinevi.com.tr\/index.php\/urun\/kontrol-kalemi\/","title":{"rendered":"Kontrol Kalemi"},"content":{"rendered":"<p>Murat Yal\u00e7\u0131n, \u00f6yk\u00fclerinden al\u0131\u015f\u0131k oldu\u011fumuz ironisini \u0130\u00e7imde O\u011fuz Atay ile Orhan Gencebay \u0130kizi Ya\u015f\u0131yor kitab\u0131yla farkl\u0131 bir t\u00fcre ta\u015f\u0131m\u0131\u015ft\u0131. Bu kez kurmaca d\u0131\u015f\u0131, daha ki\u015fisel bir kitap sunuyor okurlar\u0131na. Kontrol Kalemi\u2019ni okumaya ba\u015flad\u0131\u011f\u0131n\u0131zda g\u00f6receksiniz; bir yazar kendi i\u00e7ine d\u00f6n\u00fcp de d\u00fc\u015f\u00fcnmeye ba\u015flad\u0131\u011f\u0131 zaman ger\u00e7ekten de \u201ck\u0131rk tilki\u201dyle u\u011fra\u015f\u0131r. <\/p>\n","protected":false},"excerpt":{"rendered":"<p>Murat Yal\u00e7\u0131n, \u00f6yk\u00fclerinden al\u0131\u015f\u0131k oldu\u011fumuz ironisini \u0130\u00e7imde O\u011fuz Atay ile Orhan Gencebay \u0130kizi Ya\u015f\u0131yor kitab\u0131yla farkl\u0131 bir t\u00fcre ta\u015f\u0131m\u0131\u015ft\u0131. Bu kez kurmaca d\u0131\u015f\u0131, daha ki\u015fisel bir<span class=\"excerpt-hellip\"> [\u2026]<\/span><\/p>\n","protected":false},"featured_media":0,"template":"","meta":{"_monsterinsights_skip_tracking":false,"_monsterinsights_sitenote_active":false,"_monsterinsights_sitenote_note":"","_monsterinsights_sitenote_category":0},"product_brand":[],"product_cat":[12777,12291],"product_tag":[],"class_list":{"0":"post-702305","1":"product","2":"type-product","3":"status-publish","5":"product_cat-deneme","6":"product_cat-edebiyat","7":"pa_cilt-ciltsiz","8":"pa_tur-kitap","9":"pa_yayinevi-can-yayinlari","10":"pa_yazar-murat-yalcin","12":"first","13":"instock","14":"sale","15":"shipping-taxable","16":"purchasable","17":"product-type-simple"},"_links":{"self":[{"href":"https:\/\/roveyayinevi.com.tr\/index.php\/wp-json\/wp\/v2\/product\/702305","targetHints":{"allow":["GET"]}}],"collection":[{"href":"https:\/\/roveyayinevi.com.tr\/index.php\/wp-json\/wp\/v2\/product"}],"about":[{"href":"https:\/\/roveyayinevi.com.tr\/index.php\/wp-json\/wp\/v2\/types\/product"}],"wp:attachment":[{"href":"https:\/\/roveyayinevi.com.tr\/index.php\/wp-json\/wp\/v2\/media?parent=702305"}],"wp:term":[{"taxonomy":"product_brand","embeddable":true,"href":"https:\/\/roveyayinevi.com.tr\/index.php\/wp-json\/wp\/v2\/product_brand?post=702305"},{"taxonomy":"product_cat","embeddable":true,"href":"https:\/\/roveyayinevi.com.tr\/index.php\/wp-json\/wp\/v2\/product_cat?post=702305"},{"taxonomy":"product_tag","embeddable":true,"href":"https:\/\/roveyayinevi.com.tr\/index.php\/wp-json\/wp\/v2\/product_tag?post=702305"}],"curies":[{"name":"wp","href":"https:\/\/api.w.org\/{rel}","templated":true}]}}