{"id":702301,"date":"2025-08-27T15:15:35","date_gmt":"2025-08-27T12:15:35","guid":{"rendered":"https:\/\/roveyayinevi.com.tr\/index.php\/urun\/gulfim-abla-yuzuk-bekliyor\/"},"modified":"2026-04-16T02:11:26","modified_gmt":"2026-04-15T23:11:26","slug":"gulfim-abla-yuzuk-bekliyor","status":"publish","type":"product","link":"https:\/\/roveyayinevi.com.tr\/index.php\/urun\/gulfim-abla-yuzuk-bekliyor\/","title":{"rendered":"G\u00fclfim Abla Y\u00fcz\u00fck Bekliyor"},"content":{"rendered":"<p>O, ba\u015fl\u0131 ba\u015f\u0131na bir ekol. Hayatla m\u00fccadele eksperi. G\u00f6r\u00fcp g\u00f6rebilece\u011finiz en b\u00fcy\u00fck ergenterbiyecisi.O, G\u00fclfim \u015eim\u015fek! <\/p>\n","protected":false},"excerpt":{"rendered":"<p>O, ba\u015fl\u0131 ba\u015f\u0131na bir ekol. Hayatla m\u00fccadele eksperi. G\u00f6r\u00fcp g\u00f6rebilece\u011finiz en b\u00fcy\u00fck ergenterbiyecisi.O, G\u00fclfim \u015eim\u015fek!<\/p>\n","protected":false},"featured_media":0,"template":"","meta":{"_monsterinsights_skip_tracking":false,"_monsterinsights_sitenote_active":false,"_monsterinsights_sitenote_note":"","_monsterinsights_sitenote_category":0},"product_brand":[],"product_cat":[12291,12711],"product_tag":[],"class_list":{"0":"post-702301","1":"product","2":"type-product","3":"status-publish","5":"product_cat-edebiyat","6":"product_cat-roman-oyku","7":"pa_tur-kitap","8":"pa_yayinevi-okuyan-us-yayin","9":"pa_yazar-meltem-parlak","11":"first","12":"instock","13":"sale","14":"shipping-taxable","15":"purchasable","16":"product-type-simple"},"_links":{"self":[{"href":"https:\/\/roveyayinevi.com.tr\/index.php\/wp-json\/wp\/v2\/product\/702301","targetHints":{"allow":["GET"]}}],"collection":[{"href":"https:\/\/roveyayinevi.com.tr\/index.php\/wp-json\/wp\/v2\/product"}],"about":[{"href":"https:\/\/roveyayinevi.com.tr\/index.php\/wp-json\/wp\/v2\/types\/product"}],"wp:attachment":[{"href":"https:\/\/roveyayinevi.com.tr\/index.php\/wp-json\/wp\/v2\/media?parent=702301"}],"wp:term":[{"taxonomy":"product_brand","embeddable":true,"href":"https:\/\/roveyayinevi.com.tr\/index.php\/wp-json\/wp\/v2\/product_brand?post=702301"},{"taxonomy":"product_cat","embeddable":true,"href":"https:\/\/roveyayinevi.com.tr\/index.php\/wp-json\/wp\/v2\/product_cat?post=702301"},{"taxonomy":"product_tag","embeddable":true,"href":"https:\/\/roveyayinevi.com.tr\/index.php\/wp-json\/wp\/v2\/product_tag?post=702301"}],"curies":[{"name":"wp","href":"https:\/\/api.w.org\/{rel}","templated":true}]}}