{"id":702299,"date":"2025-08-27T15:15:34","date_gmt":"2025-08-27T12:15:34","guid":{"rendered":"https:\/\/roveyayinevi.com.tr\/index.php\/urun\/ekmek-arasi-tarih-1\/"},"modified":"2026-04-16T02:11:26","modified_gmt":"2026-04-15T23:11:26","slug":"ekmek-arasi-tarih-1","status":"publish","type":"product","link":"https:\/\/roveyayinevi.com.tr\/index.php\/urun\/ekmek-arasi-tarih-1\/","title":{"rendered":"Ekmek Aras\u0131 Tarih &#8211; 1"},"content":{"rendered":"<p>Evet bu kesinlikle bir tarih kitab\u0131! Ama asla bir ders kitab\u0131 de\u011fil! Elbette okuduklar\u0131n\u0131zdan \u00e7\u0131karaca\u011f\u0131n\u0131z baz\u0131 dersler olacak; ama merak etmeyin hi\u00e7biri s\u0131navda \u00e7\u0131kmayacak!Bu kitab\u0131, evde, okulda, parkta, bah\u00e7ede, otob\u00fcste, metrob\u00fcste, vapurda, trende, u\u00e7akta.. yani can\u0131n\u0131z\u0131n istedi\u011fi her yerde kolayca okuyabilirsiniz. Zaten ismini de bu y\u00fczden &#8220;Ekmek Aras\u0131 Tarih&#8221; koyduk.<\/p>\n","protected":false},"excerpt":{"rendered":"<p>Evet bu kesinlikle bir tarih kitab\u0131! Ama asla bir ders kitab\u0131 de\u011fil! Elbette okuduklar\u0131n\u0131zdan \u00e7\u0131karaca\u011f\u0131n\u0131z baz\u0131 dersler olacak; ama merak etmeyin hi\u00e7biri s\u0131navda \u00e7\u0131kmayacak!Bu kitab\u0131, evde,<span class=\"excerpt-hellip\"> [\u2026]<\/span><\/p>\n","protected":false},"featured_media":0,"template":"","meta":{"_monsterinsights_skip_tracking":false,"_monsterinsights_sitenote_active":false,"_monsterinsights_sitenote_note":"","_monsterinsights_sitenote_category":0},"product_brand":[],"product_cat":[12274,12631],"product_tag":[],"class_list":{"0":"post-702299","1":"product","2":"type-product","3":"status-publish","5":"product_cat-cocuk-ve-genclik-kitaplari","6":"product_cat-diger-cocuk-ve-genclik-kitaplari","7":"pa_cilt-ciltsiz","8":"pa_tur-kitap","9":"pa_yayinevi-ugurbocegi-yayinlari","10":"pa_yazar-emine-aydin","12":"first","13":"instock","14":"sale","15":"shipping-taxable","16":"purchasable","17":"product-type-simple"},"_links":{"self":[{"href":"https:\/\/roveyayinevi.com.tr\/index.php\/wp-json\/wp\/v2\/product\/702299","targetHints":{"allow":["GET"]}}],"collection":[{"href":"https:\/\/roveyayinevi.com.tr\/index.php\/wp-json\/wp\/v2\/product"}],"about":[{"href":"https:\/\/roveyayinevi.com.tr\/index.php\/wp-json\/wp\/v2\/types\/product"}],"wp:attachment":[{"href":"https:\/\/roveyayinevi.com.tr\/index.php\/wp-json\/wp\/v2\/media?parent=702299"}],"wp:term":[{"taxonomy":"product_brand","embeddable":true,"href":"https:\/\/roveyayinevi.com.tr\/index.php\/wp-json\/wp\/v2\/product_brand?post=702299"},{"taxonomy":"product_cat","embeddable":true,"href":"https:\/\/roveyayinevi.com.tr\/index.php\/wp-json\/wp\/v2\/product_cat?post=702299"},{"taxonomy":"product_tag","embeddable":true,"href":"https:\/\/roveyayinevi.com.tr\/index.php\/wp-json\/wp\/v2\/product_tag?post=702299"}],"curies":[{"name":"wp","href":"https:\/\/api.w.org\/{rel}","templated":true}]}}