{"id":702280,"date":"2025-08-27T15:15:29","date_gmt":"2025-08-27T12:15:29","guid":{"rendered":"https:\/\/roveyayinevi.com.tr\/index.php\/urun\/gozyasi\/"},"modified":"2026-04-16T02:11:26","modified_gmt":"2026-04-15T23:11:26","slug":"gozyasi","status":"publish","type":"product","link":"https:\/\/roveyayinevi.com.tr\/index.php\/urun\/gozyasi\/","title":{"rendered":"G\u00f6zya\u015f\u0131"},"content":{"rendered":"<p>Tek bir damla g\u00f6zya\u015f\u0131, d\u00fcnyan\u0131n sonunu getirebilir&#8230;Romeo ve Juliet&#8230;Edward ve Bella&#8230;Luce ve Daniel&#8230;\u015eimdi s\u0131ra Eureka ve Anderde&#8230;Y\u00fcrekleri durduran bir romantizm&#8230;\u00d6n\u00fcne ge\u00e7ilemeyen bir kader&#8230;Tahrip edici bir s\u0131r&#8230;Bir daha asla a\u011flama&#8230; Eureka Boudreauxnun annesi y\u0131llar \u00f6nce k\u0131z\u0131na bu yasa\u011f\u0131 koymu\u015ftur. Ama Eurekan\u0131n annesi art\u0131k hayatta de\u011fildir ve gen\u00e7 k\u0131z nereye gitse kar\u015f\u0131s\u0131nda uzun boylu, soluk tenli Anderi bulmaktad\u0131r. Ander bilmemesi gereken \u015feyleri bilmekte ve Eurekaya tehlike alt\u0131nda oldu\u011funu s\u00f6ylemektedir. Ayn\u0131 zamanda senelerden beri kimsenin yapamad\u0131\u011f\u0131n\u0131 yap\u0131p Eurekay\u0131 h\u0131\u00e7k\u0131ra h\u0131\u00e7k\u0131ra a\u011flayacak noktaya getiren tek ki\u015fidir. (Tan\u0131t\u0131m B\u00fclteninden) \ufffcTan\u0131t\u0131m Metni<\/p>\n","protected":false},"excerpt":{"rendered":"<p>Tek bir damla g\u00f6zya\u015f\u0131, d\u00fcnyan\u0131n sonunu getirebilir&#8230;Romeo ve Juliet&#8230;Edward ve Bella&#8230;Luce ve Daniel&#8230;\u015eimdi s\u0131ra Eureka ve Anderde&#8230;Y\u00fcrekleri durduran bir romantizm&#8230;\u00d6n\u00fcne ge\u00e7ilemeyen bir kader&#8230;Tahrip edici bir s\u0131r&#8230;Bir<span class=\"excerpt-hellip\"> [\u2026]<\/span><\/p>\n","protected":false},"featured_media":0,"template":"","meta":{"_monsterinsights_skip_tracking":false,"_monsterinsights_sitenote_active":false,"_monsterinsights_sitenote_note":"","_monsterinsights_sitenote_category":0},"product_brand":[],"product_cat":[12291,12711],"product_tag":[],"class_list":{"0":"post-702280","1":"product","2":"type-product","3":"status-publish","5":"product_cat-edebiyat","6":"product_cat-roman-oyku","7":"pa_cilt-ciltsiz","8":"pa_tur-kitap","9":"pa_yayinevi-epsilon-yayinlari","10":"pa_yazar-lauren-kate","12":"first","13":"instock","14":"sale","15":"shipping-taxable","16":"purchasable","17":"product-type-simple"},"_links":{"self":[{"href":"https:\/\/roveyayinevi.com.tr\/index.php\/wp-json\/wp\/v2\/product\/702280","targetHints":{"allow":["GET"]}}],"collection":[{"href":"https:\/\/roveyayinevi.com.tr\/index.php\/wp-json\/wp\/v2\/product"}],"about":[{"href":"https:\/\/roveyayinevi.com.tr\/index.php\/wp-json\/wp\/v2\/types\/product"}],"wp:attachment":[{"href":"https:\/\/roveyayinevi.com.tr\/index.php\/wp-json\/wp\/v2\/media?parent=702280"}],"wp:term":[{"taxonomy":"product_brand","embeddable":true,"href":"https:\/\/roveyayinevi.com.tr\/index.php\/wp-json\/wp\/v2\/product_brand?post=702280"},{"taxonomy":"product_cat","embeddable":true,"href":"https:\/\/roveyayinevi.com.tr\/index.php\/wp-json\/wp\/v2\/product_cat?post=702280"},{"taxonomy":"product_tag","embeddable":true,"href":"https:\/\/roveyayinevi.com.tr\/index.php\/wp-json\/wp\/v2\/product_tag?post=702280"}],"curies":[{"name":"wp","href":"https:\/\/api.w.org\/{rel}","templated":true}]}}