{"id":702273,"date":"2025-08-27T15:15:27","date_gmt":"2025-08-27T12:15:27","guid":{"rendered":"https:\/\/roveyayinevi.com.tr\/index.php\/urun\/kuresel-politikada-yukselen-afrika\/"},"modified":"2026-04-16T02:11:25","modified_gmt":"2026-04-15T23:11:25","slug":"kuresel-politikada-yukselen-afrika","status":"publish","type":"product","link":"https:\/\/roveyayinevi.com.tr\/index.php\/urun\/kuresel-politikada-yukselen-afrika\/","title":{"rendered":"K\u00fcresel Politikada Y\u00fckselen Afrika"},"content":{"rendered":"<p>Mekan olarak Afrika, y\u00fczy\u0131llar boyunca ka\u015fiflerin, tacirlerin, maceraperestlerin, ara\u015ft\u0131rmac\u0131lar\u0131n, arkeologlar\u0131n, misyonerlerin vb. gruplar\u0131n ilgisini \u00e7eken bir k\u0131ta olmu\u015ftur. Ancak bu ilgi, birtak\u0131m olumsuz tabirlerle de peki\u015fti\u011fi g\u00f6r\u00fclm\u00fc\u015ft\u00fcr. Buna g\u00f6re Afrika&#8217;ya &#8216;Kara K\u0131ta&#8217; denmesi, kimilerine g\u00f6re ke\u015ffedilmemi\u015fli\u011fi, kimilerine g\u00f6re talihsizli\u011fi, kimilerine g\u00f6re gizemi, kimilerine g\u00f6re geri kalm\u0131\u015fl\u0131\u011f\u0131, kimilerine g\u00f6re ise Bat\u0131 Uygarl\u0131\u011f\u0131n\u0131 takip etmesi gereken &#8216;ilkel bir yap\u0131y\u0131&#8217; nitelendirmesinden kaynaklanmaktad\u0131r. <\/p>\n","protected":false},"excerpt":{"rendered":"<p>Mekan olarak Afrika, y\u00fczy\u0131llar boyunca ka\u015fiflerin, tacirlerin, maceraperestlerin, ara\u015ft\u0131rmac\u0131lar\u0131n, arkeologlar\u0131n, misyonerlerin vb. gruplar\u0131n ilgisini \u00e7eken bir k\u0131ta olmu\u015ftur. Ancak bu ilgi, birtak\u0131m olumsuz tabirlerle de peki\u015fti\u011fi<span class=\"excerpt-hellip\"> [\u2026]<\/span><\/p>\n","protected":false},"featured_media":0,"template":"","meta":{"_monsterinsights_skip_tracking":false,"_monsterinsights_sitenote_active":false,"_monsterinsights_sitenote_note":"","_monsterinsights_sitenote_category":0},"product_brand":[],"product_cat":[12338,12337],"product_tag":[],"class_list":{"0":"post-702273","1":"product","2":"type-product","3":"status-publish","5":"product_cat-dunya-siyaseti-ve-politikasi","6":"product_cat-politika-siyaset","7":"pa_cilt-ciltsiz","8":"pa_tur-kitap","9":"pa_yayinevi-gazi-kitabevi","10":"pa_yazar-kolektif","12":"first","13":"instock","14":"sale","15":"shipping-taxable","16":"purchasable","17":"product-type-simple"},"_links":{"self":[{"href":"https:\/\/roveyayinevi.com.tr\/index.php\/wp-json\/wp\/v2\/product\/702273","targetHints":{"allow":["GET"]}}],"collection":[{"href":"https:\/\/roveyayinevi.com.tr\/index.php\/wp-json\/wp\/v2\/product"}],"about":[{"href":"https:\/\/roveyayinevi.com.tr\/index.php\/wp-json\/wp\/v2\/types\/product"}],"wp:attachment":[{"href":"https:\/\/roveyayinevi.com.tr\/index.php\/wp-json\/wp\/v2\/media?parent=702273"}],"wp:term":[{"taxonomy":"product_brand","embeddable":true,"href":"https:\/\/roveyayinevi.com.tr\/index.php\/wp-json\/wp\/v2\/product_brand?post=702273"},{"taxonomy":"product_cat","embeddable":true,"href":"https:\/\/roveyayinevi.com.tr\/index.php\/wp-json\/wp\/v2\/product_cat?post=702273"},{"taxonomy":"product_tag","embeddable":true,"href":"https:\/\/roveyayinevi.com.tr\/index.php\/wp-json\/wp\/v2\/product_tag?post=702273"}],"curies":[{"name":"wp","href":"https:\/\/api.w.org\/{rel}","templated":true}]}}

Küresel Politikada Yükselen Afrika

<p>Mekan olarak Afrika, yüzyıllar boyunca kaşiflerin, tacirlerin, maceraperestlerin, araştırmacıların, arkeologların, misyonerlerin vb. grupların ilgisini çeken bir kıta olmuştur. Ancak bu ilgi, birtakım olumsuz tabirlerle de pekiştiği görülmüştür. Buna göre Afrika&#8217;ya &#8216;Kara Kıta&#8217; denmesi, kimilerine göre keşfedilmemişliği, kimilerine göre talihsizliği, kimilerine göre gizemi, kimilerine göre geri kalmışlığı, kimilerine göre ise Batı Uygarlığını takip etmesi gereken &#8216;ilkel bir yapıyı&#8217; nitelendirmesinden kaynaklanmaktadır. </p>

<p>Mekan olarak Afrika, yüzyıllar boyunca kaşiflerin, tacirlerin, maceraperestlerin, araştırmacıların, arkeologların, misyonerlerin vb. grupların ilgisini çeken bir kıta olmuştur. Ancak bu ilgi, birtakım olumsuz tabirlerle de pekiştiği<span class="excerpt-hellip"> […]</span></p>
