{"id":702272,"date":"2025-08-27T15:15:26","date_gmt":"2025-08-27T12:15:26","guid":{"rendered":"https:\/\/roveyayinevi.com.tr\/index.php\/urun\/dunya-okulu-egitimi-yeniden-dusunmek\/"},"modified":"2026-04-16T02:11:25","modified_gmt":"2026-04-15T23:11:25","slug":"dunya-okulu-egitimi-yeniden-dusunmek","status":"publish","type":"product","link":"https:\/\/roveyayinevi.com.tr\/index.php\/urun\/dunya-okulu-egitimi-yeniden-dusunmek\/","title":{"rendered":"D\u00fcnya Okulu &#8211; E\u011fitimi Yeniden D\u00fc\u015f\u00fcnmek"},"content":{"rendered":"<p>E\u011fitimde f\u0131rsat e\u015fitli\u011fi i\u00e7in, herkese, her yerde, d\u00fcnya standartlar\u0131nda, \u00fccretsiz e\u011fitim. <\/p>\n","protected":false},"excerpt":{"rendered":"<p>E\u011fitimde f\u0131rsat e\u015fitli\u011fi i\u00e7in, herkese, her yerde, d\u00fcnya standartlar\u0131nda, \u00fccretsiz e\u011fitim.<\/p>\n","protected":false},"featured_media":0,"template":"","meta":{"_monsterinsights_skip_tracking":false,"_monsterinsights_sitenote_active":false,"_monsterinsights_sitenote_note":"","_monsterinsights_sitenote_category":0},"product_brand":[],"product_cat":[12312,12304],"product_tag":[],"class_list":{"0":"post-702272","1":"product","2":"type-product","3":"status-publish","5":"product_cat-diger","6":"product_cat-tarih","7":"pa_cilt-ciltsiz","8":"pa_tur-kitap","9":"pa_yayinevi-yapi-kredi-yayinlari","10":"pa_yazar-salman-khan","12":"first","13":"instock","14":"sale","15":"shipping-taxable","16":"purchasable","17":"product-type-simple"},"_links":{"self":[{"href":"https:\/\/roveyayinevi.com.tr\/index.php\/wp-json\/wp\/v2\/product\/702272","targetHints":{"allow":["GET"]}}],"collection":[{"href":"https:\/\/roveyayinevi.com.tr\/index.php\/wp-json\/wp\/v2\/product"}],"about":[{"href":"https:\/\/roveyayinevi.com.tr\/index.php\/wp-json\/wp\/v2\/types\/product"}],"wp:attachment":[{"href":"https:\/\/roveyayinevi.com.tr\/index.php\/wp-json\/wp\/v2\/media?parent=702272"}],"wp:term":[{"taxonomy":"product_brand","embeddable":true,"href":"https:\/\/roveyayinevi.com.tr\/index.php\/wp-json\/wp\/v2\/product_brand?post=702272"},{"taxonomy":"product_cat","embeddable":true,"href":"https:\/\/roveyayinevi.com.tr\/index.php\/wp-json\/wp\/v2\/product_cat?post=702272"},{"taxonomy":"product_tag","embeddable":true,"href":"https:\/\/roveyayinevi.com.tr\/index.php\/wp-json\/wp\/v2\/product_tag?post=702272"}],"curies":[{"name":"wp","href":"https:\/\/api.w.org\/{rel}","templated":true}]}}