{"id":702271,"date":"2025-08-27T15:15:26","date_gmt":"2025-08-27T12:15:26","guid":{"rendered":"https:\/\/roveyayinevi.com.tr\/index.php\/urun\/yenilgiden-sonra\/"},"modified":"2026-04-16T02:11:25","modified_gmt":"2026-04-15T23:11:25","slug":"yenilgiden-sonra","status":"publish","type":"product","link":"https:\/\/roveyayinevi.com.tr\/index.php\/urun\/yenilgiden-sonra\/","title":{"rendered":"Yenilgiden Sonra"},"content":{"rendered":"<p>T\u00fcrkiye, Japonya, Rusya: Co\u011frafi konumlar\u0131, dilleri, dinleri, y\u00fcz\u00f6l\u00e7\u00fcmleri, g\u00fc\u00e7leri, k\u00fclt\u00fcrleri birbirinden bu kadar farkl\u0131 \u00fc\u00e7 \u00fclke neden ayn\u0131 saplant\u0131larla bo\u011fu\u015fup durur? Bu \u00fc\u00e7 \u00fclkenin Bat\u0131 denen \u015feye benzer tepkiler vermelerinin kuramsal a\u00e7\u0131dan tutarl\u0131 bir a\u00e7\u0131klamas\u0131 var m\u0131d\u0131r? Bat\u0131 taraf\u0131ndan ma\u011flup edilmi\u015f bu imparatorluklar yenilgiyle nas\u0131l ba\u015fa \u00e7\u0131km\u0131\u015flard\u0131? Konstr\u00fcktivizmin yan\u0131 s\u0131ra toplumsal kuramc\u0131lar\u0131n ve d\u00fc\u015f\u00fcn\u00fcrlerin g\u00f6r\u00fc\u015flerinden yararlanan Yenilgiden Sonra, lekeli devletlerin, stat\u00fc kayg\u0131lar\u0131na kar\u015f\u0131 a\u015f\u0131r\u0131 duyarl\u0131 hale geldiklerini ve d\u0131\u015f siyasetlerini buna g\u00f6re bi\u00e7imlendirdiklerini savunuyor. Birinci D\u00fcnya Sava\u015f\u0131 sonras\u0131 T\u00fcrkiye, \u0130kinci D\u00fcnya Sava\u015f\u0131 sonras\u0131 Japonya ve So\u011fuk Sava\u015f sonras\u0131 Rusya vakalar\u0131n\u0131 derinlemesine inceliyor, kar\u015f\u0131la\u015ft\u0131r\u0131yor. Zarakol bu konular\u0131 ele al\u0131rken Bat\u0131l\u0131 olmak veya olmamak, Bat\u0131\u2019dan \u201cgeri\u201d olmak, yeterince \u201cmedeni\u201d veya \u201cgeli\u015fmi\u015f\u201d olmamak \u00fczerine bu \u00fclkelerde cereyan eden tart\u0131\u015fmalardan da bir kesit sunuyor. Uluslararas\u0131 ili\u015fkiler, sosyoloji ve tarih disiplinlerinin kesi\u015fiminde yer alan bu \u00e7al\u0131\u015fma k\u0131yaslamalar\u0131, tarihsel analizleri ve kuramsal yakla\u015f\u0131mlar\u0131yla alan\u0131na yeni bir soluk getiriyor. <\/p>\n","protected":false},"excerpt":{"rendered":"<p>T\u00fcrkiye, Japonya, Rusya: Co\u011frafi konumlar\u0131, dilleri, dinleri, y\u00fcz\u00f6l\u00e7\u00fcmleri, g\u00fc\u00e7leri, k\u00fclt\u00fcrleri birbirinden bu kadar farkl\u0131 \u00fc\u00e7 \u00fclke neden ayn\u0131 saplant\u0131larla bo\u011fu\u015fup durur? Bu \u00fc\u00e7 \u00fclkenin Bat\u0131 denen<span class=\"excerpt-hellip\"> [\u2026]<\/span><\/p>\n","protected":false},"featured_media":0,"template":"","meta":{"_monsterinsights_skip_tracking":false,"_monsterinsights_sitenote_active":false,"_monsterinsights_sitenote_note":"","_monsterinsights_sitenote_category":0},"product_brand":[],"product_cat":[12338,12337],"product_tag":[],"class_list":{"0":"post-702271","1":"product","2":"type-product","3":"status-publish","5":"product_cat-dunya-siyaseti-ve-politikasi","6":"product_cat-politika-siyaset","7":"pa_cilt-ciltsiz","8":"pa_tur-kitap","9":"pa_yayinevi-koc-universitesi-yayinlari","10":"pa_yazar-ayse-zarakol","12":"first","13":"instock","14":"sale","15":"shipping-taxable","16":"purchasable","17":"product-type-simple"},"_links":{"self":[{"href":"https:\/\/roveyayinevi.com.tr\/index.php\/wp-json\/wp\/v2\/product\/702271","targetHints":{"allow":["GET"]}}],"collection":[{"href":"https:\/\/roveyayinevi.com.tr\/index.php\/wp-json\/wp\/v2\/product"}],"about":[{"href":"https:\/\/roveyayinevi.com.tr\/index.php\/wp-json\/wp\/v2\/types\/product"}],"wp:attachment":[{"href":"https:\/\/roveyayinevi.com.tr\/index.php\/wp-json\/wp\/v2\/media?parent=702271"}],"wp:term":[{"taxonomy":"product_brand","embeddable":true,"href":"https:\/\/roveyayinevi.com.tr\/index.php\/wp-json\/wp\/v2\/product_brand?post=702271"},{"taxonomy":"product_cat","embeddable":true,"href":"https:\/\/roveyayinevi.com.tr\/index.php\/wp-json\/wp\/v2\/product_cat?post=702271"},{"taxonomy":"product_tag","embeddable":true,"href":"https:\/\/roveyayinevi.com.tr\/index.php\/wp-json\/wp\/v2\/product_tag?post=702271"}],"curies":[{"name":"wp","href":"https:\/\/api.w.org\/{rel}","templated":true}]}}