{"id":702261,"date":"2025-08-27T15:15:23","date_gmt":"2025-08-27T12:15:23","guid":{"rendered":"https:\/\/roveyayinevi.com.tr\/index.php\/urun\/kuram-ve-uygulamada-cografya-egitimi\/"},"modified":"2026-04-16T02:11:25","modified_gmt":"2026-04-15T23:11:25","slug":"kuram-ve-uygulamada-cografya-egitimi","status":"publish","type":"product","link":"https:\/\/roveyayinevi.com.tr\/index.php\/urun\/kuram-ve-uygulamada-cografya-egitimi\/","title":{"rendered":"Kuram ve Uygulamada Co\u011frafya E\u011fitimi"},"content":{"rendered":"<p>Ge\u00e7mi\u015fi ve de\u011fi\u015fim s\u00fcreci ile co\u011frafya d\u00fcnyay\u0131 anlama ve d\u00fcnyay\u0131 betimleme bak\u0131m\u0131ndan en dinamik i\u00e7eri\u011fe sahip bilimdir. \u0130lk\u00e7a\u011flardan beri insan\u0131n ya\u015fam alan\u0131 ile ilgili olan co\u011frafya, i\u00e7erik ve metodolojik a\u00e7\u0131dan de\u011fi\u015fimler ge\u00e7irerek do\u011fa-insan eksenli bir i\u00e7eri\u011fe sahip hale gelmi\u015ftir. Ya\u015fan\u0131lan alan ve d\u00fcnya alg\u0131s\u0131 kazand\u0131ran yegane bilim ve derstir. Bu i\u00e7eri\u011fi ile co\u011frafya her d\u00f6nem insanl\u0131\u011fa \u00f6nemli hizmetler vermi\u015ftir. <\/p>\n","protected":false},"excerpt":{"rendered":"<p>Ge\u00e7mi\u015fi ve de\u011fi\u015fim s\u00fcreci ile co\u011frafya d\u00fcnyay\u0131 anlama ve d\u00fcnyay\u0131 betimleme bak\u0131m\u0131ndan en dinamik i\u00e7eri\u011fe sahip bilimdir. \u0130lk\u00e7a\u011flardan beri insan\u0131n ya\u015fam alan\u0131 ile ilgili olan co\u011frafya,<span class=\"excerpt-hellip\"> [\u2026]<\/span><\/p>\n","protected":false},"featured_media":0,"template":"","meta":{"_monsterinsights_skip_tracking":false,"_monsterinsights_sitenote_active":false,"_monsterinsights_sitenote_note":"","_monsterinsights_sitenote_category":0},"product_brand":[],"product_cat":[12573,12566],"product_tag":[],"class_list":{"0":"post-702261","1":"product","2":"type-product","3":"status-publish","5":"product_cat-akademik-kitaplar","6":"product_cat-egitim","7":"pa_cilt-ciltsiz","8":"pa_tur-kitap","9":"pa_yayinevi-gazi-kitabevi","10":"pa_yazar-nurcan-demiralp","12":"first","13":"instock","14":"sale","15":"shipping-taxable","16":"purchasable","17":"product-type-simple"},"_links":{"self":[{"href":"https:\/\/roveyayinevi.com.tr\/index.php\/wp-json\/wp\/v2\/product\/702261","targetHints":{"allow":["GET"]}}],"collection":[{"href":"https:\/\/roveyayinevi.com.tr\/index.php\/wp-json\/wp\/v2\/product"}],"about":[{"href":"https:\/\/roveyayinevi.com.tr\/index.php\/wp-json\/wp\/v2\/types\/product"}],"wp:attachment":[{"href":"https:\/\/roveyayinevi.com.tr\/index.php\/wp-json\/wp\/v2\/media?parent=702261"}],"wp:term":[{"taxonomy":"product_brand","embeddable":true,"href":"https:\/\/roveyayinevi.com.tr\/index.php\/wp-json\/wp\/v2\/product_brand?post=702261"},{"taxonomy":"product_cat","embeddable":true,"href":"https:\/\/roveyayinevi.com.tr\/index.php\/wp-json\/wp\/v2\/product_cat?post=702261"},{"taxonomy":"product_tag","embeddable":true,"href":"https:\/\/roveyayinevi.com.tr\/index.php\/wp-json\/wp\/v2\/product_tag?post=702261"}],"curies":[{"name":"wp","href":"https:\/\/api.w.org\/{rel}","templated":true}]}}