{"id":702241,"date":"2025-08-27T15:15:17","date_gmt":"2025-08-27T12:15:17","guid":{"rendered":"https:\/\/roveyayinevi.com.tr\/index.php\/urun\/fikri-ruyakaciran\/"},"modified":"2026-04-16T02:11:25","modified_gmt":"2026-04-15T23:11:25","slug":"fikri-ruyakaciran","status":"publish","type":"product","link":"https:\/\/roveyayinevi.com.tr\/index.php\/urun\/fikri-ruyakaciran\/","title":{"rendered":"Fikri R\u00fcyaka\u00e7\u0131ran"},"content":{"rendered":"<p>D\u00fcnyan\u0131n bilinen bir \u00fclkesinde, renksiz binalar\u0131n doldurdu\u011fu, a\u011fa\u00e7lar\u0131n insanlara k\u00fcs\u00fcp ka\u00e7t\u0131\u011f\u0131, b\u00fct\u00fcn bacalar\u0131ndan gri dumanlar \u00e7\u0131kan fabrikalar\u0131n g\u00f6r\u00fcld\u00fc\u011f\u00fc bir kentinde, bir \u00e7ocuk ya\u015fard\u0131. Dumanlar\u0131n ula\u015famad\u0131\u011f\u0131 bir tepede kalan bu \u00e7ocu\u011fun ad\u0131 Fikri R\u00fcyaka\u00e7\u0131ran&#8217;d\u0131. Fikri, babas\u0131yla birlikte kendisi k\u00fc\u00e7\u00fck, bah\u00e7esi b\u00fcy\u00fck bir evde oturuyordu. Yaln\u0131zken, \u00c7\u00f6pe At\u0131lm\u0131\u015f Pullar Koleksiyonu na bak\u0131p hayaller kurmaya bay\u0131lan Fikri&#8217;nin \u00e7ok b\u00fcy\u00fck bir sorunu vard\u0131: Hi\u00e7 r\u00fcya g\u00f6remiyordu. \u0130lk \u00f6nce yata\u011f\u0131n\u0131 de\u011fi\u015ftirmeye karar verdi, sonra da yata\u011f\u0131n\u0131n yerini. Hatta bir gece evlerinin bah\u00e7esinde bile uyudu. Yoksa soyad\u0131 y\u00fcz\u00fcnden mi r\u00fcya g\u00f6remiyordu? \ufffcTan\u0131t\u0131m Metni<\/p>\n","protected":false},"excerpt":{"rendered":"<p>D\u00fcnyan\u0131n bilinen bir \u00fclkesinde, renksiz binalar\u0131n doldurdu\u011fu, a\u011fa\u00e7lar\u0131n insanlara k\u00fcs\u00fcp ka\u00e7t\u0131\u011f\u0131, b\u00fct\u00fcn bacalar\u0131ndan gri dumanlar \u00e7\u0131kan fabrikalar\u0131n g\u00f6r\u00fcld\u00fc\u011f\u00fc bir kentinde, bir \u00e7ocuk ya\u015fard\u0131. Dumanlar\u0131n ula\u015famad\u0131\u011f\u0131 bir<span class=\"excerpt-hellip\"> [\u2026]<\/span><\/p>\n","protected":false},"featured_media":0,"template":"","meta":{"_monsterinsights_skip_tracking":false,"_monsterinsights_sitenote_active":false,"_monsterinsights_sitenote_note":"","_monsterinsights_sitenote_category":0},"product_brand":[],"product_cat":[12275,12274],"product_tag":[],"class_list":{"0":"post-702241","1":"product","2":"type-product","3":"status-publish","5":"product_cat-6-12-yas-kitaplari","6":"product_cat-cocuk-ve-genclik-kitaplari","7":"pa_cilt-ciltsiz","8":"pa_tur-kitap","9":"pa_yayinevi-kirmizi-kedi-yayinevi","10":"pa_yazar-su-ozdogu","12":"first","13":"instock","14":"sale","15":"shipping-taxable","16":"purchasable","17":"product-type-simple"},"_links":{"self":[{"href":"https:\/\/roveyayinevi.com.tr\/index.php\/wp-json\/wp\/v2\/product\/702241","targetHints":{"allow":["GET"]}}],"collection":[{"href":"https:\/\/roveyayinevi.com.tr\/index.php\/wp-json\/wp\/v2\/product"}],"about":[{"href":"https:\/\/roveyayinevi.com.tr\/index.php\/wp-json\/wp\/v2\/types\/product"}],"wp:attachment":[{"href":"https:\/\/roveyayinevi.com.tr\/index.php\/wp-json\/wp\/v2\/media?parent=702241"}],"wp:term":[{"taxonomy":"product_brand","embeddable":true,"href":"https:\/\/roveyayinevi.com.tr\/index.php\/wp-json\/wp\/v2\/product_brand?post=702241"},{"taxonomy":"product_cat","embeddable":true,"href":"https:\/\/roveyayinevi.com.tr\/index.php\/wp-json\/wp\/v2\/product_cat?post=702241"},{"taxonomy":"product_tag","embeddable":true,"href":"https:\/\/roveyayinevi.com.tr\/index.php\/wp-json\/wp\/v2\/product_tag?post=702241"}],"curies":[{"name":"wp","href":"https:\/\/api.w.org\/{rel}","templated":true}]}}