{"id":702236,"date":"2025-08-27T15:14:43","date_gmt":"2025-08-27T12:14:43","guid":{"rendered":"https:\/\/roveyayinevi.com.tr\/index.php\/urun\/genel-ekonomi\/"},"modified":"2025-09-22T09:57:28","modified_gmt":"2025-09-22T06:57:28","slug":"genel-ekonomi","status":"publish","type":"product","link":"https:\/\/roveyayinevi.com.tr\/index.php\/urun\/genel-ekonomi\/","title":{"rendered":"Genel Ekonomi"},"content":{"rendered":"<p>Bu \u00e7al\u0131\u015fma Gazi \u00dcniversitesi,\u0130ktisadi idari bilimler fak\u00fcltesinin \u00e7e\u015fitli b\u00f6l\u00fcmlerinde uzun y\u0131llar anlatt\u0131\u011f\u0131m\u0131z \u0130ktisada Giri\u015f derslerinin geni\u015f bir derlemesidir.Ama\u00e7 \u0130ktisat b\u00f6l\u00fcm\u00fc d\u0131\u015f\u0131nda kalan \u00d6\u011frencileride ekonomi ile tan\u0131\u015ft\u0131rmak ve onlar\u0131n \u00e7e\u015fitli iktisadi kavram, y\u00f6ntem ve ili\u015fkileri belli bir b\u00fct\u00fcnl\u00fck i\u00e7inde alg\u0131lamalar\u0131n\u0131 sa\u011flamakt\u0131r. <\/p>\n","protected":false},"excerpt":{"rendered":"<p>Bu \u00e7al\u0131\u015fma Gazi \u00dcniversitesi,\u0130ktisadi idari bilimler fak\u00fcltesinin \u00e7e\u015fitli b\u00f6l\u00fcmlerinde uzun y\u0131llar anlatt\u0131\u011f\u0131m\u0131z \u0130ktisada Giri\u015f derslerinin geni\u015f bir derlemesidir.Ama\u00e7 \u0130ktisat b\u00f6l\u00fcm\u00fc d\u0131\u015f\u0131nda kalan \u00d6\u011frencileride ekonomi ile tan\u0131\u015ft\u0131rmak<span class=\"excerpt-hellip\"> [\u2026]<\/span><\/p>\n","protected":false},"featured_media":0,"template":"","meta":{"_monsterinsights_skip_tracking":false,"_monsterinsights_sitenote_active":false,"_monsterinsights_sitenote_note":"","_monsterinsights_sitenote_category":0},"product_brand":[],"product_cat":[12573,12566],"product_tag":[],"class_list":{"0":"post-702236","1":"product","2":"type-product","3":"status-publish","5":"product_cat-akademik-kitaplar","6":"product_cat-egitim","7":"pa_cilt-ciltsiz","8":"pa_tur-kitap","9":"pa_yayinevi-gazi-kitabevi","10":"pa_yazar-mehmet-tomanbay","12":"first","13":"instock","14":"sale","15":"shipping-taxable","16":"purchasable","17":"product-type-simple"},"_links":{"self":[{"href":"https:\/\/roveyayinevi.com.tr\/index.php\/wp-json\/wp\/v2\/product\/702236","targetHints":{"allow":["GET"]}}],"collection":[{"href":"https:\/\/roveyayinevi.com.tr\/index.php\/wp-json\/wp\/v2\/product"}],"about":[{"href":"https:\/\/roveyayinevi.com.tr\/index.php\/wp-json\/wp\/v2\/types\/product"}],"wp:attachment":[{"href":"https:\/\/roveyayinevi.com.tr\/index.php\/wp-json\/wp\/v2\/media?parent=702236"}],"wp:term":[{"taxonomy":"product_brand","embeddable":true,"href":"https:\/\/roveyayinevi.com.tr\/index.php\/wp-json\/wp\/v2\/product_brand?post=702236"},{"taxonomy":"product_cat","embeddable":true,"href":"https:\/\/roveyayinevi.com.tr\/index.php\/wp-json\/wp\/v2\/product_cat?post=702236"},{"taxonomy":"product_tag","embeddable":true,"href":"https:\/\/roveyayinevi.com.tr\/index.php\/wp-json\/wp\/v2\/product_tag?post=702236"}],"curies":[{"name":"wp","href":"https:\/\/api.w.org\/{rel}","templated":true}]}}