{"id":702232,"date":"2025-08-27T15:14:42","date_gmt":"2025-08-27T12:14:42","guid":{"rendered":"https:\/\/roveyayinevi.com.tr\/index.php\/urun\/ekonomik-terimler-sozlugu\/"},"modified":"2026-04-16T02:11:25","modified_gmt":"2026-04-15T23:11:25","slug":"ekonomik-terimler-sozlugu","status":"publish","type":"product","link":"https:\/\/roveyayinevi.com.tr\/index.php\/urun\/ekonomik-terimler-sozlugu\/","title":{"rendered":"Ekonomik Terimler S\u00f6zl\u00fc\u011f\u00fc"},"content":{"rendered":"<p>Yirmibirinci y\u00fczy\u0131l, bilgi \u00e7a\u011f\u0131, bili\u015fim \u00e7a\u011f\u0131 olarak isimlendirilmektedir. Son derece geli\u015fmi\u015f olan ileti\u015fim ara\u00e7lar\u0131 da bili\u015fim \u00e7a\u011f\u0131n\u0131n itici g\u00fcc\u00fc olarak kabul edilmektedir. \u0130leti\u015fim ara\u00e7lar\u0131n\u0131n geli\u015fmesi sonucu \u00fclkeler birbirlerine daha \u00e7ok yakla\u015fm\u0131\u015f, adeta d\u00fcnya k\u00fc\u00e7\u00fclm\u00fc\u015f ve d\u00fcnya pazaralr\u0131nda bir k\u00fcreselle\u015fmeye do\u011fru gidi\u015fat ba\u015flam\u0131\u015ft\u0131r. Bu gidi\u015fat\u0131n sonucu olarak da pazar\u0131n geni\u015flemesiyle rekabet daha da keskinle\u015fmi\u015f ve d\u00fcnyada piyasa ekonomisi hakim olmaya ba\u015flam\u0131\u015ft\u0131r. <\/p>\n","protected":false},"excerpt":{"rendered":"<p>Yirmibirinci y\u00fczy\u0131l, bilgi \u00e7a\u011f\u0131, bili\u015fim \u00e7a\u011f\u0131 olarak isimlendirilmektedir. Son derece geli\u015fmi\u015f olan ileti\u015fim ara\u00e7lar\u0131 da bili\u015fim \u00e7a\u011f\u0131n\u0131n itici g\u00fcc\u00fc olarak kabul edilmektedir. \u0130leti\u015fim ara\u00e7lar\u0131n\u0131n geli\u015fmesi sonucu<span class=\"excerpt-hellip\"> [\u2026]<\/span><\/p>\n","protected":false},"featured_media":0,"template":"","meta":{"_monsterinsights_skip_tracking":false,"_monsterinsights_sitenote_active":false,"_monsterinsights_sitenote_note":"","_monsterinsights_sitenote_category":0},"product_brand":[],"product_cat":[12573,12566],"product_tag":[],"class_list":{"0":"post-702232","1":"product","2":"type-product","3":"status-publish","5":"product_cat-akademik-kitaplar","6":"product_cat-egitim","7":"pa_cilt-ciltsiz","8":"pa_tur-kitap","9":"pa_yayinevi-gazi-kitabevi","10":"pa_yazar-unsal-ban","12":"first","13":"instock","14":"sale","15":"shipping-taxable","16":"purchasable","17":"product-type-simple"},"_links":{"self":[{"href":"https:\/\/roveyayinevi.com.tr\/index.php\/wp-json\/wp\/v2\/product\/702232","targetHints":{"allow":["GET"]}}],"collection":[{"href":"https:\/\/roveyayinevi.com.tr\/index.php\/wp-json\/wp\/v2\/product"}],"about":[{"href":"https:\/\/roveyayinevi.com.tr\/index.php\/wp-json\/wp\/v2\/types\/product"}],"wp:attachment":[{"href":"https:\/\/roveyayinevi.com.tr\/index.php\/wp-json\/wp\/v2\/media?parent=702232"}],"wp:term":[{"taxonomy":"product_brand","embeddable":true,"href":"https:\/\/roveyayinevi.com.tr\/index.php\/wp-json\/wp\/v2\/product_brand?post=702232"},{"taxonomy":"product_cat","embeddable":true,"href":"https:\/\/roveyayinevi.com.tr\/index.php\/wp-json\/wp\/v2\/product_cat?post=702232"},{"taxonomy":"product_tag","embeddable":true,"href":"https:\/\/roveyayinevi.com.tr\/index.php\/wp-json\/wp\/v2\/product_tag?post=702232"}],"curies":[{"name":"wp","href":"https:\/\/api.w.org\/{rel}","templated":true}]}}