{"id":702231,"date":"2025-08-27T15:14:42","date_gmt":"2025-08-27T12:14:42","guid":{"rendered":"https:\/\/roveyayinevi.com.tr\/index.php\/urun\/egitimde-orgutsel-davranis\/"},"modified":"2026-04-16T02:11:25","modified_gmt":"2026-04-15T23:11:25","slug":"egitimde-orgutsel-davranis","status":"publish","type":"product","link":"https:\/\/roveyayinevi.com.tr\/index.php\/urun\/egitimde-orgutsel-davranis\/","title":{"rendered":"E\u011fitimde \u00d6rg\u00fctsel Davran\u0131\u015f"},"content":{"rendered":"<p>\u0130\u00e7indekiler: &#8211; Y\u00f6netim D\u00fc\u015f\u00fcncesinin Geli\u015fim S\u00fcreci &#8211; \u00d6rg\u00fct\u00fcn \u0130nsan Boyutu &#8211; \u00d6rg\u00fctsel K\u00fclt\u00fcr ve \u00d6rg\u00fctsel \u0130klim &#8211; \u00d6rg\u00fctsel De\u011fi\u015fme &#8211; Liderlik &#8211; Karar Verme &#8211; \u00d6rg\u00fctlerde \u00c7at\u0131\u015fma &#8211; G\u00fcd\u00fclenme (Motivasyon) &#8211; \u00d6rg\u00fctsel \u0130leti\u015fim &#8211; Okul \u00d6rg\u00fctlerinde S\u0131n\u0131f D\u00fczeyinde \u0130leti\u015fim &#8211; S\u0131n\u0131f \u0130\u00e7i Tart\u0131\u015fmalar\u0131 Y\u00f6nlendirme <\/p>\n","protected":false},"excerpt":{"rendered":"<p>\u0130\u00e7indekiler: &#8211; Y\u00f6netim D\u00fc\u015f\u00fcncesinin Geli\u015fim S\u00fcreci &#8211; \u00d6rg\u00fct\u00fcn \u0130nsan Boyutu &#8211; \u00d6rg\u00fctsel K\u00fclt\u00fcr ve \u00d6rg\u00fctsel \u0130klim &#8211; \u00d6rg\u00fctsel De\u011fi\u015fme &#8211; Liderlik &#8211; Karar Verme &#8211; \u00d6rg\u00fctlerde<span class=\"excerpt-hellip\"> [\u2026]<\/span><\/p>\n","protected":false},"featured_media":0,"template":"","meta":{"_monsterinsights_skip_tracking":false,"_monsterinsights_sitenote_active":false,"_monsterinsights_sitenote_note":"","_monsterinsights_sitenote_category":0},"product_brand":[],"product_cat":[12573,12566],"product_tag":[],"class_list":{"0":"post-702231","1":"product","2":"type-product","3":"status-publish","5":"product_cat-akademik-kitaplar","6":"product_cat-egitim","7":"pa_cilt-ciltsiz","8":"pa_tur-kitap","9":"pa_yayinevi-gazi-kitabevi","10":"pa_yazar-mustafa-aydin","12":"first","13":"instock","14":"sale","15":"shipping-taxable","16":"purchasable","17":"product-type-simple"},"_links":{"self":[{"href":"https:\/\/roveyayinevi.com.tr\/index.php\/wp-json\/wp\/v2\/product\/702231","targetHints":{"allow":["GET"]}}],"collection":[{"href":"https:\/\/roveyayinevi.com.tr\/index.php\/wp-json\/wp\/v2\/product"}],"about":[{"href":"https:\/\/roveyayinevi.com.tr\/index.php\/wp-json\/wp\/v2\/types\/product"}],"wp:attachment":[{"href":"https:\/\/roveyayinevi.com.tr\/index.php\/wp-json\/wp\/v2\/media?parent=702231"}],"wp:term":[{"taxonomy":"product_brand","embeddable":true,"href":"https:\/\/roveyayinevi.com.tr\/index.php\/wp-json\/wp\/v2\/product_brand?post=702231"},{"taxonomy":"product_cat","embeddable":true,"href":"https:\/\/roveyayinevi.com.tr\/index.php\/wp-json\/wp\/v2\/product_cat?post=702231"},{"taxonomy":"product_tag","embeddable":true,"href":"https:\/\/roveyayinevi.com.tr\/index.php\/wp-json\/wp\/v2\/product_tag?post=702231"}],"curies":[{"name":"wp","href":"https:\/\/api.w.org\/{rel}","templated":true}]}}