{"id":702227,"date":"2025-08-27T15:14:41","date_gmt":"2025-08-27T12:14:41","guid":{"rendered":"https:\/\/roveyayinevi.com.tr\/index.php\/urun\/angut\/"},"modified":"2026-04-16T02:11:24","modified_gmt":"2026-04-15T23:11:24","slug":"angut","status":"publish","type":"product","link":"https:\/\/roveyayinevi.com.tr\/index.php\/urun\/angut\/","title":{"rendered":"Angut"},"content":{"rendered":"<p>\u0130yi \u015feyler y\u00fcrekle alg\u0131lan\u0131r. Y\u00fcrek, \u00f6ncelikle korunmal\u0131d\u0131r. \u00c7\u00fcnk\u00fc; her \u015fey ondan kaynaklan\u0131r ve g\u00f6zler a\u00e7\u0131l\u0131r. E\u011fer a\u00e7abilirsek&#8230; Ruh veya y\u00fcrek, ilke ve kal\u0131plara, programlara kar\u015f\u0131l\u0131k vermez. O, \u015fekil de\u011fil tutku arar. Y\u00fcre\u011fi uyand\u0131ran; sanat, \u015fiir, g\u00fczellik, gizem ve co\u015fkudur. Ruhun dili budur. Ak\u0131llar\u0131 me\u015fgul etmekle olmaz, ruhun ele ge\u00e7irilmesi l\u00e2z\u0131m&#8230;<\/p>\n","protected":false},"excerpt":{"rendered":"<p>\u0130yi \u015feyler y\u00fcrekle alg\u0131lan\u0131r. Y\u00fcrek, \u00f6ncelikle korunmal\u0131d\u0131r. \u00c7\u00fcnk\u00fc; her \u015fey ondan kaynaklan\u0131r ve g\u00f6zler a\u00e7\u0131l\u0131r. E\u011fer a\u00e7abilirsek&#8230; Ruh veya y\u00fcrek, ilke ve kal\u0131plara, programlara kar\u015f\u0131l\u0131k vermez.<span class=\"excerpt-hellip\"> [\u2026]<\/span><\/p>\n","protected":false},"featured_media":0,"template":"","meta":{"_monsterinsights_skip_tracking":false,"_monsterinsights_sitenote_active":false,"_monsterinsights_sitenote_note":"","_monsterinsights_sitenote_category":0},"product_brand":[],"product_cat":[12364,12376],"product_tag":[],"class_list":{"0":"post-702227","1":"product","2":"type-product","3":"status-publish","5":"product_cat-genel-konular","6":"product_cat-kisisel-gelisim","7":"pa_cilt-ciltsiz","8":"pa_tur-kitap","9":"pa_yayinevi-inkilap-kitabevi","10":"pa_yazar-osman-pamukoglu","12":"first","13":"instock","14":"sale","15":"shipping-taxable","16":"purchasable","17":"product-type-simple"},"_links":{"self":[{"href":"https:\/\/roveyayinevi.com.tr\/index.php\/wp-json\/wp\/v2\/product\/702227","targetHints":{"allow":["GET"]}}],"collection":[{"href":"https:\/\/roveyayinevi.com.tr\/index.php\/wp-json\/wp\/v2\/product"}],"about":[{"href":"https:\/\/roveyayinevi.com.tr\/index.php\/wp-json\/wp\/v2\/types\/product"}],"wp:attachment":[{"href":"https:\/\/roveyayinevi.com.tr\/index.php\/wp-json\/wp\/v2\/media?parent=702227"}],"wp:term":[{"taxonomy":"product_brand","embeddable":true,"href":"https:\/\/roveyayinevi.com.tr\/index.php\/wp-json\/wp\/v2\/product_brand?post=702227"},{"taxonomy":"product_cat","embeddable":true,"href":"https:\/\/roveyayinevi.com.tr\/index.php\/wp-json\/wp\/v2\/product_cat?post=702227"},{"taxonomy":"product_tag","embeddable":true,"href":"https:\/\/roveyayinevi.com.tr\/index.php\/wp-json\/wp\/v2\/product_tag?post=702227"}],"curies":[{"name":"wp","href":"https:\/\/api.w.org\/{rel}","templated":true}]}}