{"id":702215,"date":"2025-08-27T15:14:37","date_gmt":"2025-08-27T12:14:37","guid":{"rendered":"https:\/\/roveyayinevi.com.tr\/index.php\/urun\/slavoj-zizek\/"},"modified":"2026-04-16T02:11:24","modified_gmt":"2026-04-15T23:11:24","slug":"slavoj-zizek","status":"publish","type":"product","link":"https:\/\/roveyayinevi.com.tr\/index.php\/urun\/slavoj-zizek\/","title":{"rendered":"Slavoj Zizek"},"content":{"rendered":"<p>Slavoj Zizek, felsefeyi, psikanalizi ve siyaseti ayn\u0131 potada, b\u00fcy\u00fck bir ustal\u0131kla eritebilen, s\u0131rad\u0131\u015f\u0131 bir felsefecidir. Yeri gelir, pop\u00fcler k\u00fclt\u00fcr\u00fcn ve g\u00fcndelik hayat\u0131n en baya\u011f\u0131 addedilen yanlar\u0131n\u0131 ciddi bir bak\u0131\u015fla felsefenin tam ortas\u0131na oturtur; yeri gelir, en ciddi konular\u0131 bile mizahi ve i\u011fneleyici bir \u00fcslupla irdeler. Bir an, \u00e7a\u011fda\u015f ya\u015fam\u0131n siyasal kay\u0131ts\u0131zl\u0131\u011f\u0131n\u0131 k\u0131yas\u0131ya ele\u015ftirirken, bir an gelir Viagra&#8217;n\u0131n felsefi temellerini g\u00f6stermeye \u00e7al\u0131\u015fabilir veya bir tavuk taraf\u0131ndan yenece\u011fini d\u00fc\u015f\u00fcnen adam hakk\u0131nda \u015fakalar yapmaya ba\u015flayabilir. Zizek&#8217;in bu kendine has, s\u0131rad\u0131\u015f\u0131 \u00fcslubu, onu hem g\u00fcn\u00fcm\u00fcz\u00fcn en tart\u0131\u015fmal\u0131 felsefecilerinden biri yapmaktad\u0131r hem de bir pop\u00fcler k\u00fclt\u00fcr ikonu haline getirmi\u015ftir. <\/p>\n","protected":false},"excerpt":{"rendered":"<p>Slavoj Zizek, felsefeyi, psikanalizi ve siyaseti ayn\u0131 potada, b\u00fcy\u00fck bir ustal\u0131kla eritebilen, s\u0131rad\u0131\u015f\u0131 bir felsefecidir. Yeri gelir, pop\u00fcler k\u00fclt\u00fcr\u00fcn ve g\u00fcndelik hayat\u0131n en baya\u011f\u0131 addedilen yanlar\u0131n\u0131<span class=\"excerpt-hellip\"> [\u2026]<\/span><\/p>\n","protected":false},"featured_media":0,"template":"","meta":{"_monsterinsights_skip_tracking":false,"_monsterinsights_sitenote_active":false,"_monsterinsights_sitenote_note":"","_monsterinsights_sitenote_category":0},"product_brand":[],"product_cat":[12389,12388],"product_tag":[],"class_list":{"0":"post-702215","1":"product","2":"type-product","3":"status-publish","5":"product_cat-diger-felsefe","6":"product_cat-felsefe","7":"pa_tur-kitap","8":"pa_yayinevi-phoenix-yayinevi","9":"pa_yazar-tony-myers","11":"first","12":"instock","13":"sale","14":"shipping-taxable","15":"purchasable","16":"product-type-simple"},"_links":{"self":[{"href":"https:\/\/roveyayinevi.com.tr\/index.php\/wp-json\/wp\/v2\/product\/702215","targetHints":{"allow":["GET"]}}],"collection":[{"href":"https:\/\/roveyayinevi.com.tr\/index.php\/wp-json\/wp\/v2\/product"}],"about":[{"href":"https:\/\/roveyayinevi.com.tr\/index.php\/wp-json\/wp\/v2\/types\/product"}],"wp:attachment":[{"href":"https:\/\/roveyayinevi.com.tr\/index.php\/wp-json\/wp\/v2\/media?parent=702215"}],"wp:term":[{"taxonomy":"product_brand","embeddable":true,"href":"https:\/\/roveyayinevi.com.tr\/index.php\/wp-json\/wp\/v2\/product_brand?post=702215"},{"taxonomy":"product_cat","embeddable":true,"href":"https:\/\/roveyayinevi.com.tr\/index.php\/wp-json\/wp\/v2\/product_cat?post=702215"},{"taxonomy":"product_tag","embeddable":true,"href":"https:\/\/roveyayinevi.com.tr\/index.php\/wp-json\/wp\/v2\/product_tag?post=702215"}],"curies":[{"name":"wp","href":"https:\/\/api.w.org\/{rel}","templated":true}]}}