{"id":702201,"date":"2025-08-27T15:14:32","date_gmt":"2025-08-27T12:14:32","guid":{"rendered":"https:\/\/roveyayinevi.com.tr\/index.php\/urun\/sosyalizm-ve-ozyonetim-reel-sosyalizmden-sosyalist-realiteye\/"},"modified":"2026-01-29T02:20:51","modified_gmt":"2026-01-28T23:20:51","slug":"sosyalizm-ve-ozyonetim-reel-sosyalizmden-sosyalist-realiteye","status":"publish","type":"product","link":"https:\/\/roveyayinevi.com.tr\/index.php\/urun\/sosyalizm-ve-ozyonetim-reel-sosyalizmden-sosyalist-realiteye\/","title":{"rendered":"Sosyalizm ve \u00d6zy\u00f6netim Reel Sosyalizmden Sosyalist Realiteye"},"content":{"rendered":"<p>Sosyalizm, bir ideoloji; ama bilimle \u00e7eli\u015fmeyen yegane ideoloji: insanl\u0131\u011f\u0131n b\u00fct\u00fcn\u00fcn\u00fc ku\u015fat\u0131yor, ger\u00e7ekli\u011fi \u00e7arp\u0131tmas\u0131 s\u00f6zkonusu de\u011fil; zira emek\u2019i temel al\u0131yor ve emek, \u015fu ya da bu insanlar\u0131n de\u011fil \u2018\u0130nsan\u2019\u0131n, hem tek hem de zorunlu temeli. \u0130nsan, be\u015feri-toplumsal bir varl\u0131k olarak hayat\u0131n\u0131 kendisi \u00fcretiyor. \u00dcretmekse, varedilmek\/ya\u015fanmak istenen hayat par\u00e7as\u0131 ile insan aras\u0131ndaki m\u00fcnferid engelin yap\u0131s\u0131 temelinde bi\u00e7imlenmi\u015f bir \u00e7abay\u0131, \u2018emek\u2019i gerektiriyor. Bu bi\u00e7imleni\u015fe, a\u015f\u0131lacak engelin yap\u0131s\u0131ndan kaynaklananlar d\u0131\u015f\u0131ndaki \u00f6l\u00e7\u00fctlerin de kar\u0131\u015ft\u0131r\u0131ld\u0131\u011f\u0131 anda, ekonomi toplumsal kar\u015f\u0131s\u0131nda \u00f6zerkle\u015fmeye ba\u015fl\u0131yor ve \u2018\u00fcretmek\u2019 hayat\u0131n \u00fcretimi d\u0131\u015f\u0131na kay\u0131yor. Hayat, kendisini \u00fcretenler taraf\u0131ndan belirginli\u011fini yitirdi\u011fi \u00f6l\u00e7\u00fcde ortaya \u00e7\u0131kacak olansa \u2018insanlara h\u00fckmetme sanat\u0131\u2019, yani siyaset; \u00fcstelik, \u00f6zerk ve ayr\u0131cal\u0131kl\u0131 bir \u2018i\u015f\u2019 olarak: \u00e7aban\u0131n bir b\u00f6l\u00fcm\u00fc, art\u0131k kendisini harcayanlar\u0131n hayat\u0131 yerine, tahakk\u00fcm \u00fcretimi \u2018i\u015f\u2019 ine gidiyor. Tahakk\u00fcm\u00fcn varl\u0131ksal temeli emekse, emek s\u00f6m\u00fcr\u00fcs\u00fcn\u00fcn olmad\u0131\u011f\u0131 yerde iktidar ili\u015fkileride olmaz sosyalizm, kimsenin, ne kimseyi s\u00f6m\u00fcrd\u00fc\u011f\u00fc ne de kimseye h\u00fckmetti\u011fi toplumsal durum; dolay\u0131s\u0131yla kom\u00fcnizmin de anar\u015fizmin de, hem kalk\u0131\u015f hem de bulu\u015fma noktas\u0131; tabii e\u011fer \u00f6zy\u00f6netim olarak anla\u015f\u0131l\u0131yorsa&#8230; \u00d6zy\u00f6netim ise, ister nesnelerin y\u00f6netimi olsun isterse de insanlar\u0131n, y\u00f6netim i\u015flevinin hayat\u0131n \u00fcretimi kar\u015f\u0131s\u0131ndaki \u00f6zerk ve ayr\u0131cal\u0131kl\u0131 \u2018i\u015f\u2019 olmaktan \u00e7\u0131kart\u0131lmas\u0131. Proleterliklerinden ibaretmi\u015f farzedilen insanlar\u0131n nihai zaferini hedeflemek yerine, ivmesi insanlar\u0131n proleterle\u015ftirdikleri an ve \u00e7er\u00e7evelerde bulun \u00e7ok y\u00f6nl\u00fc\/mevzili bir strateji; \u2018motto\u2019su da: \u00f6zg\u00fcrl\u00fc\u011f\u00fc bir defada ve b\u00fct\u00fcn zamanlar i\u00e7in garantileyecek hi\u00e7bir rejim yoktur.; zira \u00f6zg\u00fcrl\u00fck, her defas\u0131nda yeniden fethedilmeyi gerektirir (Proudhon) ve sadece kendisini fethedenlerindir. <\/p>\n","protected":false},"excerpt":{"rendered":"<p>Sosyalizm, bir ideoloji; ama bilimle \u00e7eli\u015fmeyen yegane ideoloji: insanl\u0131\u011f\u0131n b\u00fct\u00fcn\u00fcn\u00fc ku\u015fat\u0131yor, ger\u00e7ekli\u011fi \u00e7arp\u0131tmas\u0131 s\u00f6zkonusu de\u011fil; zira emek\u2019i temel al\u0131yor ve emek, \u015fu ya da bu insanlar\u0131n<span class=\"excerpt-hellip\"> [\u2026]<\/span><\/p>\n","protected":false},"featured_media":0,"template":"","meta":{"_monsterinsights_skip_tracking":false,"_monsterinsights_sitenote_active":false,"_monsterinsights_sitenote_note":"","_monsterinsights_sitenote_category":0},"product_brand":[],"product_cat":[12965,12337],"product_tag":[],"class_list":{"0":"post-702201","1":"product","2":"type-product","3":"status-publish","5":"product_cat-genel-politika","6":"product_cat-politika-siyaset","7":"pa_cilt-ciltsiz","8":"pa_tur-kitap","9":"pa_yayinevi-utopya-yayinevi","10":"pa_yazar-kadir-cangizbay","12":"first","13":"instock","14":"sale","15":"shipping-taxable","16":"purchasable","17":"product-type-simple"},"_links":{"self":[{"href":"https:\/\/roveyayinevi.com.tr\/index.php\/wp-json\/wp\/v2\/product\/702201","targetHints":{"allow":["GET"]}}],"collection":[{"href":"https:\/\/roveyayinevi.com.tr\/index.php\/wp-json\/wp\/v2\/product"}],"about":[{"href":"https:\/\/roveyayinevi.com.tr\/index.php\/wp-json\/wp\/v2\/types\/product"}],"wp:attachment":[{"href":"https:\/\/roveyayinevi.com.tr\/index.php\/wp-json\/wp\/v2\/media?parent=702201"}],"wp:term":[{"taxonomy":"product_brand","embeddable":true,"href":"https:\/\/roveyayinevi.com.tr\/index.php\/wp-json\/wp\/v2\/product_brand?post=702201"},{"taxonomy":"product_cat","embeddable":true,"href":"https:\/\/roveyayinevi.com.tr\/index.php\/wp-json\/wp\/v2\/product_cat?post=702201"},{"taxonomy":"product_tag","embeddable":true,"href":"https:\/\/roveyayinevi.com.tr\/index.php\/wp-json\/wp\/v2\/product_tag?post=702201"}],"curies":[{"name":"wp","href":"https:\/\/api.w.org\/{rel}","templated":true}]}}