{"id":702183,"date":"2025-08-27T15:14:26","date_gmt":"2025-08-27T12:14:26","guid":{"rendered":"https:\/\/roveyayinevi.com.tr\/index.php\/urun\/prekarya-yeni-tehlikeli-sinif\/"},"modified":"2026-04-16T02:11:24","modified_gmt":"2026-04-15T23:11:24","slug":"prekarya-yeni-tehlikeli-sinif","status":"publish","type":"product","link":"https:\/\/roveyayinevi.com.tr\/index.php\/urun\/prekarya-yeni-tehlikeli-sinif\/","title":{"rendered":"Prekarya Yeni Tehlikeli S\u0131n\u0131f"},"content":{"rendered":"<p>Prekarya\u2026 Bu \u201cyeni\u201d kelime, yeni zamanlar\u0131n toplumsal ger\u00e7ekli\u011finin \u00e7arp\u0131c\u0131 bir y\u00fcz\u00fcn\u00fc tan\u0131ml\u0131yor: Alabildi\u011fine \u201cesnekle\u015fmi\u015f\u201d bir istihdam rejiminde s\u00fcrekli de\u011fi\u015fen i\u015flerde, adeta hep ge\u00e7ici bir stat\u00fcde \u00e7al\u0131\u015fanlar\u2026 D\u00fczenli olarak d\u00fczensiz i\u015flerde \u00e7al\u0131\u015fanlar\u2026 B\u00fct\u00fcn d\u00fcnyada giderek geni\u015fleyen bu kitleyi \u201c\u00e7al\u0131\u015fan yoksullar\u201d veya \u201cg\u00fcvencesiz i\u015f\u00e7iler\u201d diye tan\u0131mlayanlar da oldu. Guy Standing, prekaryay\u0131 te\u015fhis edebilmek i\u00e7in onlar\u0131n kimliksizli\u011fini g\u00f6z \u00f6n\u00fcne almak gerekti\u011fine dikkat \u00e7ekiyor: Bir gelece\u011fi olmayan ve \u201ctoplumsal haf\u0131zadan yoksun\u201d i\u015flerde \u00e7al\u0131\u015f\u0131yorlar\u2026 Guy Standing\u2019in prekarya olgusu ve kavram\u0131 \u00fczerine referans olan kitab\u0131, \u201cyeni tehlikeli s\u0131n\u0131f\u201d alt ba\u015fl\u0131\u011f\u0131n\u0131 ta\u015f\u0131yor. Bir\u00e7ok d\u00fc\u015f\u00fcn\u00fcr ve sosyal bilimci, prekaryay\u0131 zaman\u0131m\u0131z\u0131n proletaryas\u0131 olarak tan\u0131ml\u0131yor zira. En az\u0131ndan, g\u00fcn\u00fcm\u00fczde prekarya ger\u00e7ekli\u011fini ve kavram\u0131n\u0131 hesaba katmadan i\u015f\u00e7i s\u0131n\u0131f\u0131, proletarya \u00fczerine d\u00fc\u015f\u00fcnmek m\u00fcmk\u00fcn de\u011fil. Standing, \u201ck\u00fcreselle\u015fmenin \u00e7ocu\u011fu\u201d dedi\u011fi prekarya olgusunun olu\u015fumunu, d\u00fcnyas\u0131n\u0131 ve \u00e7eli\u015fkilerini b\u00fcy\u00fck bir sarahatle tasvir ediyor kitab\u0131nda. Prekaryan\u0131n i\u00e7 ayr\u0131mlar\u0131n\u0131, t\u00e2bi oldu\u011fu s\u00f6m\u00fcr\u00fc mekanizmalar\u0131n\u0131 zengin bir \u00f6rnek d\u00f6k\u00fcm\u00fcne dayanarak inceliyor. Yeni bir emek hareketi i\u00e7in ipu\u00e7lar\u0131 \u00e7\u0131kartmaya da yarayan bir analiz bu. \u201cGuy Standing, kullan\u0131m s\u00fcresi ge\u00e7en proletarya ve orta s\u0131n\u0131f terimlerinin yerine prekaryay\u0131 koyarak hedefi on ikiden vuruyor.\u201d Zygmunt Bauman \u201cPrekarya fikrinin teorik ve ampirik a\u00e7\u0131dan eksikleri var fakat do\u011fru anla\u015f\u0131ld\u0131\u011f\u0131nda bir \u00e7o\u011funluk in\u015fa edecek yeni bir radikal projeye temel olu\u015fturabilir.\u201d Richard Seymour<\/p>\n","protected":false},"excerpt":{"rendered":"<p>Prekarya\u2026 Bu \u201cyeni\u201d kelime, yeni zamanlar\u0131n toplumsal ger\u00e7ekli\u011finin \u00e7arp\u0131c\u0131 bir y\u00fcz\u00fcn\u00fc tan\u0131ml\u0131yor: Alabildi\u011fine \u201cesnekle\u015fmi\u015f\u201d bir istihdam rejiminde s\u00fcrekli de\u011fi\u015fen i\u015flerde, adeta hep ge\u00e7ici bir stat\u00fcde \u00e7al\u0131\u015fanlar\u2026<span class=\"excerpt-hellip\"> [\u2026]<\/span><\/p>\n","protected":false},"featured_media":0,"template":"","meta":{"_monsterinsights_skip_tracking":false,"_monsterinsights_sitenote_active":false,"_monsterinsights_sitenote_note":"","_monsterinsights_sitenote_category":0},"product_brand":[],"product_cat":[12965,12337],"product_tag":[],"class_list":{"0":"post-702183","1":"product","2":"type-product","3":"status-publish","5":"product_cat-genel-politika","6":"product_cat-politika-siyaset","7":"pa_cilt-ciltsiz","8":"pa_tur-kitap","9":"pa_yayinevi-iletisim-yayinlari","10":"pa_yazar-guy-standing","12":"first","13":"instock","14":"sale","15":"shipping-taxable","16":"purchasable","17":"product-type-simple"},"_links":{"self":[{"href":"https:\/\/roveyayinevi.com.tr\/index.php\/wp-json\/wp\/v2\/product\/702183","targetHints":{"allow":["GET"]}}],"collection":[{"href":"https:\/\/roveyayinevi.com.tr\/index.php\/wp-json\/wp\/v2\/product"}],"about":[{"href":"https:\/\/roveyayinevi.com.tr\/index.php\/wp-json\/wp\/v2\/types\/product"}],"wp:attachment":[{"href":"https:\/\/roveyayinevi.com.tr\/index.php\/wp-json\/wp\/v2\/media?parent=702183"}],"wp:term":[{"taxonomy":"product_brand","embeddable":true,"href":"https:\/\/roveyayinevi.com.tr\/index.php\/wp-json\/wp\/v2\/product_brand?post=702183"},{"taxonomy":"product_cat","embeddable":true,"href":"https:\/\/roveyayinevi.com.tr\/index.php\/wp-json\/wp\/v2\/product_cat?post=702183"},{"taxonomy":"product_tag","embeddable":true,"href":"https:\/\/roveyayinevi.com.tr\/index.php\/wp-json\/wp\/v2\/product_tag?post=702183"}],"curies":[{"name":"wp","href":"https:\/\/api.w.org\/{rel}","templated":true}]}}