{"id":702182,"date":"2025-08-27T15:14:26","date_gmt":"2025-08-27T12:14:26","guid":{"rendered":"https:\/\/roveyayinevi.com.tr\/index.php\/urun\/dil-edinimi\/"},"modified":"2026-04-16T02:11:24","modified_gmt":"2026-04-15T23:11:24","slug":"dil-edinimi","status":"publish","type":"product","link":"https:\/\/roveyayinevi.com.tr\/index.php\/urun\/dil-edinimi\/","title":{"rendered":"Dil Edinimi"},"content":{"rendered":"<p>Elinizdeki kaynak, \u00fclkemizdeki yabanc\u0131 dil e\u011fitimi veren kurumlara, sonras\u0131nda ise dil edinimi alan\u0131 ile \u00e7e\u015fitli y\u00f6nlerden ilgilenen bireylere yol g\u00f6sterici olabilmesi amac\u0131yla olu\u015fturulmu\u015ftur. Bu do\u011frultuda \u00f6zellikle T\u00fcrk\u00e7e alan yaz\u0131ndaki kaynak eksikli\u011fi dikkate al\u0131narak, kitab\u0131n dilinin T\u00fcrk\u00e7e olmas\u0131 kararla\u015ft\u0131r\u0131lm\u0131\u015f, dil edinimi alan\u0131yla ilgili olan herkesin bilgi edinebilmesi hedeflenmi\u015ftir. Dil ediniminin kendine \u00f6zg\u00fc do\u011fas\u0131 birincil olarak anadili edinimi s\u00fcrecine de\u011finilerek aktar\u0131lmaya \u00e7al\u0131\u015f\u0131lm\u0131\u015ft\u0131r. Anadili ediniminde \u00e7ocuk olgusunun \u00f6neminden yola \u00e7\u0131karak, \u00e7ocu\u011fun geli\u015fimsel evreleri betimlenmi\u015f, bununla birlikte kitab\u0131n 1. B\u00f6l\u00fcm\u00fcnde anadili edinim kuramlar\u0131 okuyucuyu s\u0131kmadan, daha anla\u015f\u0131l\u0131r bir bi\u00e7imde sunulmaya \u00e7al\u0131\u015f\u0131lm\u0131\u015ft\u0131r. \u00d6zellikle anadili edinimini betimlemede yol g\u00f6sterici olan kuram ve kuramc\u0131lar ile \u00e7e\u015fitli g\u00f6r\u00fc\u015f ve varsay\u0131mlar\u0131n alana getirdikleri temel kavramlar a\u00e7\u0131klanarak ikinci dil edinimi s\u00fcreci ile de benzerlikleri ortaya konmu\u015ftur. B\u00f6ylelikle okuyucunun kar\u015f\u0131la\u015ft\u0131rma yapabilmesi hedeflenmi\u015ftir. <\/p>\n","protected":false},"excerpt":{"rendered":"<p>Elinizdeki kaynak, \u00fclkemizdeki yabanc\u0131 dil e\u011fitimi veren kurumlara, sonras\u0131nda ise dil edinimi alan\u0131 ile \u00e7e\u015fitli y\u00f6nlerden ilgilenen bireylere yol g\u00f6sterici olabilmesi amac\u0131yla olu\u015fturulmu\u015ftur. Bu do\u011frultuda \u00f6zellikle<span class=\"excerpt-hellip\"> [\u2026]<\/span><\/p>\n","protected":false},"featured_media":0,"template":"","meta":{"_monsterinsights_skip_tracking":false,"_monsterinsights_sitenote_active":false,"_monsterinsights_sitenote_note":"","_monsterinsights_sitenote_category":0},"product_brand":[],"product_cat":[12312,12304],"product_tag":[],"class_list":{"0":"post-702182","1":"product","2":"type-product","3":"status-publish","5":"product_cat-diger","6":"product_cat-tarih","7":"pa_cilt-ciltsiz","8":"pa_tur-kitap","9":"pa_yayinevi-ani-yayincilik","10":"pa_yazar-emre-guvendir","12":"first","13":"instock","14":"sale","15":"shipping-taxable","16":"purchasable","17":"product-type-simple"},"_links":{"self":[{"href":"https:\/\/roveyayinevi.com.tr\/index.php\/wp-json\/wp\/v2\/product\/702182","targetHints":{"allow":["GET"]}}],"collection":[{"href":"https:\/\/roveyayinevi.com.tr\/index.php\/wp-json\/wp\/v2\/product"}],"about":[{"href":"https:\/\/roveyayinevi.com.tr\/index.php\/wp-json\/wp\/v2\/types\/product"}],"wp:attachment":[{"href":"https:\/\/roveyayinevi.com.tr\/index.php\/wp-json\/wp\/v2\/media?parent=702182"}],"wp:term":[{"taxonomy":"product_brand","embeddable":true,"href":"https:\/\/roveyayinevi.com.tr\/index.php\/wp-json\/wp\/v2\/product_brand?post=702182"},{"taxonomy":"product_cat","embeddable":true,"href":"https:\/\/roveyayinevi.com.tr\/index.php\/wp-json\/wp\/v2\/product_cat?post=702182"},{"taxonomy":"product_tag","embeddable":true,"href":"https:\/\/roveyayinevi.com.tr\/index.php\/wp-json\/wp\/v2\/product_tag?post=702182"}],"curies":[{"name":"wp","href":"https:\/\/api.w.org\/{rel}","templated":true}]}}