{"id":702153,"date":"2025-08-27T15:14:15","date_gmt":"2025-08-27T12:14:15","guid":{"rendered":"https:\/\/roveyayinevi.com.tr\/index.php\/urun\/calisma-hukukunda-esitlik-ve-ayrimcilik\/"},"modified":"2026-04-16T02:11:23","modified_gmt":"2026-04-15T23:11:23","slug":"calisma-hukukunda-esitlik-ve-ayrimcilik","status":"publish","type":"product","link":"https:\/\/roveyayinevi.com.tr\/index.php\/urun\/calisma-hukukunda-esitlik-ve-ayrimcilik\/","title":{"rendered":"\u00c7al\u0131\u015fma Hukukunda E\u015fitlik ve Ayr\u0131mc\u0131l\u0131k"},"content":{"rendered":"<p>&#8221;Ayr\u0131m&#8221; deyimi; Irk, renk, cinsiyet, din, siyasal inan\u00e7, ulusal veya sosyal men\u015fe bak\u0131m\u0131ndan yap\u0131lan i\u015f veya meslek edinmede veya edinilen i\u015f veya meslekte tabi olunacak muamelede e\u015fitli\u011fi yok edici veya bozucu etkisi olan her t\u00fcrl\u00fc ayr\u0131l\u0131k g\u00f6zetme, ayr\u0131 tutma veya \u00fcst\u00fcn tutmay\u0131&#8230;&#8230;ifade eder.&#8221; (Ilo,111 Nolu S\u00f6zle\u015fme md.1) <\/p>\n","protected":false},"excerpt":{"rendered":"<p>&#8221;Ayr\u0131m&#8221; deyimi; Irk, renk, cinsiyet, din, siyasal inan\u00e7, ulusal veya sosyal men\u015fe bak\u0131m\u0131ndan yap\u0131lan i\u015f veya meslek edinmede veya edinilen i\u015f veya meslekte tabi olunacak muamelede<span class=\"excerpt-hellip\"> [\u2026]<\/span><\/p>\n","protected":false},"featured_media":0,"template":"","meta":{"_monsterinsights_skip_tracking":false,"_monsterinsights_sitenote_active":false,"_monsterinsights_sitenote_note":"","_monsterinsights_sitenote_category":0},"product_brand":[],"product_cat":[15351,15350],"product_tag":[],"class_list":{"0":"post-702153","1":"product","2":"type-product","3":"status-publish","5":"product_cat-ders-kitaplari","6":"product_cat-hukuk","7":"pa_tur-kitap","8":"pa_yayinevi-siyasal-kitabevi-akademik-kitaplar","9":"pa_yazar-pir-ali-kaya","11":"first","12":"instock","13":"sale","14":"shipping-taxable","15":"purchasable","16":"product-type-simple"},"_links":{"self":[{"href":"https:\/\/roveyayinevi.com.tr\/index.php\/wp-json\/wp\/v2\/product\/702153","targetHints":{"allow":["GET"]}}],"collection":[{"href":"https:\/\/roveyayinevi.com.tr\/index.php\/wp-json\/wp\/v2\/product"}],"about":[{"href":"https:\/\/roveyayinevi.com.tr\/index.php\/wp-json\/wp\/v2\/types\/product"}],"wp:attachment":[{"href":"https:\/\/roveyayinevi.com.tr\/index.php\/wp-json\/wp\/v2\/media?parent=702153"}],"wp:term":[{"taxonomy":"product_brand","embeddable":true,"href":"https:\/\/roveyayinevi.com.tr\/index.php\/wp-json\/wp\/v2\/product_brand?post=702153"},{"taxonomy":"product_cat","embeddable":true,"href":"https:\/\/roveyayinevi.com.tr\/index.php\/wp-json\/wp\/v2\/product_cat?post=702153"},{"taxonomy":"product_tag","embeddable":true,"href":"https:\/\/roveyayinevi.com.tr\/index.php\/wp-json\/wp\/v2\/product_tag?post=702153"}],"curies":[{"name":"wp","href":"https:\/\/api.w.org\/{rel}","templated":true}]}}