{"id":702144,"date":"2025-08-27T15:14:12","date_gmt":"2025-08-27T12:14:12","guid":{"rendered":"https:\/\/roveyayinevi.com.tr\/index.php\/urun\/mucizeleri-saymak\/"},"modified":"2026-04-16T02:11:23","modified_gmt":"2026-04-15T23:11:23","slug":"mucizeleri-saymak","status":"publish","type":"product","link":"https:\/\/roveyayinevi.com.tr\/index.php\/urun\/mucizeleri-saymak\/","title":{"rendered":"Mucizeleri Saymak"},"content":{"rendered":"<p>Gen\u00e7 Willow Chance ya\u015f\u0131tlar\u0131ndan olduk\u00e7a farkl\u0131 ve b\u00f6yle olmakla ilgili pek bir derdi yok. O, hayat\u0131ndaki tu?m \u00f6nemli \u015feylerde parma\u011f\u0131n\u0131n oldu\u011funa inand\u0131\u011f\u0131 7 say\u0131s\u0131na tak\u0131nt\u0131l\u0131, \u00e7i\u00e7ekli elbiseler yerine botanik bah\u00e7esi sahibi olmay\u0131 tercih eden, \u00e7akt\u0131rmadan insanlar\u0131 inceleyip t\u0131bbi te\u015fhisler koyan bir d\u00e2hi. Bu ola\u011fanustu? tuhaf ama ayn\u0131 zamanda ola\u011fanustu? sevimli k\u0131z\u0131n hayat\u0131, anne babas\u0131n\u0131 bir trafik kazas\u0131nda kaybetmesiyle sars\u0131l\u0131yor. Yeniden ba\u015flayacak&#8230; ve yolculu\u011fu ona e\u015flik edecek e\u015fsiz karakterlerle dolu. Gerisi, gundelik mucizeler.  2013 y\u0131l\u0131nda New York Times \u00e7oksatanlar listesine giren ve pek \u00e7ok dile \u00e7evrilen Mucizeleri Saymak, hayat\u0131n g\u00f6rkemini kutlayan, \u015fa\u015f\u0131rt\u0131c\u0131, e\u011flenceli, nefis bir d\u00f6nu\u015fum \u00f6ykusu?. \u0130zin verin, Willow Chance size de iyi gelsin. &#8220;Hayat\u0131m boyunca unutmayaca\u011f\u0131m, muhte\u015fem, komik, insan\u0131n yure\u011fini \u0131s\u0131tan bir roman&#8221; -Maria Semple, &#8220;Neredesin Bernadette&#8221;in yazar\u0131- &#8220;&#8230; ilham verici&#8221; -Publisher&#8217;s Weekly- <\/p>\n","protected":false},"excerpt":{"rendered":"<p>Gen\u00e7 Willow Chance ya\u015f\u0131tlar\u0131ndan olduk\u00e7a farkl\u0131 ve b\u00f6yle olmakla ilgili pek bir derdi yok. O, hayat\u0131ndaki tu?m \u00f6nemli \u015feylerde parma\u011f\u0131n\u0131n oldu\u011funa inand\u0131\u011f\u0131 7 say\u0131s\u0131na tak\u0131nt\u0131l\u0131, \u00e7i\u00e7ekli<span class=\"excerpt-hellip\"> [\u2026]<\/span><\/p>\n","protected":false},"featured_media":0,"template":"","meta":{"_monsterinsights_skip_tracking":false,"_monsterinsights_sitenote_active":false,"_monsterinsights_sitenote_note":"","_monsterinsights_sitenote_category":0},"product_brand":[],"product_cat":[12718,18102,12719],"product_tag":[],"class_list":{"0":"post-702144","1":"product","2":"type-product","3":"status-publish","5":"product_cat-din","6":"product_cat-edebiyat-roman","7":"product_cat-islam","8":"pa_cilt-ciltsiz","9":"pa_tur-kitap","10":"pa_yayinevi-domingo-yayinevi","11":"pa_yazar-holly-goldberg-sloan","13":"first","14":"instock","15":"sale","16":"shipping-taxable","17":"purchasable","18":"product-type-simple"},"_links":{"self":[{"href":"https:\/\/roveyayinevi.com.tr\/index.php\/wp-json\/wp\/v2\/product\/702144","targetHints":{"allow":["GET"]}}],"collection":[{"href":"https:\/\/roveyayinevi.com.tr\/index.php\/wp-json\/wp\/v2\/product"}],"about":[{"href":"https:\/\/roveyayinevi.com.tr\/index.php\/wp-json\/wp\/v2\/types\/product"}],"wp:attachment":[{"href":"https:\/\/roveyayinevi.com.tr\/index.php\/wp-json\/wp\/v2\/media?parent=702144"}],"wp:term":[{"taxonomy":"product_brand","embeddable":true,"href":"https:\/\/roveyayinevi.com.tr\/index.php\/wp-json\/wp\/v2\/product_brand?post=702144"},{"taxonomy":"product_cat","embeddable":true,"href":"https:\/\/roveyayinevi.com.tr\/index.php\/wp-json\/wp\/v2\/product_cat?post=702144"},{"taxonomy":"product_tag","embeddable":true,"href":"https:\/\/roveyayinevi.com.tr\/index.php\/wp-json\/wp\/v2\/product_tag?post=702144"}],"curies":[{"name":"wp","href":"https:\/\/api.w.org\/{rel}","templated":true}]}}